{"id":10165,"date":"2023-11-05T17:28:58","date_gmt":"2023-11-05T17:28:58","guid":{"rendered":"https:\/\/nishiki-cycle.com\/demo\/?post_type=product&#038;p=10165"},"modified":"2023-12-09T16:21:17","modified_gmt":"2023-12-09T16:21:17","slug":"rolex-datejust-41mm-chocolate-dial-126331-0004","status":"publish","type":"product","link":"https:\/\/nishiki-cycle.com\/demo\/san-pham\/rolex-datejust-41mm-chocolate-dial-126331-0004\/","title":{"rendered":"Rolex Datejust 41mm Chocolate Dial 126331-0004"},"content":{"rendered":"<p><img fetchpriority=\"high\" decoding=\"async\" class=\"size-medium wp-image-10166 aligncenter\" src=\"https:\/\/nishiki-cycle.com\/demo\/wp-content\/uploads\/2023\/11\/ROLEX-DATEJUST-41MM-CHOCOLATE-DIAL-126331-0004-187x300.jpg\" alt=\"\" width=\"187\" height=\"300\" srcset=\"https:\/\/nishiki-cycle.com\/demo\/wp-content\/uploads\/2023\/11\/ROLEX-DATEJUST-41MM-CHOCOLATE-DIAL-126331-0004-187x300.jpg 187w, https:\/\/nishiki-cycle.com\/demo\/wp-content\/uploads\/2023\/11\/ROLEX-DATEJUST-41MM-CHOCOLATE-DIAL-126331-0004.jpg 412w\" sizes=\"(max-width: 187px) 100vw, 187px\" \/><\/p>\n<p>Rolex Datejust 41mm Chocolate Dial 126331-0004 lu\u00f4n khi\u1ebfn cho nh\u1eefng ai s\u1edf h\u1eefu n\u00f3 \u0111\u1ec1u nh\u01b0 b\u01b0\u1edbc l\u00ean m\u1ed9t \u0111\u1eb3ng c\u1ea5p m\u1edbi danh gi\u00e1, cao qu\u00fd v\u00e0 sang tr\u1ecdng h\u01a1n bao gi\u1edd h\u1ebft.<\/p>\n<p>Bao b\u1ecdc l\u1ea5y ph\u1ea7n m\u1eb7t s\u1ed1 l\u00e0 b\u1ed9 v\u1ecf Oyster Steel, kh\u1ea3 n\u0103ng ch\u1ed1ng n\u01b0\u1edbc d\u00f9 \u1edf \u0111\u1ed9 s\u00e2u l\u00ean t\u1edbi 100m. V\u00e0nh \u0111\u1ed3ng h\u1ed3 thi\u1ebft k\u1ebf ch\u1ea3i tia b\u1eb1ng v\u00e0ng h\u1ed3ng 18k Everose tr\u1ee9 danh. Khi nh\u00ecn v\u00e0o hi\u1ec7u \u1ee9ng c\u1ee7a l\u1edbp ph\u1ee7 tia m\u1eb7t tr\u1eddi k\u1ebft h\u1ee3p s\u1ef1 ph\u1ea3n chi\u1ebfu \u00e1nh s\u00e1ng tinh t\u1ebf tr\u00ean nhi\u1ec1u m\u1eb7t s\u1ed1 t\u1ea1o ra \u00e1nh s\u00e1ng huy\u1ec1n \u1ea3o \u0111\u1eb7c tr\u01b0ng di chuy\u1ec3n t\u00f9y thu\u1ed9c v\u00e0o v\u1ecb tr\u00ed c\u1ee7a c\u1ed5 tay.<\/p>\n<p>Tr\u00f2ng Cyclops hi\u1ec3n th\u1ecb ng\u00e0y v\u00e0 d\u00e2y \u0111eo Jubilee m\u1ed1i n\u1ed1i n\u0103m m\u1ea3nh. T\u1ea5t c\u1ea3, t\u1ea5t c\u1ea3 t\u1ea1o n\u00ean m\u1ed9t s\u1ea3n ph\u1ea9m mang v\u1ebb \u0111\u1eb9p th\u1ea9m m\u1ef9 v\u01b0\u1ee3t th\u1eddi gian bi\u1ebfn chi\u1ebfc \u0111\u1ed3ng h\u1ed3 Rolex Datejust 41mm Chocolate Dial 126331-0004 tr\u1edf th\u00e0nh bi\u1ec3u t\u01b0\u1ee3ng c\u1ee7a d\u00f2ng \u0111\u1ed3ng h\u1ed3 c\u1ed5 \u0111i\u1ec3n l\u00fac b\u1ea5y gi\u1edd.<\/p>\n<p>B\u1ed9 m\u00e1y b\u00ean trong chi\u1ebfc \u0111\u1ed3ng h\u1ed3 Rolex Datejust 41mm Chocolate Dial 126331-0004 \u0111\u01b0\u1ee3c nh\u00e0 s\u1ea3n xu\u1ea5t trang b\u1ecb m\u00e1y Caliber 3235. V\u1edbi nh\u1eefng ai ch\u01b0a bi\u1ebft, \u0111\u00e2y l\u00e0 b\u1ed9 chuy\u1ec3n \u0111\u1ed9ng c\u01a1 ch\u1ebf t\u1ef1 l\u00ean d\u00e2y c\u00f3t d\u00e0nh cho \u0111\u1ed3ng h\u1ed3 \u0111eo tay do ch\u00ednh h\u00e3ng Rolex\u00a0nghi\u00ean c\u1ee9u, ph\u00e1t tri\u1ec3n v\u00e0 s\u1ea3n xu\u1ea5t. C\u1ed7 m\u00e1y c\u01a1 h\u1ecdc n\u00e0y \u0111\u00e3 gi\u00fap cho chi\u1ebfc \u0111\u1ed3ng h\u1ed3 v\u1eadn h\u00e0nh ch\u00ednh x\u00e1c h\u01a1n, gi\u1ea3m x\u00f3c \u1ea5n t\u01b0\u1ee3ng h\u01a1n, v\u00e0 m\u1ee9c d\u1ef1 tr\u1eef n\u0103ng l\u01b0\u1ee3ng c\u0169ng \u01b0u vi\u1ec7c h\u01a1n l\u00ean \u0111\u1ebfn 70 gi\u1edd.<\/p>\n<p><strong>Th\u00f4ng s\u1ed1 k\u1ef9 thu\u1eadt<\/strong><\/p>\n<ul class=\"list-unstyled\">\n<li><strong>C\u01a1 ch\u1ebf m\u00e1y :<\/strong>\u00a0Automatic<\/li>\n<li><strong>K\u00edch th\u01b0\u1edbc :<\/strong>\u00a041mm<\/li>\n<li><strong>Ch\u1ee9c n\u0103ng :<\/strong>\u00a0Ng\u00e0y, gi\u1edd, ph\u00fat, gi\u00e2y<\/li>\n<li><strong>D\u00e2y \u0111eo :<\/strong>\u00a0Demi Rose Gold<\/li>\n<li><strong>T\u00ecnh tr\u1ea1ng :<\/strong>\u00a0Brand New<\/li>\n<li><strong>Ref :<\/strong>\u00a0126331-0004<\/li>\n<li><strong>Phong c\u00e1ch :<\/strong>\u00a0Classic<\/li>\n<li><strong>D\u1ef1 tr\u1eef c\u00f3t :<\/strong>\u00a070H<\/li>\n<li><strong>M\u1eb7t \u0111\u1ed3ng h\u1ed3 :<\/strong>\u00a0Sapphire<\/li>\n<li><strong>Kh\u1ea3 n\u0103ng ch\u1ed1ng n\u01b0\u1edbc :<\/strong>\u00a010 ATM<\/li>\n<li><strong>Ch\u1ea5t li\u1ec7u v\u1ecf :<\/strong>\u00a0Demi Rose Gold<\/li>\n<\/ul>\n","protected":false},"excerpt":{"rendered":"<ul class=\"list-unstyled\">\n<li><strong>T\u00ecnh tr\u1ea1ng :<\/strong>\u00a0\u0110ang c\u00f2n h\u00e0ng<\/li>\n<li><strong>H\u00e3ng s\u1ea3n xu\u1ea5t :<\/strong>\u00a077<\/li>\n<li><strong>Nam\/N\u1eef :<\/strong>\u00a0Nam<\/li>\n<li><strong>C\u01a1 ch\u1ebf m\u00e1y :<\/strong>\u00a0Automatic<\/li>\n<li><strong>K\u00edch th\u01b0\u1edbc :<\/strong>\u00a041mm<\/li>\n<li><strong>Ch\u1ee9c n\u0103ng :<\/strong>\u00a0Ng\u00e0y, gi\u1edd, ph\u00fat, gi\u00e2y<\/li>\n<li><strong>D\u00e2y \u0111eo :<\/strong>\u00a0Demi Rose Gold<\/li>\n<li><strong>T\u00ecnh tr\u1ea1ng :<\/strong>\u00a0Brand New<\/li>\n<li><strong>Ref :<\/strong>\u00a0126331-0004<\/li>\n<li><strong>Phong c\u00e1ch :<\/strong>\u00a0Classic<\/li>\n<li><strong>D\u1ef1 tr\u1eef c\u00f3t :<\/strong>\u00a070H<\/li>\n<li><strong>M\u1eb7t \u0111\u1ed3ng h\u1ed3 :<\/strong>\u00a0Sapphire<\/li>\n<li><strong>Kh\u1ea3 n\u0103ng ch\u1ed1ng n\u01b0\u1edbc :<\/strong>\u00a010 ATM<\/li>\n<li><strong>Ch\u1ea5t li\u1ec7u v\u1ecf :<\/strong>\u00a0Demi Rose Gold<\/li>\n<\/ul>\n","protected":false},"featured_media":10723,"comment_status":"open","ping_status":"closed","template":"","meta":[],"product_cat":[195,319],"product_tag":[],"class_list":["post-10165","product","type-product","status-publish","has-post-thumbnail","hentry","product_cat-mens-watches","product_cat-rolex","product_brand-rolex"],"yoast_head":"<!-- This site is optimized with the Yoast SEO plugin v21.6 - https:\/\/yoast.com\/wordpress\/plugins\/seo\/ -->\n<title>Rolex Datejust 41mm Chocolate Dial 126331-0004 - Phoenix Luxury<\/title>\n<meta name=\"description\" content=\"Rolex Datejust 41mm Chocolate Dial 126331-0004 lu\u00f4n khi\u1ebfn cho nh\u1eefng ai s\u1edf h\u1eefu n\u00f3 \u0111\u1ec1u nh\u01b0 b\u01b0\u1edbc l\u00ean m\u1ed9t \u0111\u1eb3ng c\u1ea5p m\u1edbi cao qu\u00fd v\u00e0 sang tr\u1ecdng h\u01a1n bao gi\u1edd h\u1ebft\" \/>\n<meta name=\"robots\" content=\"index, follow, max-snippet:-1, max-image-preview:large, max-video-preview:-1\" \/>\n<link rel=\"canonical\" href=\"https:\/\/nishiki-cycle.com\/demo\/san-pham\/rolex-datejust-41mm-chocolate-dial-126331-0004\/\" \/>\n<meta property=\"og:locale\" content=\"vi_VN\" \/>\n<meta property=\"og:type\" content=\"article\" \/>\n<meta property=\"og:title\" content=\"Rolex Datejust 41mm Chocolate Dial 126331-0004 - Phoenix Luxury\" \/>\n<meta property=\"og:description\" content=\"Rolex Datejust 41mm Chocolate Dial 126331-0004 lu\u00f4n khi\u1ebfn cho nh\u1eefng ai s\u1edf h\u1eefu n\u00f3 \u0111\u1ec1u nh\u01b0 b\u01b0\u1edbc l\u00ean m\u1ed9t \u0111\u1eb3ng c\u1ea5p m\u1edbi cao qu\u00fd v\u00e0 sang tr\u1ecdng h\u01a1n bao gi\u1edd h\u1ebft\" \/>\n<meta property=\"og:url\" content=\"https:\/\/nishiki-cycle.com\/demo\/san-pham\/rolex-datejust-41mm-chocolate-dial-126331-0004\/\" \/>\n<meta property=\"og:site_name\" content=\"Phoenix Luxury\" \/>\n<meta property=\"article:modified_time\" content=\"2023-12-09T16:21:17+00:00\" \/>\n<meta property=\"og:image\" content=\"https:\/\/nishiki-cycle.com\/demo\/wp-content\/uploads\/2023\/11\/ROLEX-DATEJUST-41MM-CHOCOLATE-DIAL-126331-0004.png\" \/>\n\t<meta property=\"og:image:width\" content=\"900\" \/>\n\t<meta property=\"og:image:height\" content=\"900\" \/>\n\t<meta property=\"og:image:type\" content=\"image\/png\" \/>\n<meta name=\"twitter:card\" content=\"summary_large_image\" \/>\n<meta name=\"twitter:label1\" content=\"\u01af\u1edbc t\u00ednh th\u1eddi gian \u0111\u1ecdc\" \/>\n\t<meta name=\"twitter:data1\" content=\"2 ph\u00fat\" \/>\n<script type=\"application\/ld+json\" class=\"yoast-schema-graph\">{\"@context\":\"https:\/\/schema.org\",\"@graph\":[{\"@type\":\"WebPage\",\"@id\":\"https:\/\/nishiki-cycle.com\/demo\/san-pham\/rolex-datejust-41mm-chocolate-dial-126331-0004\/\",\"url\":\"https:\/\/nishiki-cycle.com\/demo\/san-pham\/rolex-datejust-41mm-chocolate-dial-126331-0004\/\",\"name\":\"Rolex Datejust 41mm Chocolate Dial 126331-0004 - Phoenix Luxury\",\"isPartOf\":{\"@id\":\"https:\/\/nishiki-cycle.com\/demo\/#website\"},\"datePublished\":\"2023-11-05T17:28:58+00:00\",\"dateModified\":\"2023-12-09T16:21:17+00:00\",\"description\":\"Rolex Datejust 41mm Chocolate Dial 126331-0004 lu\u00f4n khi\u1ebfn cho nh\u1eefng ai s\u1edf h\u1eefu n\u00f3 \u0111\u1ec1u nh\u01b0 b\u01b0\u1edbc l\u00ean m\u1ed9t \u0111\u1eb3ng c\u1ea5p m\u1edbi cao qu\u00fd v\u00e0 sang tr\u1ecdng h\u01a1n bao gi\u1edd h\u1ebft\",\"breadcrumb\":{\"@id\":\"https:\/\/nishiki-cycle.com\/demo\/san-pham\/rolex-datejust-41mm-chocolate-dial-126331-0004\/#breadcrumb\"},\"inLanguage\":\"vi\",\"potentialAction\":[{\"@type\":\"ReadAction\",\"target\":[\"https:\/\/nishiki-cycle.com\/demo\/san-pham\/rolex-datejust-41mm-chocolate-dial-126331-0004\/\"]}]},{\"@type\":\"BreadcrumbList\",\"@id\":\"https:\/\/nishiki-cycle.com\/demo\/san-pham\/rolex-datejust-41mm-chocolate-dial-126331-0004\/#breadcrumb\",\"itemListElement\":[{\"@type\":\"ListItem\",\"position\":1,\"name\":\"Trang ch\u1ee7\",\"item\":\"https:\/\/nishiki-cycle.com\/demo\/\"},{\"@type\":\"ListItem\",\"position\":2,\"name\":\"C\u1eeda h\u00e0ng\",\"item\":\"https:\/\/nishiki-cycle.com\/demo\/cua-hang\/\"},{\"@type\":\"ListItem\",\"position\":3,\"name\":\"Rolex Datejust 41mm Chocolate Dial 126331-0004\"}]},{\"@type\":\"WebSite\",\"@id\":\"https:\/\/nishiki-cycle.com\/demo\/#website\",\"url\":\"https:\/\/nishiki-cycle.com\/demo\/\",\"name\":\"Phoenix Luxury\",\"description\":\"\",\"potentialAction\":[{\"@type\":\"SearchAction\",\"target\":{\"@type\":\"EntryPoint\",\"urlTemplate\":\"https:\/\/nishiki-cycle.com\/demo\/?s={search_term_string}\"},\"query-input\":\"required name=search_term_string\"}],\"inLanguage\":\"vi\"}]}<\/script>\n<!-- \/ Yoast SEO plugin. -->","yoast_head_json":{"title":"Rolex Datejust 41mm Chocolate Dial 126331-0004 - Phoenix Luxury","description":"Rolex Datejust 41mm Chocolate Dial 126331-0004 lu\u00f4n khi\u1ebfn cho nh\u1eefng ai s\u1edf h\u1eefu n\u00f3 \u0111\u1ec1u nh\u01b0 b\u01b0\u1edbc l\u00ean m\u1ed9t \u0111\u1eb3ng c\u1ea5p m\u1edbi cao qu\u00fd v\u00e0 sang tr\u1ecdng h\u01a1n bao gi\u1edd h\u1ebft","robots":{"index":"index","follow":"follow","max-snippet":"max-snippet:-1","max-image-preview":"max-image-preview:large","max-video-preview":"max-video-preview:-1"},"canonical":"https:\/\/nishiki-cycle.com\/demo\/san-pham\/rolex-datejust-41mm-chocolate-dial-126331-0004\/","og_locale":"vi_VN","og_type":"article","og_title":"Rolex Datejust 41mm Chocolate Dial 126331-0004 - Phoenix Luxury","og_description":"Rolex Datejust 41mm Chocolate Dial 126331-0004 lu\u00f4n khi\u1ebfn cho nh\u1eefng ai s\u1edf h\u1eefu n\u00f3 \u0111\u1ec1u nh\u01b0 b\u01b0\u1edbc l\u00ean m\u1ed9t \u0111\u1eb3ng c\u1ea5p m\u1edbi cao qu\u00fd v\u00e0 sang tr\u1ecdng h\u01a1n bao gi\u1edd h\u1ebft","og_url":"https:\/\/nishiki-cycle.com\/demo\/san-pham\/rolex-datejust-41mm-chocolate-dial-126331-0004\/","og_site_name":"Phoenix Luxury","article_modified_time":"2023-12-09T16:21:17+00:00","og_image":[{"width":900,"height":900,"url":"https:\/\/nishiki-cycle.com\/demo\/wp-content\/uploads\/2023\/11\/ROLEX-DATEJUST-41MM-CHOCOLATE-DIAL-126331-0004.png","type":"image\/png"}],"twitter_card":"summary_large_image","twitter_misc":{"\u01af\u1edbc t\u00ednh th\u1eddi gian \u0111\u1ecdc":"2 ph\u00fat"},"schema":{"@context":"https:\/\/schema.org","@graph":[{"@type":"WebPage","@id":"https:\/\/nishiki-cycle.com\/demo\/san-pham\/rolex-datejust-41mm-chocolate-dial-126331-0004\/","url":"https:\/\/nishiki-cycle.com\/demo\/san-pham\/rolex-datejust-41mm-chocolate-dial-126331-0004\/","name":"Rolex Datejust 41mm Chocolate Dial 126331-0004 - Phoenix Luxury","isPartOf":{"@id":"https:\/\/nishiki-cycle.com\/demo\/#website"},"datePublished":"2023-11-05T17:28:58+00:00","dateModified":"2023-12-09T16:21:17+00:00","description":"Rolex Datejust 41mm Chocolate Dial 126331-0004 lu\u00f4n khi\u1ebfn cho nh\u1eefng ai s\u1edf h\u1eefu n\u00f3 \u0111\u1ec1u nh\u01b0 b\u01b0\u1edbc l\u00ean m\u1ed9t \u0111\u1eb3ng c\u1ea5p m\u1edbi cao qu\u00fd v\u00e0 sang tr\u1ecdng h\u01a1n bao gi\u1edd h\u1ebft","breadcrumb":{"@id":"https:\/\/nishiki-cycle.com\/demo\/san-pham\/rolex-datejust-41mm-chocolate-dial-126331-0004\/#breadcrumb"},"inLanguage":"vi","potentialAction":[{"@type":"ReadAction","target":["https:\/\/nishiki-cycle.com\/demo\/san-pham\/rolex-datejust-41mm-chocolate-dial-126331-0004\/"]}]},{"@type":"BreadcrumbList","@id":"https:\/\/nishiki-cycle.com\/demo\/san-pham\/rolex-datejust-41mm-chocolate-dial-126331-0004\/#breadcrumb","itemListElement":[{"@type":"ListItem","position":1,"name":"Trang ch\u1ee7","item":"https:\/\/nishiki-cycle.com\/demo\/"},{"@type":"ListItem","position":2,"name":"C\u1eeda h\u00e0ng","item":"https:\/\/nishiki-cycle.com\/demo\/cua-hang\/"},{"@type":"ListItem","position":3,"name":"Rolex Datejust 41mm Chocolate Dial 126331-0004"}]},{"@type":"WebSite","@id":"https:\/\/nishiki-cycle.com\/demo\/#website","url":"https:\/\/nishiki-cycle.com\/demo\/","name":"Phoenix Luxury","description":"","potentialAction":[{"@type":"SearchAction","target":{"@type":"EntryPoint","urlTemplate":"https:\/\/nishiki-cycle.com\/demo\/?s={search_term_string}"},"query-input":"required name=search_term_string"}],"inLanguage":"vi"}]}},"_links":{"self":[{"href":"https:\/\/nishiki-cycle.com\/demo\/wp-json\/wp\/v2\/product\/10165","targetHints":{"allow":["GET"]}}],"collection":[{"href":"https:\/\/nishiki-cycle.com\/demo\/wp-json\/wp\/v2\/product"}],"about":[{"href":"https:\/\/nishiki-cycle.com\/demo\/wp-json\/wp\/v2\/types\/product"}],"replies":[{"embeddable":true,"href":"https:\/\/nishiki-cycle.com\/demo\/wp-json\/wp\/v2\/comments?post=10165"}],"wp:featuredmedia":[{"embeddable":true,"href":"https:\/\/nishiki-cycle.com\/demo\/wp-json\/wp\/v2\/media\/10723"}],"wp:attachment":[{"href":"https:\/\/nishiki-cycle.com\/demo\/wp-json\/wp\/v2\/media?parent=10165"}],"wp:term":[{"taxonomy":"product_cat","embeddable":true,"href":"https:\/\/nishiki-cycle.com\/demo\/wp-json\/wp\/v2\/product_cat?post=10165"},{"taxonomy":"product_tag","embeddable":true,"href":"https:\/\/nishiki-cycle.com\/demo\/wp-json\/wp\/v2\/product_tag?post=10165"}],"curies":[{"name":"wp","href":"https:\/\/api.w.org\/{rel}","templated":true}]}}