{"id":10177,"date":"2023-11-05T17:40:02","date_gmt":"2023-11-05T17:40:02","guid":{"rendered":"https:\/\/nishiki-cycle.com\/demo\/?post_type=product&#038;p=10177"},"modified":"2023-12-09T16:20:36","modified_gmt":"2023-12-09T16:20:36","slug":"patek-philippe-grand-complications-6102r-001","status":"publish","type":"product","link":"https:\/\/nishiki-cycle.com\/demo\/san-pham\/patek-philippe-grand-complications-6102r-001\/","title":{"rendered":"Patek Philippe Grand Complications 6102R-001"},"content":{"rendered":"<p><img fetchpriority=\"high\" decoding=\"async\" class=\"size-medium wp-image-10178 aligncenter\" src=\"https:\/\/nishiki-cycle.com\/demo\/wp-content\/uploads\/2023\/11\/PATEK-PHILIPPE-GRAND-COMPLICATIONS-6102R-001-216x300.jpg\" alt=\"\" width=\"216\" height=\"300\" srcset=\"https:\/\/nishiki-cycle.com\/demo\/wp-content\/uploads\/2023\/11\/PATEK-PHILIPPE-GRAND-COMPLICATIONS-6102R-001-216x300.jpg 216w, https:\/\/nishiki-cycle.com\/demo\/wp-content\/uploads\/2023\/11\/PATEK-PHILIPPE-GRAND-COMPLICATIONS-6102R-001-600x835.jpg 600w, https:\/\/nishiki-cycle.com\/demo\/wp-content\/uploads\/2023\/11\/PATEK-PHILIPPE-GRAND-COMPLICATIONS-6102R-001.jpg 700w\" sizes=\"(max-width: 216px) 100vw, 216px\" \/><\/p>\n<p>Patek Philippe Grand Complications 6102R-001 s\u1edf h\u1eefu \u0111i\u1ec3m thu h\u00fat nh\u1ea5t\u00a0n\u1eb1m \u1edf m\u1eb7t s\u1ed1, \u0111i\u1ec1u n\u00e0y c\u00f3 ngh\u0129a b\u1ea1n c\u00f3 th\u1ec3 c\u1ea3m nh\u1eadn b\u1ea7u tr\u1eddi \u0111\u1ea7y sao ngay ch\u00ednh tr\u00ean c\u1ed5 tay. \u0110\u00f3 ch\u00ednh l\u00e0 c\u01a1 ch\u1ebf l\u1ecbch thi\u00ean v\u0103n, b\u1eb1ng cach m\u00f4 t\u1ea3 v\u1ecb tr\u00ed c\u1ee7a c\u00e1c ng\u00f4i sao m\u00e0 ch\u00fang ta c\u00f3 th\u1ec3 quan s\u00e1t \u0111\u01b0\u1ee3c t\u1eeb v\u1ecb tr\u00ed \u0111\u1ee9ng \u1edf B\u1eafc b\u00e1n c\u1ea7u tr\u00ean Tr\u00e1i \u0110\u1ea5t. \u0110\u00e2y c\u0169ng ch\u00ednh l\u00e0 l\u00ed do khi\u1ebfn chi\u1ebfc \u0111\u1ed3ng h\u1ed3 \u0111\u01b0\u1ee3c s\u0103n l\u00f9ng \u0111\u1ebfn v\u1eady.<\/p>\n<p>Khi nh\u00ecn v\u00e0o si\u00eau ph\u1ea9m n\u00e0y, b\u1ea1n kh\u00f4ng th\u1ec3 kh\u00f4ng c\u1ea5t l\u00ean c\u00e2u n\u00f3i \u201cm\u1ed9t thi\u1ebft k\u1ebf mang \u0111\u1eadm phong c\u00e1ch \u0111\u1ec9nh cao c\u1ee7a\u00a0h\u00e3ng \u0111\u1ed3ng h\u1ed3 Patek Philippe\u201c. Patek Philippe Grand Complications 6102R-001 \u0111\u01b0\u1ee3c ch\u1ebf t\u00e1c trong ch\u1ea5t li\u1ec7u sang tr\u1ecdng v\u00e0ng h\u1ed3ng 18k cao c\u1ea5p, l\u00e0m t\u00f4n l\u00ean kh\u00ed ch\u1ea5t \u0111\u1eb9p cu\u1ed1n h\u00fat c\u1ee7a m\u1ed9t t\u00e1c ph\u1ea9m thi\u00ean v\u0103n h\u1ecdc.<\/p>\n<p>Ngo\u00e0i m\u1ed9t m\u1eb7t s\u1ed1 tuy\u1ec7t v\u1eddi \u1edf b\u00ean ngo\u00e0i, ti\u1ebfn s\u00e2u v\u00e0o b\u00ean trong, \u0111\u1ed3ng h\u1ed3 \u0111\u01b0\u1ee3c trang b\u1ecb b\u1ed9 m\u00e1y\u00a0Calibre 240 LU CL C, l\u00ean c\u00f3t t\u1ef1 \u0111\u1ed9ng, t\u00edch h\u1ee3p th\u00eam nh\u1eefng t\u00ednh n\u0103ng l\u1ecbch tu\u1ea7n tr\u0103ng v\u00e0 l\u1ecbch ng\u00e0y th\u00fa v\u1ecb. C\u00f3 \u0111\u01b0\u1eddng k\u00ednh v\u1ebbn v\u1eb9n 44mm, \u0111\u1ed9 m\u1ecfng \u1ea5n t\u01b0\u1ee3ng 6,81mm \u0111\u1ed3ng h\u1ed3 ch\u1ee9a \u0111\u1ebfn 351 chi ti\u1ebft m\u00e1y ho\u1ea1t \u0111\u1ed9ng v\u1edbi t\u1ea7n s\u1ed1 giao \u0111\u1ed9ng 21.600 vph.<\/p>\n","protected":false},"excerpt":{"rendered":"<ul class=\"list-unstyled\">\n<li><strong>T\u00ecnh tr\u1ea1ng :<\/strong>\u00a0\u0110ang c\u00f2n h\u00e0ng<\/li>\n<li><strong>H\u00e3ng s\u1ea3n xu\u1ea5t :<\/strong>\u00a0Patek Philippe<\/li>\n<li><strong>Nam\/N\u1eef :<\/strong>\u00a0Nam<\/li>\n<li><strong>C\u01a1 ch\u1ebf m\u00e1y :<\/strong>\u00a0Automatic<\/li>\n<li><strong>K\u00edch th\u01b0\u1edbc :<\/strong>\u00a044mm<\/li>\n<li><strong>Ch\u1ee9c n\u0103ng :<\/strong>\u00a0Bi\u1ec3u \u0111\u1ed3 b\u1ea7u tr\u1eddi, c\u00e1c giai \u0111o\u1ea1n v\u00e0 qu\u1ef9 \u0111\u1ea1o c\u1ee7a M\u1eb7t tr\u0103ng, l\u1ecbch tu\u1ea7n tr\u0103ng, la b\u00e0n, ng\u00e0y, gi\u1edd, ph\u00fat<\/li>\n<li><strong>D\u00e2y \u0111eo :<\/strong>\u00a0D\u00e2y da c\u00e1 s\u1ea5u<\/li>\n<li><strong>T\u00ecnh tr\u1ea1ng :<\/strong>\u00a0Brand New<\/li>\n<li><strong>Ref :<\/strong>\u00a06102R-001<\/li>\n<li><strong>Phong c\u00e1ch :<\/strong>\u00a0Classic<\/li>\n<li><strong>D\u1ef1 tr\u1eef c\u00f3t :<\/strong>\u00a048H<\/li>\n<li><strong>M\u1eb7t \u0111\u1ed3ng h\u1ed3 :<\/strong>\u00a0Sapphire<\/li>\n<li><strong>Kh\u1ea3 n\u0103ng ch\u1ed1ng n\u01b0\u1edbc :<\/strong>\u00a03 ATM<\/li>\n<li><strong>Ch\u1ea5t li\u1ec7u v\u1ecf :<\/strong>\u00a0Rose Gold<\/li>\n<\/ul>\n","protected":false},"featured_media":10178,"comment_status":"open","ping_status":"closed","template":"","meta":[],"product_cat":[195,322],"product_tag":[],"class_list":["post-10177","product","type-product","status-publish","has-post-thumbnail","hentry","product_cat-mens-watches","product_cat-patek-philippe","product_brand-patek-philippe"],"yoast_head":"<!-- This site is optimized with the Yoast SEO plugin v21.6 - https:\/\/yoast.com\/wordpress\/plugins\/seo\/ -->\n<title>Patek Philippe Grand Complications 6102R-001 - Phoenix Luxury<\/title>\n<meta name=\"description\" content=\"Patek Philippe Grand Complications 6102R-001 s\u1edf h\u1eefu \u0111i\u1ec3m thu h\u00fat nh\u1ea5t\u00a0n\u1eb1m \u1edf m\u1eb7t s\u1ed1, khi\u1ebfn ng\u01b0\u1eddi d\u00f9ng c\u1ea3m nh\u1eadn b\u1ea7u tr\u1eddi \u0111\u1ea7y sao ngay ch\u00ednh tr\u00ean c\u1ed5 tay.\" \/>\n<meta name=\"robots\" content=\"index, follow, max-snippet:-1, max-image-preview:large, max-video-preview:-1\" \/>\n<link rel=\"canonical\" href=\"https:\/\/nishiki-cycle.com\/demo\/san-pham\/patek-philippe-grand-complications-6102r-001\/\" \/>\n<meta property=\"og:locale\" content=\"vi_VN\" \/>\n<meta property=\"og:type\" content=\"article\" \/>\n<meta property=\"og:title\" content=\"Patek Philippe Grand Complications 6102R-001 - Phoenix Luxury\" \/>\n<meta property=\"og:description\" content=\"Patek Philippe Grand Complications 6102R-001 s\u1edf h\u1eefu \u0111i\u1ec3m thu h\u00fat nh\u1ea5t\u00a0n\u1eb1m \u1edf m\u1eb7t s\u1ed1, khi\u1ebfn ng\u01b0\u1eddi d\u00f9ng c\u1ea3m nh\u1eadn b\u1ea7u tr\u1eddi \u0111\u1ea7y sao ngay ch\u00ednh tr\u00ean c\u1ed5 tay.\" \/>\n<meta property=\"og:url\" content=\"https:\/\/nishiki-cycle.com\/demo\/san-pham\/patek-philippe-grand-complications-6102r-001\/\" \/>\n<meta property=\"og:site_name\" content=\"Phoenix Luxury\" \/>\n<meta property=\"article:modified_time\" content=\"2023-12-09T16:20:36+00:00\" \/>\n<meta property=\"og:image\" content=\"https:\/\/nishiki-cycle.com\/demo\/wp-content\/uploads\/2023\/11\/PATEK-PHILIPPE-GRAND-COMPLICATIONS-6102R-001.jpg\" \/>\n\t<meta property=\"og:image:width\" content=\"700\" \/>\n\t<meta property=\"og:image:height\" content=\"974\" \/>\n\t<meta property=\"og:image:type\" content=\"image\/jpeg\" \/>\n<meta name=\"twitter:card\" content=\"summary_large_image\" \/>\n<meta name=\"twitter:label1\" content=\"\u01af\u1edbc t\u00ednh th\u1eddi gian \u0111\u1ecdc\" \/>\n\t<meta name=\"twitter:data1\" content=\"2 ph\u00fat\" \/>\n<script type=\"application\/ld+json\" class=\"yoast-schema-graph\">{\"@context\":\"https:\/\/schema.org\",\"@graph\":[{\"@type\":\"WebPage\",\"@id\":\"https:\/\/nishiki-cycle.com\/demo\/san-pham\/patek-philippe-grand-complications-6102r-001\/\",\"url\":\"https:\/\/nishiki-cycle.com\/demo\/san-pham\/patek-philippe-grand-complications-6102r-001\/\",\"name\":\"Patek Philippe Grand Complications 6102R-001 - Phoenix Luxury\",\"isPartOf\":{\"@id\":\"https:\/\/nishiki-cycle.com\/demo\/#website\"},\"datePublished\":\"2023-11-05T17:40:02+00:00\",\"dateModified\":\"2023-12-09T16:20:36+00:00\",\"description\":\"Patek Philippe Grand Complications 6102R-001 s\u1edf h\u1eefu \u0111i\u1ec3m thu h\u00fat nh\u1ea5t\u00a0n\u1eb1m \u1edf m\u1eb7t s\u1ed1, khi\u1ebfn ng\u01b0\u1eddi d\u00f9ng c\u1ea3m nh\u1eadn b\u1ea7u tr\u1eddi \u0111\u1ea7y sao ngay ch\u00ednh tr\u00ean c\u1ed5 tay.\",\"breadcrumb\":{\"@id\":\"https:\/\/nishiki-cycle.com\/demo\/san-pham\/patek-philippe-grand-complications-6102r-001\/#breadcrumb\"},\"inLanguage\":\"vi\",\"potentialAction\":[{\"@type\":\"ReadAction\",\"target\":[\"https:\/\/nishiki-cycle.com\/demo\/san-pham\/patek-philippe-grand-complications-6102r-001\/\"]}]},{\"@type\":\"BreadcrumbList\",\"@id\":\"https:\/\/nishiki-cycle.com\/demo\/san-pham\/patek-philippe-grand-complications-6102r-001\/#breadcrumb\",\"itemListElement\":[{\"@type\":\"ListItem\",\"position\":1,\"name\":\"Trang ch\u1ee7\",\"item\":\"https:\/\/nishiki-cycle.com\/demo\/\"},{\"@type\":\"ListItem\",\"position\":2,\"name\":\"C\u1eeda h\u00e0ng\",\"item\":\"https:\/\/nishiki-cycle.com\/demo\/cua-hang\/\"},{\"@type\":\"ListItem\",\"position\":3,\"name\":\"PATEK PHILIPPE GRAND COMPLICATIONS 6102R-001\"}]},{\"@type\":\"WebSite\",\"@id\":\"https:\/\/nishiki-cycle.com\/demo\/#website\",\"url\":\"https:\/\/nishiki-cycle.com\/demo\/\",\"name\":\"Phoenix Luxury\",\"description\":\"\",\"potentialAction\":[{\"@type\":\"SearchAction\",\"target\":{\"@type\":\"EntryPoint\",\"urlTemplate\":\"https:\/\/nishiki-cycle.com\/demo\/?s={search_term_string}\"},\"query-input\":\"required name=search_term_string\"}],\"inLanguage\":\"vi\"}]}<\/script>\n<!-- \/ Yoast SEO plugin. -->","yoast_head_json":{"title":"Patek Philippe Grand Complications 6102R-001 - Phoenix Luxury","description":"Patek Philippe Grand Complications 6102R-001 s\u1edf h\u1eefu \u0111i\u1ec3m thu h\u00fat nh\u1ea5t\u00a0n\u1eb1m \u1edf m\u1eb7t s\u1ed1, khi\u1ebfn ng\u01b0\u1eddi d\u00f9ng c\u1ea3m nh\u1eadn b\u1ea7u tr\u1eddi \u0111\u1ea7y sao ngay ch\u00ednh tr\u00ean c\u1ed5 tay.","robots":{"index":"index","follow":"follow","max-snippet":"max-snippet:-1","max-image-preview":"max-image-preview:large","max-video-preview":"max-video-preview:-1"},"canonical":"https:\/\/nishiki-cycle.com\/demo\/san-pham\/patek-philippe-grand-complications-6102r-001\/","og_locale":"vi_VN","og_type":"article","og_title":"Patek Philippe Grand Complications 6102R-001 - Phoenix Luxury","og_description":"Patek Philippe Grand Complications 6102R-001 s\u1edf h\u1eefu \u0111i\u1ec3m thu h\u00fat nh\u1ea5t\u00a0n\u1eb1m \u1edf m\u1eb7t s\u1ed1, khi\u1ebfn ng\u01b0\u1eddi d\u00f9ng c\u1ea3m nh\u1eadn b\u1ea7u tr\u1eddi \u0111\u1ea7y sao ngay ch\u00ednh tr\u00ean c\u1ed5 tay.","og_url":"https:\/\/nishiki-cycle.com\/demo\/san-pham\/patek-philippe-grand-complications-6102r-001\/","og_site_name":"Phoenix Luxury","article_modified_time":"2023-12-09T16:20:36+00:00","og_image":[{"width":700,"height":974,"url":"https:\/\/nishiki-cycle.com\/demo\/wp-content\/uploads\/2023\/11\/PATEK-PHILIPPE-GRAND-COMPLICATIONS-6102R-001.jpg","type":"image\/jpeg"}],"twitter_card":"summary_large_image","twitter_misc":{"\u01af\u1edbc t\u00ednh th\u1eddi gian \u0111\u1ecdc":"2 ph\u00fat"},"schema":{"@context":"https:\/\/schema.org","@graph":[{"@type":"WebPage","@id":"https:\/\/nishiki-cycle.com\/demo\/san-pham\/patek-philippe-grand-complications-6102r-001\/","url":"https:\/\/nishiki-cycle.com\/demo\/san-pham\/patek-philippe-grand-complications-6102r-001\/","name":"Patek Philippe Grand Complications 6102R-001 - Phoenix Luxury","isPartOf":{"@id":"https:\/\/nishiki-cycle.com\/demo\/#website"},"datePublished":"2023-11-05T17:40:02+00:00","dateModified":"2023-12-09T16:20:36+00:00","description":"Patek Philippe Grand Complications 6102R-001 s\u1edf h\u1eefu \u0111i\u1ec3m thu h\u00fat nh\u1ea5t\u00a0n\u1eb1m \u1edf m\u1eb7t s\u1ed1, khi\u1ebfn ng\u01b0\u1eddi d\u00f9ng c\u1ea3m nh\u1eadn b\u1ea7u tr\u1eddi \u0111\u1ea7y sao ngay ch\u00ednh tr\u00ean c\u1ed5 tay.","breadcrumb":{"@id":"https:\/\/nishiki-cycle.com\/demo\/san-pham\/patek-philippe-grand-complications-6102r-001\/#breadcrumb"},"inLanguage":"vi","potentialAction":[{"@type":"ReadAction","target":["https:\/\/nishiki-cycle.com\/demo\/san-pham\/patek-philippe-grand-complications-6102r-001\/"]}]},{"@type":"BreadcrumbList","@id":"https:\/\/nishiki-cycle.com\/demo\/san-pham\/patek-philippe-grand-complications-6102r-001\/#breadcrumb","itemListElement":[{"@type":"ListItem","position":1,"name":"Trang ch\u1ee7","item":"https:\/\/nishiki-cycle.com\/demo\/"},{"@type":"ListItem","position":2,"name":"C\u1eeda h\u00e0ng","item":"https:\/\/nishiki-cycle.com\/demo\/cua-hang\/"},{"@type":"ListItem","position":3,"name":"PATEK PHILIPPE GRAND COMPLICATIONS 6102R-001"}]},{"@type":"WebSite","@id":"https:\/\/nishiki-cycle.com\/demo\/#website","url":"https:\/\/nishiki-cycle.com\/demo\/","name":"Phoenix Luxury","description":"","potentialAction":[{"@type":"SearchAction","target":{"@type":"EntryPoint","urlTemplate":"https:\/\/nishiki-cycle.com\/demo\/?s={search_term_string}"},"query-input":"required name=search_term_string"}],"inLanguage":"vi"}]}},"_links":{"self":[{"href":"https:\/\/nishiki-cycle.com\/demo\/wp-json\/wp\/v2\/product\/10177","targetHints":{"allow":["GET"]}}],"collection":[{"href":"https:\/\/nishiki-cycle.com\/demo\/wp-json\/wp\/v2\/product"}],"about":[{"href":"https:\/\/nishiki-cycle.com\/demo\/wp-json\/wp\/v2\/types\/product"}],"replies":[{"embeddable":true,"href":"https:\/\/nishiki-cycle.com\/demo\/wp-json\/wp\/v2\/comments?post=10177"}],"wp:featuredmedia":[{"embeddable":true,"href":"https:\/\/nishiki-cycle.com\/demo\/wp-json\/wp\/v2\/media\/10178"}],"wp:attachment":[{"href":"https:\/\/nishiki-cycle.com\/demo\/wp-json\/wp\/v2\/media?parent=10177"}],"wp:term":[{"taxonomy":"product_cat","embeddable":true,"href":"https:\/\/nishiki-cycle.com\/demo\/wp-json\/wp\/v2\/product_cat?post=10177"},{"taxonomy":"product_tag","embeddable":true,"href":"https:\/\/nishiki-cycle.com\/demo\/wp-json\/wp\/v2\/product_tag?post=10177"}],"curies":[{"name":"wp","href":"https:\/\/api.w.org\/{rel}","templated":true}]}}