{"id":10199,"date":"2023-11-05T18:03:11","date_gmt":"2023-11-05T18:03:11","guid":{"rendered":"https:\/\/nishiki-cycle.com\/demo\/?post_type=product&#038;p=10199"},"modified":"2023-12-09T16:19:54","modified_gmt":"2023-12-09T16:19:54","slug":"hublot-classic-fusion-42mm-titanium-diamonds","status":"publish","type":"product","link":"https:\/\/nishiki-cycle.com\/demo\/san-pham\/hublot-classic-fusion-42mm-titanium-diamonds\/","title":{"rendered":"Hublot Classic Fusion 42mm Titanium Diamonds"},"content":{"rendered":"<p><img fetchpriority=\"high\" decoding=\"async\" class=\"size-medium wp-image-10200 aligncenter\" src=\"https:\/\/nishiki-cycle.com\/demo\/wp-content\/uploads\/2023\/11\/HUBLOT-CLASSIC-FUSION-42MM-TITANIUM-BEZEL-DIAMONDS-300x300.jpg\" alt=\"\" width=\"300\" height=\"300\" srcset=\"https:\/\/nishiki-cycle.com\/demo\/wp-content\/uploads\/2023\/11\/HUBLOT-CLASSIC-FUSION-42MM-TITANIUM-BEZEL-DIAMONDS-300x300.jpg 300w, https:\/\/nishiki-cycle.com\/demo\/wp-content\/uploads\/2023\/11\/HUBLOT-CLASSIC-FUSION-42MM-TITANIUM-BEZEL-DIAMONDS-150x150.jpg 150w, https:\/\/nishiki-cycle.com\/demo\/wp-content\/uploads\/2023\/11\/HUBLOT-CLASSIC-FUSION-42MM-TITANIUM-BEZEL-DIAMONDS-768x768.jpg 768w, https:\/\/nishiki-cycle.com\/demo\/wp-content\/uploads\/2023\/11\/HUBLOT-CLASSIC-FUSION-42MM-TITANIUM-BEZEL-DIAMONDS-600x600.jpg 600w, https:\/\/nishiki-cycle.com\/demo\/wp-content\/uploads\/2023\/11\/HUBLOT-CLASSIC-FUSION-42MM-TITANIUM-BEZEL-DIAMONDS-100x100.jpg 100w, https:\/\/nishiki-cycle.com\/demo\/wp-content\/uploads\/2023\/11\/HUBLOT-CLASSIC-FUSION-42MM-TITANIUM-BEZEL-DIAMONDS.jpg 1000w\" sizes=\"(max-width: 300px) 100vw, 300px\" \/><\/p>\n<p>Nh\u1edd v\u00e0o s\u1ef1 c\u1ed1 g\u1eafng kh\u00f4ng ng\u1eebng ngh\u1ec9,\u00a0Hublot \u0111\u00e3 v\u00e0 \u0111ang t\u1ea1o n\u00ean nh\u1eefng d\u1ea5u \u1ea5n s\u00e2u s\u1eafc trong l\u00f2ng c\u00f4ng ch\u00fang y\u00eau \u0111\u1ed3ng h\u1ed3 tr\u00ean to\u00e0n th\u1ebf gi\u1edbi. Trong b\u00e0i vi\u1ebft d\u01b0\u1edbi \u0111\u00e2y, Phoenix Luxury s\u1ebd c\u00f9ng b\u1ea1n kh\u00e1m ph\u00e1 v\u00e0 \u0111\u00e1nh gi\u00e1 chi\u1ebfc \u0111\u1ed3ng h\u1ed3 Hublot Classic Fusion 42mm Titanium Diamonds nh\u00e9!<\/p>\n<p>Hublot Classic Fusion 42mm Titanium Diamonds s\u1edf h\u1eefu b\u1ed9 v\u1ecf \u0111\u01b0\u1ee3c l\u00e0m b\u1eb1ng ch\u1ea5t li\u1ec7u Titanium ch\u1ea3i x\u01b0\u1edbc b\u1eb1ng k\u0129 thu\u1eadt Satin, v\u1edbi d\u00e1ng m\u1eb7t s\u1ed1 tr\u00f2n ph\u1ed1i m\u00e0u \u0110en \u0111\u1eb7c tr\u01b0ng trong k\u00edch th\u01b0\u1edbc 42mm. \u00d4 c\u1eeda s\u1ed5 hi\u1ec3n th\u1ecb ng\u00e0y \u0111\u01b0\u1ee3c \u0111\u1eb7t \u1edf g\u00f3c 3 gi\u1edd.<\/p>\n<p>M\u1eb7t k\u00ednh ch\u1ea5t li\u1ec7u Sapphire v\u1edbi kh\u1ea3 n\u0103ng ch\u1ed1ng s\u1ed1c v\u00e0 ch\u1ed1ng x\u00e2y x\u01b0\u1edbc tuy\u1ec7t v\u1eddi. B\u1ed9 v\u1ecf \u0111\u01b0\u1ee3c \u0111\u00ednh 228 vi\u00ean kim c\u01b0\u01a1ng (~1,2ct) v\u00e0 v\u00e0nh bezel \u0111\u01b0\u1ee3c \u0111\u00ednh 138 vi\u00ean kim c\u01b0\u01a1ng (1,01ct). D\u00e2y \u0111eo da c\u00e1 s\u1ea5u m\u00e0u \u0110en t\u1ea1o s\u1ef1 tho\u1ea3i m\u00e1i v\u00e0 ti\u1ec7n d\u1ee5ng.<\/p>\n<p><strong>Th\u00f4ng s\u1ed1 k\u1ef9 thu\u1eadt chi ti\u1ebft<\/strong><\/p>\n<div class=\"patt_info\">\n<ul class=\"list-unstyled\">\n<li><strong>C\u01a1 ch\u1ebf m\u00e1y :<\/strong>\u00a0Automatic<\/li>\n<li><strong>K\u00edch th\u01b0\u1edbc :<\/strong>\u00a042mm<\/li>\n<li><strong>Ch\u1ee9c n\u0103ng :<\/strong>\u00a0Ng\u00e0y, gi\u1edd, ph\u00fat, gi\u00e2y<\/li>\n<li><strong>D\u00e2y \u0111eo :<\/strong>\u00a0D\u00e2y da c\u00e1 s\u1ea5u<\/li>\n<li><strong>T\u00ecnh tr\u1ea1ng :<\/strong>\u00a0Like New<\/li>\n<li><strong>Ref :<\/strong>\u00a0511.NX.1171.LR.1104<\/li>\n<li><strong>Phong c\u00e1ch :<\/strong>\u00a0Classic<\/li>\n<li><strong>D\u1ef1 tr\u1eef c\u00f3t :<\/strong>\u00a042H<\/li>\n<li><strong>M\u1eb7t \u0111\u1ed3ng h\u1ed3 :<\/strong>\u00a0Sapphire<\/li>\n<li><strong>Kh\u1ea3 n\u0103ng ch\u1ed1ng n\u01b0\u1edbc :<\/strong>\u00a010 ATM<\/li>\n<li><strong>Ch\u1ea5t li\u1ec7u v\u1ecf :<\/strong>\u00a0Titanium<\/li>\n<\/ul>\n<p>Li\u00ean h\u1ec7 <span style=\"color: #0000ff;\"><a style=\"color: #0000ff;\" href=\"https:\/\/nishiki-cycle.com\/demo\/about-us-elementor\/\">Phoenix Luxury<\/a><\/span> \u0111\u1ec3 s\u1edf h\u1eefu nh\u1eefng m\u1eabu \u0111\u1ed3ng h\u1ed3 cao c\u1ea5p ch\u00ednh h\u00e3ng v\u1edbi m\u1ee9c gi\u00e1 h\u1ee3p l\u00fd ngay!<\/p>\n<\/div>\n<div class=\"pdetail_order\">\n<div class=\"product_order\"><\/div>\n<\/div>\n","protected":false},"excerpt":{"rendered":"<ul class=\"list-unstyled\">\n<li><strong>T\u00ecnh tr\u1ea1ng :<\/strong>\u00a0\u0110ang c\u00f2n h\u00e0ng<\/li>\n<li><strong>Nam\/N\u1eef :<\/strong>\u00a0Nam<\/li>\n<li><strong>C\u01a1 ch\u1ebf m\u00e1y :<\/strong>\u00a0Automatic<\/li>\n<li><strong>K\u00edch th\u01b0\u1edbc :<\/strong>\u00a042mm<\/li>\n<li><strong>Ch\u1ee9c n\u0103ng :<\/strong>\u00a0Ng\u00e0y, gi\u1edd, ph\u00fat, gi\u00e2y<\/li>\n<li><strong>D\u00e2y \u0111eo :<\/strong>\u00a0D\u00e2y da c\u00e1 s\u1ea5u<\/li>\n<li><strong>T\u00ecnh tr\u1ea1ng :<\/strong>\u00a0Like New<\/li>\n<li><strong>Ref :<\/strong>\u00a0511.NX.1171.LR.1104<\/li>\n<li><strong>Phong c\u00e1ch :<\/strong>\u00a0Classic<\/li>\n<li><strong>D\u1ef1 tr\u1eef c\u00f3t :<\/strong>\u00a042H<\/li>\n<li><strong>M\u1eb7t \u0111\u1ed3ng h\u1ed3 :<\/strong>\u00a0Sapphire<\/li>\n<li><strong>Kh\u1ea3 n\u0103ng ch\u1ed1ng n\u01b0\u1edbc :<\/strong>\u00a010 ATM<\/li>\n<li><strong>Ch\u1ea5t li\u1ec7u v\u1ecf :<\/strong>\u00a0Titanium<\/li>\n<\/ul>\n","protected":false},"featured_media":10200,"comment_status":"open","ping_status":"closed","template":"","meta":[],"product_cat":[195,320],"product_tag":[],"class_list":["post-10199","product","type-product","status-publish","has-post-thumbnail","hentry","product_cat-mens-watches","product_cat-hublot","product_brand-hublot"],"yoast_head":"<!-- This site is optimized with the Yoast SEO plugin v21.6 - https:\/\/yoast.com\/wordpress\/plugins\/seo\/ -->\n<title>Hublot Classic Fusion 42mm Titanium Diamonds - Phoenix Luxury<\/title>\n<meta name=\"description\" content=\"Hublot Classic Fusion 42mm Titanium Diamonds s\u1edf h\u1eefu b\u1ed9 v\u1ecf \u0111\u01b0\u1ee3c l\u00e0m b\u1eb1ng ch\u1ea5t li\u1ec7u Titanium ch\u1ea3i x\u01b0\u1edbc b\u1eb1ng k\u0129 thu\u1eadt Satin v\u1edbi k\u00edch th\u01b0\u1edbc 42mm\" \/>\n<meta name=\"robots\" content=\"index, follow, max-snippet:-1, max-image-preview:large, max-video-preview:-1\" \/>\n<link rel=\"canonical\" href=\"https:\/\/nishiki-cycle.com\/demo\/san-pham\/hublot-classic-fusion-42mm-titanium-diamonds\/\" \/>\n<meta property=\"og:locale\" content=\"vi_VN\" \/>\n<meta property=\"og:type\" content=\"article\" \/>\n<meta property=\"og:title\" content=\"Hublot Classic Fusion 42mm Titanium Diamonds - Phoenix Luxury\" \/>\n<meta property=\"og:description\" content=\"Hublot Classic Fusion 42mm Titanium Diamonds s\u1edf h\u1eefu b\u1ed9 v\u1ecf \u0111\u01b0\u1ee3c l\u00e0m b\u1eb1ng ch\u1ea5t li\u1ec7u Titanium ch\u1ea3i x\u01b0\u1edbc b\u1eb1ng k\u0129 thu\u1eadt Satin v\u1edbi k\u00edch th\u01b0\u1edbc 42mm\" \/>\n<meta property=\"og:url\" content=\"https:\/\/nishiki-cycle.com\/demo\/san-pham\/hublot-classic-fusion-42mm-titanium-diamonds\/\" \/>\n<meta property=\"og:site_name\" content=\"Phoenix Luxury\" \/>\n<meta property=\"article:modified_time\" content=\"2023-12-09T16:19:54+00:00\" \/>\n<meta property=\"og:image\" content=\"https:\/\/nishiki-cycle.com\/demo\/wp-content\/uploads\/2023\/11\/HUBLOT-CLASSIC-FUSION-42MM-TITANIUM-BEZEL-DIAMONDS.jpg\" \/>\n\t<meta property=\"og:image:width\" content=\"1000\" \/>\n\t<meta property=\"og:image:height\" content=\"1000\" \/>\n\t<meta property=\"og:image:type\" content=\"image\/jpeg\" \/>\n<meta name=\"twitter:card\" content=\"summary_large_image\" \/>\n<meta name=\"twitter:label1\" content=\"\u01af\u1edbc t\u00ednh th\u1eddi gian \u0111\u1ecdc\" \/>\n\t<meta name=\"twitter:data1\" content=\"2 ph\u00fat\" \/>\n<script type=\"application\/ld+json\" class=\"yoast-schema-graph\">{\"@context\":\"https:\/\/schema.org\",\"@graph\":[{\"@type\":\"WebPage\",\"@id\":\"https:\/\/nishiki-cycle.com\/demo\/san-pham\/hublot-classic-fusion-42mm-titanium-diamonds\/\",\"url\":\"https:\/\/nishiki-cycle.com\/demo\/san-pham\/hublot-classic-fusion-42mm-titanium-diamonds\/\",\"name\":\"Hublot Classic Fusion 42mm Titanium Diamonds - Phoenix Luxury\",\"isPartOf\":{\"@id\":\"https:\/\/nishiki-cycle.com\/demo\/#website\"},\"datePublished\":\"2023-11-05T18:03:11+00:00\",\"dateModified\":\"2023-12-09T16:19:54+00:00\",\"description\":\"Hublot Classic Fusion 42mm Titanium Diamonds s\u1edf h\u1eefu b\u1ed9 v\u1ecf \u0111\u01b0\u1ee3c l\u00e0m b\u1eb1ng ch\u1ea5t li\u1ec7u Titanium ch\u1ea3i x\u01b0\u1edbc b\u1eb1ng k\u0129 thu\u1eadt Satin v\u1edbi k\u00edch th\u01b0\u1edbc 42mm\",\"breadcrumb\":{\"@id\":\"https:\/\/nishiki-cycle.com\/demo\/san-pham\/hublot-classic-fusion-42mm-titanium-diamonds\/#breadcrumb\"},\"inLanguage\":\"vi\",\"potentialAction\":[{\"@type\":\"ReadAction\",\"target\":[\"https:\/\/nishiki-cycle.com\/demo\/san-pham\/hublot-classic-fusion-42mm-titanium-diamonds\/\"]}]},{\"@type\":\"BreadcrumbList\",\"@id\":\"https:\/\/nishiki-cycle.com\/demo\/san-pham\/hublot-classic-fusion-42mm-titanium-diamonds\/#breadcrumb\",\"itemListElement\":[{\"@type\":\"ListItem\",\"position\":1,\"name\":\"Trang ch\u1ee7\",\"item\":\"https:\/\/nishiki-cycle.com\/demo\/\"},{\"@type\":\"ListItem\",\"position\":2,\"name\":\"C\u1eeda h\u00e0ng\",\"item\":\"https:\/\/nishiki-cycle.com\/demo\/cua-hang\/\"},{\"@type\":\"ListItem\",\"position\":3,\"name\":\"Hublot Classic Fusion 42mm Titanium Diamonds\"}]},{\"@type\":\"WebSite\",\"@id\":\"https:\/\/nishiki-cycle.com\/demo\/#website\",\"url\":\"https:\/\/nishiki-cycle.com\/demo\/\",\"name\":\"Phoenix Luxury\",\"description\":\"\",\"potentialAction\":[{\"@type\":\"SearchAction\",\"target\":{\"@type\":\"EntryPoint\",\"urlTemplate\":\"https:\/\/nishiki-cycle.com\/demo\/?s={search_term_string}\"},\"query-input\":\"required name=search_term_string\"}],\"inLanguage\":\"vi\"}]}<\/script>\n<!-- \/ Yoast SEO plugin. -->","yoast_head_json":{"title":"Hublot Classic Fusion 42mm Titanium Diamonds - Phoenix Luxury","description":"Hublot Classic Fusion 42mm Titanium Diamonds s\u1edf h\u1eefu b\u1ed9 v\u1ecf \u0111\u01b0\u1ee3c l\u00e0m b\u1eb1ng ch\u1ea5t li\u1ec7u Titanium ch\u1ea3i x\u01b0\u1edbc b\u1eb1ng k\u0129 thu\u1eadt Satin v\u1edbi k\u00edch th\u01b0\u1edbc 42mm","robots":{"index":"index","follow":"follow","max-snippet":"max-snippet:-1","max-image-preview":"max-image-preview:large","max-video-preview":"max-video-preview:-1"},"canonical":"https:\/\/nishiki-cycle.com\/demo\/san-pham\/hublot-classic-fusion-42mm-titanium-diamonds\/","og_locale":"vi_VN","og_type":"article","og_title":"Hublot Classic Fusion 42mm Titanium Diamonds - Phoenix Luxury","og_description":"Hublot Classic Fusion 42mm Titanium Diamonds s\u1edf h\u1eefu b\u1ed9 v\u1ecf \u0111\u01b0\u1ee3c l\u00e0m b\u1eb1ng ch\u1ea5t li\u1ec7u Titanium ch\u1ea3i x\u01b0\u1edbc b\u1eb1ng k\u0129 thu\u1eadt Satin v\u1edbi k\u00edch th\u01b0\u1edbc 42mm","og_url":"https:\/\/nishiki-cycle.com\/demo\/san-pham\/hublot-classic-fusion-42mm-titanium-diamonds\/","og_site_name":"Phoenix Luxury","article_modified_time":"2023-12-09T16:19:54+00:00","og_image":[{"width":1000,"height":1000,"url":"https:\/\/nishiki-cycle.com\/demo\/wp-content\/uploads\/2023\/11\/HUBLOT-CLASSIC-FUSION-42MM-TITANIUM-BEZEL-DIAMONDS.jpg","type":"image\/jpeg"}],"twitter_card":"summary_large_image","twitter_misc":{"\u01af\u1edbc t\u00ednh th\u1eddi gian \u0111\u1ecdc":"2 ph\u00fat"},"schema":{"@context":"https:\/\/schema.org","@graph":[{"@type":"WebPage","@id":"https:\/\/nishiki-cycle.com\/demo\/san-pham\/hublot-classic-fusion-42mm-titanium-diamonds\/","url":"https:\/\/nishiki-cycle.com\/demo\/san-pham\/hublot-classic-fusion-42mm-titanium-diamonds\/","name":"Hublot Classic Fusion 42mm Titanium Diamonds - Phoenix Luxury","isPartOf":{"@id":"https:\/\/nishiki-cycle.com\/demo\/#website"},"datePublished":"2023-11-05T18:03:11+00:00","dateModified":"2023-12-09T16:19:54+00:00","description":"Hublot Classic Fusion 42mm Titanium Diamonds s\u1edf h\u1eefu b\u1ed9 v\u1ecf \u0111\u01b0\u1ee3c l\u00e0m b\u1eb1ng ch\u1ea5t li\u1ec7u Titanium ch\u1ea3i x\u01b0\u1edbc b\u1eb1ng k\u0129 thu\u1eadt Satin v\u1edbi k\u00edch th\u01b0\u1edbc 42mm","breadcrumb":{"@id":"https:\/\/nishiki-cycle.com\/demo\/san-pham\/hublot-classic-fusion-42mm-titanium-diamonds\/#breadcrumb"},"inLanguage":"vi","potentialAction":[{"@type":"ReadAction","target":["https:\/\/nishiki-cycle.com\/demo\/san-pham\/hublot-classic-fusion-42mm-titanium-diamonds\/"]}]},{"@type":"BreadcrumbList","@id":"https:\/\/nishiki-cycle.com\/demo\/san-pham\/hublot-classic-fusion-42mm-titanium-diamonds\/#breadcrumb","itemListElement":[{"@type":"ListItem","position":1,"name":"Trang ch\u1ee7","item":"https:\/\/nishiki-cycle.com\/demo\/"},{"@type":"ListItem","position":2,"name":"C\u1eeda h\u00e0ng","item":"https:\/\/nishiki-cycle.com\/demo\/cua-hang\/"},{"@type":"ListItem","position":3,"name":"Hublot Classic Fusion 42mm Titanium Diamonds"}]},{"@type":"WebSite","@id":"https:\/\/nishiki-cycle.com\/demo\/#website","url":"https:\/\/nishiki-cycle.com\/demo\/","name":"Phoenix Luxury","description":"","potentialAction":[{"@type":"SearchAction","target":{"@type":"EntryPoint","urlTemplate":"https:\/\/nishiki-cycle.com\/demo\/?s={search_term_string}"},"query-input":"required name=search_term_string"}],"inLanguage":"vi"}]}},"_links":{"self":[{"href":"https:\/\/nishiki-cycle.com\/demo\/wp-json\/wp\/v2\/product\/10199","targetHints":{"allow":["GET"]}}],"collection":[{"href":"https:\/\/nishiki-cycle.com\/demo\/wp-json\/wp\/v2\/product"}],"about":[{"href":"https:\/\/nishiki-cycle.com\/demo\/wp-json\/wp\/v2\/types\/product"}],"replies":[{"embeddable":true,"href":"https:\/\/nishiki-cycle.com\/demo\/wp-json\/wp\/v2\/comments?post=10199"}],"wp:featuredmedia":[{"embeddable":true,"href":"https:\/\/nishiki-cycle.com\/demo\/wp-json\/wp\/v2\/media\/10200"}],"wp:attachment":[{"href":"https:\/\/nishiki-cycle.com\/demo\/wp-json\/wp\/v2\/media?parent=10199"}],"wp:term":[{"taxonomy":"product_cat","embeddable":true,"href":"https:\/\/nishiki-cycle.com\/demo\/wp-json\/wp\/v2\/product_cat?post=10199"},{"taxonomy":"product_tag","embeddable":true,"href":"https:\/\/nishiki-cycle.com\/demo\/wp-json\/wp\/v2\/product_tag?post=10199"}],"curies":[{"name":"wp","href":"https:\/\/api.w.org\/{rel}","templated":true}]}}