{"id":10282,"date":"2023-11-06T16:23:58","date_gmt":"2023-11-06T16:23:58","guid":{"rendered":"https:\/\/nishiki-cycle.com\/demo\/?post_type=product&#038;p=10282"},"modified":"2023-12-09T12:51:45","modified_gmt":"2023-12-09T12:51:45","slug":"patek-philippe-complications-diamond-set-annual-calendar-4947r-001","status":"publish","type":"product","link":"https:\/\/nishiki-cycle.com\/demo\/san-pham\/patek-philippe-complications-diamond-set-annual-calendar-4947r-001\/","title":{"rendered":"Patek Philippe Complications Diamond Set Annual Calendar 4947R-001"},"content":{"rendered":"<p><img fetchpriority=\"high\" decoding=\"async\" class=\"size-medium wp-image-10283 aligncenter\" src=\"https:\/\/nishiki-cycle.com\/demo\/wp-content\/uploads\/2023\/11\/PATEK-PHILIPPE-COMPLICATIONS-DIAMOND-SET-ANNUAL-CALENDAR-4947R-001-300x300.jpg\" alt=\"\" width=\"300\" height=\"300\" srcset=\"https:\/\/nishiki-cycle.com\/demo\/wp-content\/uploads\/2023\/11\/PATEK-PHILIPPE-COMPLICATIONS-DIAMOND-SET-ANNUAL-CALENDAR-4947R-001-300x300.jpg 300w, https:\/\/nishiki-cycle.com\/demo\/wp-content\/uploads\/2023\/11\/PATEK-PHILIPPE-COMPLICATIONS-DIAMOND-SET-ANNUAL-CALENDAR-4947R-001-150x150.jpg 150w, https:\/\/nishiki-cycle.com\/demo\/wp-content\/uploads\/2023\/11\/PATEK-PHILIPPE-COMPLICATIONS-DIAMOND-SET-ANNUAL-CALENDAR-4947R-001-768x768.jpg 768w, https:\/\/nishiki-cycle.com\/demo\/wp-content\/uploads\/2023\/11\/PATEK-PHILIPPE-COMPLICATIONS-DIAMOND-SET-ANNUAL-CALENDAR-4947R-001-600x600.jpg 600w, https:\/\/nishiki-cycle.com\/demo\/wp-content\/uploads\/2023\/11\/PATEK-PHILIPPE-COMPLICATIONS-DIAMOND-SET-ANNUAL-CALENDAR-4947R-001-100x100.jpg 100w, https:\/\/nishiki-cycle.com\/demo\/wp-content\/uploads\/2023\/11\/PATEK-PHILIPPE-COMPLICATIONS-DIAMOND-SET-ANNUAL-CALENDAR-4947R-001.jpg 800w\" sizes=\"(max-width: 300px) 100vw, 300px\" \/><\/p>\n<p>M\u1ed7i chi\u1ebfc \u0111\u1ed3ng h\u1ed3\u00a0Patek Philippe g\u1eafn li\u1ec1n v\u1edbi m\u1ed9t c\u00e2u chuy\u1ec7n h\u1ea5p d\u1eabn v\u1ec1 c\u1ea3m x\u00fac c\u1ee7a m\u1ed7i con ng\u01b0\u1eddi, v\u00e0 c\u00f3 nh\u1eefng ng\u01b0\u1eddi \u0111\u00e3 l\u1ef1a ch\u1ecdn d\u00e0nh c\u1ea3 cu\u1ed9c \u0111\u1eddi m\u00ecnh \u0111\u1ec3 g\u1eafn li\u1ec1n v\u1edbi h\u00e3ng.<\/p>\n<p>Qu\u1ea3 th\u1ef1c \u0111\u00fang l\u00e0 nh\u01b0 v\u1eady, kh\u00f4ng ch\u1ec9 \u0111\u1ed1i v\u1edbi nh\u1eefng ng\u01b0\u1eddi th\u1ee3 ch\u1ebf t\u00e1c, m\u00e0 k\u1ec3 c\u1ea3 nh\u1eefng v\u1ecb kh\u00e1ch khi \u0111\u00e3 s\u1edf h\u1eefu trong tay m\u1ed9t chi\u1ebfc \u0111\u1ed3ng h\u1ed3 Patek Philippe \u0111\u1ec1u ho\u00e0n to\u00e0n b\u1ecb h\u1ea5p d\u1eabn b\u1edfi s\u1ee9c h\u00fat m\u00e3nh li\u1ec7t c\u1ee7a n\u00f3, h\u00f2a nh\u1eadp c\u00f9ng c\u1ea3m x\u00fac c\u1ee7a h\u1ecd v\u00e0 \u0111em l\u1ea1i nh\u1eefng n\u00e9t tinh t\u1ebf nh\u1ea5t t\u1eeb m\u00f3n ph\u1ee5 ki\u1ec7n \u0111\u1eaft gi\u00e1.<\/p>\n<p>Patek Philippe lu\u00f4n \u0111em \u0111\u1ebfn nh\u1eefng \u1ea5n t\u01b0\u1ee3ng \u0111\u1ea7u ti\u00ean v\u1ec1 s\u1ef1 thanh l\u1ecbch v\u00e0 tinh t\u1ebf. V\u00e0\u00a0Patek Philippe Complications Diamond Set Annual Calendar 4947R-001 c\u0169ng kh\u00f4ng l\u00e0 ngo\u1ea1i l\u1ec7. V\u1edbi di\u1ec7n m\u1ea1o c\u1ee7a m\u1ed9t chi\u1ebfc \u0111\u1ed3ng h\u1ed3 classic truy\u1ec1n th\u1ed1ng c\u00f9ng m\u1eb7t s\u1ed1 tr\u00f2n 38mm, k\u1ebft n\u1ed1i v\u1edbi b\u1ed9 d\u00e2y \u0111eo tay da tinh x\u1ea3o b\u1edfi c\u00e0ng n\u1ed1i d\u00e2y ch\u1eafc ch\u1eafn, hai ch\u1ea5t li\u1ec7u l\u00e0m n\u00ean v\u1ebb \u0111\u1eb9p ho\u00e0n m\u1ef9 ch\u1ec9 c\u00f3 th\u1ec3 l\u00e0\u00a0v\u00e0ng h\u1ed3ng 18K\u00a0\u0111\u1ed9c quy\u1ec1n c\u1ee7a Patek Philippe v\u00e0 da c\u00e1 s\u1ea5u s\u1ea7n \u0111\u1eb7c tr\u01b0ng.<\/p>\n<p>Thi\u1ebft k\u1ebf Patek Philippe Complications Diamond Set Annual Calendar 4947R-001 c\u1ee7a Patek Philippe kh\u00f4ng ch\u1ec9 mu\u1ed1n d\u1eebng l\u1ea1i \u1edf m\u1ed9t s\u1ef1 sang tr\u1ecdng, \u0111\u1eb3ng c\u1ea5p, m\u00e0 c\u00f2n h\u01b0\u1edbng \u0111\u1ebfn s\u1ef1 qu\u00fd ph\u00e1i th\u1eadt nu\u1ed9t n\u00e0. Ch\u00ednh b\u1edfi v\u1eady, bao ranh v\u00e0nh bezel v\u00e0 n\u00fam ch\u1ec9nh gi\u1edd l\u00e0 nh\u1eefng vi\u00ean kim c\u01b0\u01a1ng \u0111\u01b0\u1ee3c d\u00e1t th\u1eadt c\u00f4ng phu, tinh x\u1ea3o. Nh\u1eefng vi\u00ean kim c\u01b0\u01a1ng t\u1ea1o n\u00ean v\u1ebb l\u1ea5p l\u00e1nh \u0111\u1ea7y thu h\u00fat cho chi\u1ebfc \u0111\u1ed3ng h\u1ed3.<\/p>\n<p><strong>Th\u00f4ng tin k\u1ef9 thu\u1eadt<\/strong><\/p>\n<ul class=\"list-unstyled\">\n<li><strong>C\u01a1 ch\u1ebf m\u00e1y :<\/strong>\u00a0Automatic<\/li>\n<li><strong>K\u00edch th\u01b0\u1edbc :<\/strong>\u00a038mm<\/li>\n<li><strong>Ch\u1ee9c n\u0103ng :<\/strong>\u00a0Moon phase, Date, Weekday, Month, Year, Annual calendar<\/li>\n<li><strong>D\u00e2y \u0111eo :<\/strong>\u00a0D\u00e2y da<\/li>\n<li><strong>T\u00ecnh tr\u1ea1ng :<\/strong>\u00a0Brand New<\/li>\n<li><strong>Ref :<\/strong>\u00a04947R-001<\/li>\n<li><strong>Phong c\u00e1ch :<\/strong>\u00a0Classic<\/li>\n<li><strong>D\u1ef1 tr\u1eef c\u00f3t :<\/strong>\u00a03ATM<\/li>\n<li><strong>M\u1eb7t \u0111\u1ed3ng h\u1ed3 :<\/strong>\u00a0Saphie<\/li>\n<li><strong>Ch\u1ea5t li\u1ec7u v\u1ecf :<\/strong> Rose Gold<\/li>\n<\/ul>\n<p>Li\u00ean h\u1ec7 <span style=\"color: #0000ff;\"><a style=\"color: #0000ff;\" href=\"https:\/\/nishiki-cycle.com\/demo\/about-us-elementor\/\">Phoenix Luxury<\/a><\/span> \u0111\u1ec3 s\u1edf h\u1eefu chi\u1ebfc Patek Philippe Complications Diamond Set Annual Calendar 4947R-001 v\u1edbi m\u1ee9c gi\u00e1 h\u1ee3p l\u00fd nh\u1ea5t!<\/p>\n","protected":false},"excerpt":{"rendered":"<ul class=\"list-unstyled\">\n<li><strong>T\u00ecnh tr\u1ea1ng :<\/strong>\u00a0\u0110ang c\u00f2n h\u00e0ng<\/li>\n<li><strong>H\u00e3ng s\u1ea3n xu\u1ea5t :<\/strong>\u00a0Patek Philippe<\/li>\n<li><strong>Nam\/N\u1eef :<\/strong>\u00a0N\u1eef<\/li>\n<li><strong>C\u01a1 ch\u1ebf m\u00e1y :<\/strong>\u00a0Automatic<\/li>\n<li><strong>K\u00edch th\u01b0\u1edbc :<\/strong>\u00a038mm<\/li>\n<li><strong>Ch\u1ee9c n\u0103ng :<\/strong>\u00a0Moon phase, Date, Weekday, Month, Year, Annual calendar<\/li>\n<li><strong>D\u00e2y \u0111eo :<\/strong>\u00a0D\u00e2y da<\/li>\n<li><strong>T\u00ecnh tr\u1ea1ng :<\/strong>\u00a0Brand New<\/li>\n<li><strong>Ref :<\/strong>\u00a04947R-001<\/li>\n<li><strong>Phong c\u00e1ch :<\/strong>\u00a0Classic<\/li>\n<li><strong>D\u1ef1 tr\u1eef c\u00f3t :<\/strong>\u00a03ATM<\/li>\n<li><strong>M\u1eb7t \u0111\u1ed3ng h\u1ed3 :<\/strong>\u00a0Saphie<\/li>\n<li><strong>Ch\u1ea5t li\u1ec7u v\u1ecf :<\/strong> Rose Gold<\/li>\n<\/ul>\n","protected":false},"featured_media":10710,"comment_status":"open","ping_status":"closed","template":"","meta":[],"product_cat":[242,322],"product_tag":[],"class_list":["post-10282","product","type-product","status-publish","has-post-thumbnail","hentry","product_cat-womens-watches","product_cat-patek-philippe","product_brand-patek-philippe"],"yoast_head":"<!-- This site is optimized with the Yoast SEO plugin v21.6 - https:\/\/yoast.com\/wordpress\/plugins\/seo\/ -->\n<title>Patek Philippe Complications Diamond Set Annual Calendar 4947R-001 - Phoenix Luxury<\/title>\n<meta name=\"description\" content=\"Patek Philippe Complications Diamond Set Annual Calendar 4947R-001 s\u1edf h\u1eefu m\u1eb7t s\u1ed1 tr\u00f2n 38mm v\u1edbi b\u1ed9 d\u00e2y \u0111eo tay da tinh x\u1ea3o b\u1edfi c\u00e0ng n\u1ed1i d\u00e2y ch\u1eafc ch\u1eafn\" \/>\n<meta name=\"robots\" content=\"index, follow, max-snippet:-1, max-image-preview:large, max-video-preview:-1\" \/>\n<link rel=\"canonical\" href=\"https:\/\/nishiki-cycle.com\/demo\/san-pham\/patek-philippe-complications-diamond-set-annual-calendar-4947r-001\/\" \/>\n<meta property=\"og:locale\" content=\"vi_VN\" \/>\n<meta property=\"og:type\" content=\"article\" \/>\n<meta property=\"og:title\" content=\"Patek Philippe Complications Diamond Set Annual Calendar 4947R-001 - Phoenix Luxury\" \/>\n<meta property=\"og:description\" content=\"Patek Philippe Complications Diamond Set Annual Calendar 4947R-001 s\u1edf h\u1eefu m\u1eb7t s\u1ed1 tr\u00f2n 38mm v\u1edbi b\u1ed9 d\u00e2y \u0111eo tay da tinh x\u1ea3o b\u1edfi c\u00e0ng n\u1ed1i d\u00e2y ch\u1eafc ch\u1eafn\" \/>\n<meta property=\"og:url\" content=\"https:\/\/nishiki-cycle.com\/demo\/san-pham\/patek-philippe-complications-diamond-set-annual-calendar-4947r-001\/\" \/>\n<meta property=\"og:site_name\" content=\"Phoenix Luxury\" \/>\n<meta property=\"article:modified_time\" content=\"2023-12-09T12:51:45+00:00\" \/>\n<meta property=\"og:image\" content=\"https:\/\/nishiki-cycle.com\/demo\/wp-content\/uploads\/2023\/11\/PATEK-PHILIPPE-COMPLICATIONS-DIAMOND-SET-ANNUAL-CALENDAR-4947R-001.png\" \/>\n\t<meta property=\"og:image:width\" content=\"900\" \/>\n\t<meta property=\"og:image:height\" content=\"900\" \/>\n\t<meta property=\"og:image:type\" content=\"image\/png\" \/>\n<meta name=\"twitter:card\" content=\"summary_large_image\" \/>\n<meta name=\"twitter:label1\" content=\"\u01af\u1edbc t\u00ednh th\u1eddi gian \u0111\u1ecdc\" \/>\n\t<meta name=\"twitter:data1\" content=\"3 ph\u00fat\" \/>\n<script type=\"application\/ld+json\" class=\"yoast-schema-graph\">{\"@context\":\"https:\/\/schema.org\",\"@graph\":[{\"@type\":\"WebPage\",\"@id\":\"https:\/\/nishiki-cycle.com\/demo\/san-pham\/patek-philippe-complications-diamond-set-annual-calendar-4947r-001\/\",\"url\":\"https:\/\/nishiki-cycle.com\/demo\/san-pham\/patek-philippe-complications-diamond-set-annual-calendar-4947r-001\/\",\"name\":\"Patek Philippe Complications Diamond Set Annual Calendar 4947R-001 - Phoenix Luxury\",\"isPartOf\":{\"@id\":\"https:\/\/nishiki-cycle.com\/demo\/#website\"},\"datePublished\":\"2023-11-06T16:23:58+00:00\",\"dateModified\":\"2023-12-09T12:51:45+00:00\",\"description\":\"Patek Philippe Complications Diamond Set Annual Calendar 4947R-001 s\u1edf h\u1eefu m\u1eb7t s\u1ed1 tr\u00f2n 38mm v\u1edbi b\u1ed9 d\u00e2y \u0111eo tay da tinh x\u1ea3o b\u1edfi c\u00e0ng n\u1ed1i d\u00e2y ch\u1eafc ch\u1eafn\",\"breadcrumb\":{\"@id\":\"https:\/\/nishiki-cycle.com\/demo\/san-pham\/patek-philippe-complications-diamond-set-annual-calendar-4947r-001\/#breadcrumb\"},\"inLanguage\":\"vi\",\"potentialAction\":[{\"@type\":\"ReadAction\",\"target\":[\"https:\/\/nishiki-cycle.com\/demo\/san-pham\/patek-philippe-complications-diamond-set-annual-calendar-4947r-001\/\"]}]},{\"@type\":\"BreadcrumbList\",\"@id\":\"https:\/\/nishiki-cycle.com\/demo\/san-pham\/patek-philippe-complications-diamond-set-annual-calendar-4947r-001\/#breadcrumb\",\"itemListElement\":[{\"@type\":\"ListItem\",\"position\":1,\"name\":\"Trang ch\u1ee7\",\"item\":\"https:\/\/nishiki-cycle.com\/demo\/\"},{\"@type\":\"ListItem\",\"position\":2,\"name\":\"C\u1eeda h\u00e0ng\",\"item\":\"https:\/\/nishiki-cycle.com\/demo\/cua-hang\/\"},{\"@type\":\"ListItem\",\"position\":3,\"name\":\"PATEK PHILIPPE COMPLICATIONS DIAMOND SET ANNUAL CALENDAR 4947R-001\"}]},{\"@type\":\"WebSite\",\"@id\":\"https:\/\/nishiki-cycle.com\/demo\/#website\",\"url\":\"https:\/\/nishiki-cycle.com\/demo\/\",\"name\":\"Phoenix Luxury\",\"description\":\"\",\"potentialAction\":[{\"@type\":\"SearchAction\",\"target\":{\"@type\":\"EntryPoint\",\"urlTemplate\":\"https:\/\/nishiki-cycle.com\/demo\/?s={search_term_string}\"},\"query-input\":\"required name=search_term_string\"}],\"inLanguage\":\"vi\"}]}<\/script>\n<!-- \/ Yoast SEO plugin. -->","yoast_head_json":{"title":"Patek Philippe Complications Diamond Set Annual Calendar 4947R-001 - Phoenix Luxury","description":"Patek Philippe Complications Diamond Set Annual Calendar 4947R-001 s\u1edf h\u1eefu m\u1eb7t s\u1ed1 tr\u00f2n 38mm v\u1edbi b\u1ed9 d\u00e2y \u0111eo tay da tinh x\u1ea3o b\u1edfi c\u00e0ng n\u1ed1i d\u00e2y ch\u1eafc ch\u1eafn","robots":{"index":"index","follow":"follow","max-snippet":"max-snippet:-1","max-image-preview":"max-image-preview:large","max-video-preview":"max-video-preview:-1"},"canonical":"https:\/\/nishiki-cycle.com\/demo\/san-pham\/patek-philippe-complications-diamond-set-annual-calendar-4947r-001\/","og_locale":"vi_VN","og_type":"article","og_title":"Patek Philippe Complications Diamond Set Annual Calendar 4947R-001 - Phoenix Luxury","og_description":"Patek Philippe Complications Diamond Set Annual Calendar 4947R-001 s\u1edf h\u1eefu m\u1eb7t s\u1ed1 tr\u00f2n 38mm v\u1edbi b\u1ed9 d\u00e2y \u0111eo tay da tinh x\u1ea3o b\u1edfi c\u00e0ng n\u1ed1i d\u00e2y ch\u1eafc ch\u1eafn","og_url":"https:\/\/nishiki-cycle.com\/demo\/san-pham\/patek-philippe-complications-diamond-set-annual-calendar-4947r-001\/","og_site_name":"Phoenix Luxury","article_modified_time":"2023-12-09T12:51:45+00:00","og_image":[{"width":900,"height":900,"url":"https:\/\/nishiki-cycle.com\/demo\/wp-content\/uploads\/2023\/11\/PATEK-PHILIPPE-COMPLICATIONS-DIAMOND-SET-ANNUAL-CALENDAR-4947R-001.png","type":"image\/png"}],"twitter_card":"summary_large_image","twitter_misc":{"\u01af\u1edbc t\u00ednh th\u1eddi gian \u0111\u1ecdc":"3 ph\u00fat"},"schema":{"@context":"https:\/\/schema.org","@graph":[{"@type":"WebPage","@id":"https:\/\/nishiki-cycle.com\/demo\/san-pham\/patek-philippe-complications-diamond-set-annual-calendar-4947r-001\/","url":"https:\/\/nishiki-cycle.com\/demo\/san-pham\/patek-philippe-complications-diamond-set-annual-calendar-4947r-001\/","name":"Patek Philippe Complications Diamond Set Annual Calendar 4947R-001 - Phoenix Luxury","isPartOf":{"@id":"https:\/\/nishiki-cycle.com\/demo\/#website"},"datePublished":"2023-11-06T16:23:58+00:00","dateModified":"2023-12-09T12:51:45+00:00","description":"Patek Philippe Complications Diamond Set Annual Calendar 4947R-001 s\u1edf h\u1eefu m\u1eb7t s\u1ed1 tr\u00f2n 38mm v\u1edbi b\u1ed9 d\u00e2y \u0111eo tay da tinh x\u1ea3o b\u1edfi c\u00e0ng n\u1ed1i d\u00e2y ch\u1eafc ch\u1eafn","breadcrumb":{"@id":"https:\/\/nishiki-cycle.com\/demo\/san-pham\/patek-philippe-complications-diamond-set-annual-calendar-4947r-001\/#breadcrumb"},"inLanguage":"vi","potentialAction":[{"@type":"ReadAction","target":["https:\/\/nishiki-cycle.com\/demo\/san-pham\/patek-philippe-complications-diamond-set-annual-calendar-4947r-001\/"]}]},{"@type":"BreadcrumbList","@id":"https:\/\/nishiki-cycle.com\/demo\/san-pham\/patek-philippe-complications-diamond-set-annual-calendar-4947r-001\/#breadcrumb","itemListElement":[{"@type":"ListItem","position":1,"name":"Trang ch\u1ee7","item":"https:\/\/nishiki-cycle.com\/demo\/"},{"@type":"ListItem","position":2,"name":"C\u1eeda h\u00e0ng","item":"https:\/\/nishiki-cycle.com\/demo\/cua-hang\/"},{"@type":"ListItem","position":3,"name":"PATEK PHILIPPE COMPLICATIONS DIAMOND SET ANNUAL CALENDAR 4947R-001"}]},{"@type":"WebSite","@id":"https:\/\/nishiki-cycle.com\/demo\/#website","url":"https:\/\/nishiki-cycle.com\/demo\/","name":"Phoenix Luxury","description":"","potentialAction":[{"@type":"SearchAction","target":{"@type":"EntryPoint","urlTemplate":"https:\/\/nishiki-cycle.com\/demo\/?s={search_term_string}"},"query-input":"required name=search_term_string"}],"inLanguage":"vi"}]}},"_links":{"self":[{"href":"https:\/\/nishiki-cycle.com\/demo\/wp-json\/wp\/v2\/product\/10282","targetHints":{"allow":["GET"]}}],"collection":[{"href":"https:\/\/nishiki-cycle.com\/demo\/wp-json\/wp\/v2\/product"}],"about":[{"href":"https:\/\/nishiki-cycle.com\/demo\/wp-json\/wp\/v2\/types\/product"}],"replies":[{"embeddable":true,"href":"https:\/\/nishiki-cycle.com\/demo\/wp-json\/wp\/v2\/comments?post=10282"}],"wp:featuredmedia":[{"embeddable":true,"href":"https:\/\/nishiki-cycle.com\/demo\/wp-json\/wp\/v2\/media\/10710"}],"wp:attachment":[{"href":"https:\/\/nishiki-cycle.com\/demo\/wp-json\/wp\/v2\/media?parent=10282"}],"wp:term":[{"taxonomy":"product_cat","embeddable":true,"href":"https:\/\/nishiki-cycle.com\/demo\/wp-json\/wp\/v2\/product_cat?post=10282"},{"taxonomy":"product_tag","embeddable":true,"href":"https:\/\/nishiki-cycle.com\/demo\/wp-json\/wp\/v2\/product_tag?post=10282"}],"curies":[{"name":"wp","href":"https:\/\/api.w.org\/{rel}","templated":true}]}}