{"id":10824,"date":"2023-11-26T17:33:28","date_gmt":"2023-11-26T17:33:28","guid":{"rendered":"https:\/\/nishiki-cycle.com\/demo\/?post_type=product&#038;p=10824"},"modified":"2023-12-09T12:42:23","modified_gmt":"2023-12-09T12:42:23","slug":"hublot-classic-fusion-ceramic-blue-chronograph-45mm","status":"publish","type":"product","link":"https:\/\/nishiki-cycle.com\/demo\/san-pham\/hublot-classic-fusion-ceramic-blue-chronograph-45mm\/","title":{"rendered":"Hublot Classic Fusion Ceramic Blue Chronograph 45mm"},"content":{"rendered":"<p><img fetchpriority=\"high\" decoding=\"async\" class=\"size-medium wp-image-10825 aligncenter\" src=\"https:\/\/nishiki-cycle.com\/demo\/wp-content\/uploads\/2023\/11\/1-5-300x300.png\" alt=\"\" width=\"300\" height=\"300\" srcset=\"https:\/\/nishiki-cycle.com\/demo\/wp-content\/uploads\/2023\/11\/1-5-300x300.png 300w, https:\/\/nishiki-cycle.com\/demo\/wp-content\/uploads\/2023\/11\/1-5-150x150.png 150w, https:\/\/nishiki-cycle.com\/demo\/wp-content\/uploads\/2023\/11\/1-5-768x768.png 768w, https:\/\/nishiki-cycle.com\/demo\/wp-content\/uploads\/2023\/11\/1-5-600x600.png 600w, https:\/\/nishiki-cycle.com\/demo\/wp-content\/uploads\/2023\/11\/1-5-100x100.png 100w, https:\/\/nishiki-cycle.com\/demo\/wp-content\/uploads\/2023\/11\/1-5.png 900w\" sizes=\"(max-width: 300px) 100vw, 300px\" \/><\/p>\n<p>V\u1edbi tu\u1ed5i \u0111\u1eddi t\u01b0\u01a1ng \u0111\u1ed1i tr\u1ebb trong gi\u1edbi ch\u1ebf t\u00e1c \u0111\u1ed3ng h\u1ed3 Th\u1ee5y S\u1ef9, b\u01b0\u1edbc ch\u00e2n v\u00e0o th\u1ebf k\u1ef7 XXI, nh\u00e0 s\u1ea3n xu\u1ea5t Hublot bu\u1ed9c ph\u1ea3i c\u1ed1 g\u1eafng \u0111\u01b0a ra nh\u1eefng c\u1ed7 m\u00e1y th\u1eddi gian th\u1ebf h\u1ec7 m\u1edbi v\u1edbi thi\u1ebft k\u1ebf s\u00e1ng t\u1ea1o, tr\u1ebb trung, \u0111i k\u00e8m m\u1ed9t b\u1ed9 m\u00e1y ho\u1ea1t \u0111\u1ed9ng ch\u00ednh x\u00e1c, b\u1ec1n b\u1ec9. l\u00e0 m\u1ed9t m\u1eabu \u0111\u1ed3ng h\u1ed3 n\u1eb1m trong b\u1ed9 s\u01b0u t\u1eadp \u0111\u01b0\u1ee3c \u01b0a th\u00edch nh\u1ea5t c\u1ee7a\u00a0Hublot\u00a0nh\u1edd \u0111\u1ed9 ti\u1ec7n d\u1ee5ng cao, d\u1ec5 d\u00e0ng ph\u1ed1i \u0111\u1ed3 &#8211; Classic Fusion. M\u1eabu \u0111\u1ed3ng h\u1ed3 n\u00e0y c\u00f3 t\u00ean ch\u00ednh x\u00e1c l\u00e0\u00a0Hublot Classic Fusion Ceramic Blue Chronograph 45mm, v\u1edbi m\u00e3 hi\u1ec7u 521.CM.7170.LR.<\/p>\n<p>Th\u00f4ng th\u01b0\u1eddng, Ceramic ch\u1ec9 \u0111\u01b0\u1ee3c s\u1eed d\u1ee5ng tr\u00ean v\u00e0nh bezel \u0111\u1ec3 t\u1ea1o \u0111\u1ed9 t\u01b0\u01a1ng ph\u1ea3n v\u1edbi v\u1ecf th\u00e9p v\u00e0 t\u0103ng kh\u1ea3 n\u0103ng ch\u1ed1ng x\u01b0\u1edbc. Tuy nhi\u00ean, v\u1edbi m\u1eabu\u00a0<span style=\"color: #0000ff;\"><strong><a style=\"color: #0000ff;\" title=\"\u0111\u1ed3ng h\u1ed3\u00a0Hublot\" href=\"https:\/\/nishiki-cycle.com\/demo\/danh-muc-san-pham\/hublot\/?product_count=36\" target=\"_blank\" rel=\"noopener\">\u0111\u1ed3ng h\u1ed3 Hublot<\/a><\/strong><\/span>\u00a0Classic Fusion Ceramic Blue\u00a0Chronograph 45mm th\u00ec Hublot \u0111\u00e3 quy\u1ebft \u0111\u1ecbnh s\u1eed d\u1ee5ng Ceramic tr\u00ean to\u00e0n b\u1ed9 b\u1ed9 v\u1ecf. V\u00ec l\u1ebd \u0111\u00f3, ch\u00fang ta c\u00f3 m\u1ed9t chi\u1ebfc \u0111\u1ed3ng h\u1ed3 v\u1edbi b\u1ed9 v\u1ecf \u0111en nh\u00e1m th\u1ef1c s\u1ef1 \u1ea5n t\u01b0\u1ee3ng v\u00e0 b\u1eaft m\u1eaft.<\/p>\n<p>M\u1eb7t s\u1ed1 xanh lam \u0111ang l\u00e0 xu h\u01b0\u1edbng m\u1edbi tr\u00ean \u0111\u1ed3ng h\u1ed3, v\u00e0 Hublot c\u0169ng k\u1ebft h\u1ee3p t\u00f4ng m\u00e0u xanh l\u00ean chi\u1ebfc \u0111\u1ed3ng h\u1ed3 n\u00e0y. M\u1eb7t s\u1ed1 \u0111\u01b0\u1ee3c ho\u00e0n thi\u1ec7n ch\u1ea3i tia b\u1eaft m\u1eaft, gi\u00fap b\u1eaft s\u00e1ng t\u1ed1t h\u01a1n. H\u1ec7 th\u1ed1ng c\u1ecdc s\u1ed1 v\u00e0 kim \u0111\u1ec1u \u0111\u01b0\u1ee3c ch\u1ebf t\u00e1c t\u1eeb v\u00e0ng tr\u1eafng, gi\u00fap ng\u01b0\u1eddi d\u00f9ng c\u00f3 th\u1ec3 d\u1ec5 d\u00e0ng quan s\u00e1t th\u1eddi gian.\u00a0Tr\u00ean n\u1ec1n m\u1eb7t s\u1ed1 xanh l\u00e0 hai m\u1eb7t s\u1ed1 ph\u1ee5 chronograph v\u1edbi nh\u1eefng \u0111\u01b0\u1eddng tr\u00f2n \u0111\u1ed3ng t\u00e2m, \u0111em l\u1ea1i hi\u1ec7u \u1ee9ng \u00e1nh s\u00e1ng \u1ea5n t\u01b0\u1ee3ng.<\/p>\n<p>Hublot Classic Fusion Ceramic Blue\u00a0Chronograph 45mm\u00a0s\u1eed d\u1ee5ng b\u1ed9 m\u00e1y\u00a0Calibre HUB1143\u00a0ho\u1ea1t \u0111\u1ed9ng v\u1edbi t\u1ea7n s\u1ed1 28,800 vph v\u00e0 c\u00f3 th\u1eddi l\u01b0\u1ee3ng c\u00f3t 42 gi\u1edd.<\/p>\n<p>B\u1ed9 d\u00e2y cao su\/da quen thu\u1ed9c c\u1ee7a Hublot c\u0169ng c\u00f3 t\u00f4ng m\u00e0u xanh lam tone suit tone v\u1edbi m\u1eb7t s\u1ed1 \u0111\u1ed3ng h\u1ed3. Hublot l\u00e0 th\u01b0\u01a1ng hi\u1ec7u ti\u00ean phong trong vi\u1ec7c s\u1eed d\u1ee5ng d\u00e2y cao su, v\u00e0 c\u00f3 l\u1ebd ch\u00fang ta kh\u00f4ng c\u1ea7n nh\u1eafc t\u1edbi ch\u1ea5t l\u01b0\u1ee3ng c\u1ee7a b\u1ed9 d\u00e2y cao su n\u00e0y.<\/p>\n","protected":false},"excerpt":{"rendered":"<p>Nam\/N\u1eef : Nam<br \/>\nC\u01a1 ch\u1ebf m\u00e1y : Automatic<br \/>\nK\u00edch th\u01b0\u1edbc : 45mm<br \/>\nCh\u1ee9c n\u0103ng : Chronograph, ng\u00e0y, gi\u1edd, ph\u00fat, gi\u00e2y<br \/>\nD\u00e2y \u0111eo : Cao su m\u00e0u xanh<br \/>\nT\u00ecnh tr\u1ea1ng : Brand New<br \/>\nPhong c\u00e1ch : Tr\u1ebb Trung,Hi\u1ec7n \u0110\u1ea1i<br \/>\nD\u1ef1 tr\u1eef c\u00f3t : 42H<br \/>\nM\u1eb7t \u0111\u1ed3ng h\u1ed3 : Sapphire<br \/>\nKh\u1ea3 n\u0103ng ch\u1ed1ng n\u01b0\u1edbc : 50m (ATM)<br \/>\nCh\u1ea5t li\u1ec7u : Black Ceramic<\/p>\n","protected":false},"featured_media":10825,"comment_status":"open","ping_status":"closed","template":"","meta":[],"product_cat":[195,320],"product_tag":[],"class_list":["post-10824","product","type-product","status-publish","has-post-thumbnail","hentry","product_cat-mens-watches","product_cat-hublot","product_brand-hublot"],"yoast_head":"<!-- This site is optimized with the Yoast SEO plugin v21.6 - https:\/\/yoast.com\/wordpress\/plugins\/seo\/ -->\n<title>Hublot Classic Fusion Ceramic Blue Chronograph 45mm - Phoenix Luxury<\/title>\n<meta name=\"description\" content=\"Hublot Classic Fusion Ceramic Blue Chronograph 45mm s\u1edf h\u1eefu h\u1ec7 th\u1ed1ng c\u1ecdc s\u1ed1 v\u00e0 kim b\u1eb1ng v\u00e0ng tr\u1eafng, gi\u00fap ng\u01b0\u1eddi d\u00f9ng c\u00f3 th\u1ec3 d\u1ec5 d\u00e0ng quan s\u00e1t th\u1eddi gian\" \/>\n<meta name=\"robots\" content=\"index, follow, max-snippet:-1, max-image-preview:large, max-video-preview:-1\" \/>\n<link rel=\"canonical\" href=\"https:\/\/nishiki-cycle.com\/demo\/san-pham\/hublot-classic-fusion-ceramic-blue-chronograph-45mm\/\" \/>\n<meta property=\"og:locale\" content=\"vi_VN\" \/>\n<meta property=\"og:type\" content=\"article\" \/>\n<meta property=\"og:title\" content=\"Hublot Classic Fusion Ceramic Blue Chronograph 45mm - Phoenix Luxury\" \/>\n<meta property=\"og:description\" content=\"Hublot Classic Fusion Ceramic Blue Chronograph 45mm s\u1edf h\u1eefu h\u1ec7 th\u1ed1ng c\u1ecdc s\u1ed1 v\u00e0 kim b\u1eb1ng v\u00e0ng tr\u1eafng, gi\u00fap ng\u01b0\u1eddi d\u00f9ng c\u00f3 th\u1ec3 d\u1ec5 d\u00e0ng quan s\u00e1t th\u1eddi gian\" \/>\n<meta property=\"og:url\" content=\"https:\/\/nishiki-cycle.com\/demo\/san-pham\/hublot-classic-fusion-ceramic-blue-chronograph-45mm\/\" \/>\n<meta property=\"og:site_name\" content=\"Phoenix Luxury\" \/>\n<meta property=\"article:modified_time\" content=\"2023-12-09T12:42:23+00:00\" \/>\n<meta property=\"og:image\" content=\"https:\/\/nishiki-cycle.com\/demo\/wp-content\/uploads\/2023\/11\/1-5.png\" \/>\n\t<meta property=\"og:image:width\" content=\"900\" \/>\n\t<meta property=\"og:image:height\" content=\"900\" \/>\n\t<meta property=\"og:image:type\" content=\"image\/png\" \/>\n<meta name=\"twitter:card\" content=\"summary_large_image\" \/>\n<meta name=\"twitter:label1\" content=\"\u01af\u1edbc t\u00ednh th\u1eddi gian \u0111\u1ecdc\" \/>\n\t<meta name=\"twitter:data1\" content=\"3 ph\u00fat\" \/>\n<script type=\"application\/ld+json\" class=\"yoast-schema-graph\">{\"@context\":\"https:\/\/schema.org\",\"@graph\":[{\"@type\":\"WebPage\",\"@id\":\"https:\/\/nishiki-cycle.com\/demo\/san-pham\/hublot-classic-fusion-ceramic-blue-chronograph-45mm\/\",\"url\":\"https:\/\/nishiki-cycle.com\/demo\/san-pham\/hublot-classic-fusion-ceramic-blue-chronograph-45mm\/\",\"name\":\"Hublot Classic Fusion Ceramic Blue Chronograph 45mm - Phoenix Luxury\",\"isPartOf\":{\"@id\":\"https:\/\/nishiki-cycle.com\/demo\/#website\"},\"datePublished\":\"2023-11-26T17:33:28+00:00\",\"dateModified\":\"2023-12-09T12:42:23+00:00\",\"description\":\"Hublot Classic Fusion Ceramic Blue Chronograph 45mm s\u1edf h\u1eefu h\u1ec7 th\u1ed1ng c\u1ecdc s\u1ed1 v\u00e0 kim b\u1eb1ng v\u00e0ng tr\u1eafng, gi\u00fap ng\u01b0\u1eddi d\u00f9ng c\u00f3 th\u1ec3 d\u1ec5 d\u00e0ng quan s\u00e1t th\u1eddi gian\",\"breadcrumb\":{\"@id\":\"https:\/\/nishiki-cycle.com\/demo\/san-pham\/hublot-classic-fusion-ceramic-blue-chronograph-45mm\/#breadcrumb\"},\"inLanguage\":\"vi\",\"potentialAction\":[{\"@type\":\"ReadAction\",\"target\":[\"https:\/\/nishiki-cycle.com\/demo\/san-pham\/hublot-classic-fusion-ceramic-blue-chronograph-45mm\/\"]}]},{\"@type\":\"BreadcrumbList\",\"@id\":\"https:\/\/nishiki-cycle.com\/demo\/san-pham\/hublot-classic-fusion-ceramic-blue-chronograph-45mm\/#breadcrumb\",\"itemListElement\":[{\"@type\":\"ListItem\",\"position\":1,\"name\":\"Trang ch\u1ee7\",\"item\":\"https:\/\/nishiki-cycle.com\/demo\/\"},{\"@type\":\"ListItem\",\"position\":2,\"name\":\"C\u1eeda h\u00e0ng\",\"item\":\"https:\/\/nishiki-cycle.com\/demo\/cua-hang\/\"},{\"@type\":\"ListItem\",\"position\":3,\"name\":\"HUBLOT CLASSIC FUSION CERAMIC BLUE CHRONOGRAPH 45MM\"}]},{\"@type\":\"WebSite\",\"@id\":\"https:\/\/nishiki-cycle.com\/demo\/#website\",\"url\":\"https:\/\/nishiki-cycle.com\/demo\/\",\"name\":\"Phoenix Luxury\",\"description\":\"\",\"potentialAction\":[{\"@type\":\"SearchAction\",\"target\":{\"@type\":\"EntryPoint\",\"urlTemplate\":\"https:\/\/nishiki-cycle.com\/demo\/?s={search_term_string}\"},\"query-input\":\"required name=search_term_string\"}],\"inLanguage\":\"vi\"}]}<\/script>\n<!-- \/ Yoast SEO plugin. -->","yoast_head_json":{"title":"Hublot Classic Fusion Ceramic Blue Chronograph 45mm - Phoenix Luxury","description":"Hublot Classic Fusion Ceramic Blue Chronograph 45mm s\u1edf h\u1eefu h\u1ec7 th\u1ed1ng c\u1ecdc s\u1ed1 v\u00e0 kim b\u1eb1ng v\u00e0ng tr\u1eafng, gi\u00fap ng\u01b0\u1eddi d\u00f9ng c\u00f3 th\u1ec3 d\u1ec5 d\u00e0ng quan s\u00e1t th\u1eddi gian","robots":{"index":"index","follow":"follow","max-snippet":"max-snippet:-1","max-image-preview":"max-image-preview:large","max-video-preview":"max-video-preview:-1"},"canonical":"https:\/\/nishiki-cycle.com\/demo\/san-pham\/hublot-classic-fusion-ceramic-blue-chronograph-45mm\/","og_locale":"vi_VN","og_type":"article","og_title":"Hublot Classic Fusion Ceramic Blue Chronograph 45mm - Phoenix Luxury","og_description":"Hublot Classic Fusion Ceramic Blue Chronograph 45mm s\u1edf h\u1eefu h\u1ec7 th\u1ed1ng c\u1ecdc s\u1ed1 v\u00e0 kim b\u1eb1ng v\u00e0ng tr\u1eafng, gi\u00fap ng\u01b0\u1eddi d\u00f9ng c\u00f3 th\u1ec3 d\u1ec5 d\u00e0ng quan s\u00e1t th\u1eddi gian","og_url":"https:\/\/nishiki-cycle.com\/demo\/san-pham\/hublot-classic-fusion-ceramic-blue-chronograph-45mm\/","og_site_name":"Phoenix Luxury","article_modified_time":"2023-12-09T12:42:23+00:00","og_image":[{"width":900,"height":900,"url":"https:\/\/nishiki-cycle.com\/demo\/wp-content\/uploads\/2023\/11\/1-5.png","type":"image\/png"}],"twitter_card":"summary_large_image","twitter_misc":{"\u01af\u1edbc t\u00ednh th\u1eddi gian \u0111\u1ecdc":"3 ph\u00fat"},"schema":{"@context":"https:\/\/schema.org","@graph":[{"@type":"WebPage","@id":"https:\/\/nishiki-cycle.com\/demo\/san-pham\/hublot-classic-fusion-ceramic-blue-chronograph-45mm\/","url":"https:\/\/nishiki-cycle.com\/demo\/san-pham\/hublot-classic-fusion-ceramic-blue-chronograph-45mm\/","name":"Hublot Classic Fusion Ceramic Blue Chronograph 45mm - Phoenix Luxury","isPartOf":{"@id":"https:\/\/nishiki-cycle.com\/demo\/#website"},"datePublished":"2023-11-26T17:33:28+00:00","dateModified":"2023-12-09T12:42:23+00:00","description":"Hublot Classic Fusion Ceramic Blue Chronograph 45mm s\u1edf h\u1eefu h\u1ec7 th\u1ed1ng c\u1ecdc s\u1ed1 v\u00e0 kim b\u1eb1ng v\u00e0ng tr\u1eafng, gi\u00fap ng\u01b0\u1eddi d\u00f9ng c\u00f3 th\u1ec3 d\u1ec5 d\u00e0ng quan s\u00e1t th\u1eddi gian","breadcrumb":{"@id":"https:\/\/nishiki-cycle.com\/demo\/san-pham\/hublot-classic-fusion-ceramic-blue-chronograph-45mm\/#breadcrumb"},"inLanguage":"vi","potentialAction":[{"@type":"ReadAction","target":["https:\/\/nishiki-cycle.com\/demo\/san-pham\/hublot-classic-fusion-ceramic-blue-chronograph-45mm\/"]}]},{"@type":"BreadcrumbList","@id":"https:\/\/nishiki-cycle.com\/demo\/san-pham\/hublot-classic-fusion-ceramic-blue-chronograph-45mm\/#breadcrumb","itemListElement":[{"@type":"ListItem","position":1,"name":"Trang ch\u1ee7","item":"https:\/\/nishiki-cycle.com\/demo\/"},{"@type":"ListItem","position":2,"name":"C\u1eeda h\u00e0ng","item":"https:\/\/nishiki-cycle.com\/demo\/cua-hang\/"},{"@type":"ListItem","position":3,"name":"HUBLOT CLASSIC FUSION CERAMIC BLUE CHRONOGRAPH 45MM"}]},{"@type":"WebSite","@id":"https:\/\/nishiki-cycle.com\/demo\/#website","url":"https:\/\/nishiki-cycle.com\/demo\/","name":"Phoenix Luxury","description":"","potentialAction":[{"@type":"SearchAction","target":{"@type":"EntryPoint","urlTemplate":"https:\/\/nishiki-cycle.com\/demo\/?s={search_term_string}"},"query-input":"required name=search_term_string"}],"inLanguage":"vi"}]}},"_links":{"self":[{"href":"https:\/\/nishiki-cycle.com\/demo\/wp-json\/wp\/v2\/product\/10824","targetHints":{"allow":["GET"]}}],"collection":[{"href":"https:\/\/nishiki-cycle.com\/demo\/wp-json\/wp\/v2\/product"}],"about":[{"href":"https:\/\/nishiki-cycle.com\/demo\/wp-json\/wp\/v2\/types\/product"}],"replies":[{"embeddable":true,"href":"https:\/\/nishiki-cycle.com\/demo\/wp-json\/wp\/v2\/comments?post=10824"}],"wp:featuredmedia":[{"embeddable":true,"href":"https:\/\/nishiki-cycle.com\/demo\/wp-json\/wp\/v2\/media\/10825"}],"wp:attachment":[{"href":"https:\/\/nishiki-cycle.com\/demo\/wp-json\/wp\/v2\/media?parent=10824"}],"wp:term":[{"taxonomy":"product_cat","embeddable":true,"href":"https:\/\/nishiki-cycle.com\/demo\/wp-json\/wp\/v2\/product_cat?post=10824"},{"taxonomy":"product_tag","embeddable":true,"href":"https:\/\/nishiki-cycle.com\/demo\/wp-json\/wp\/v2\/product_tag?post=10824"}],"curies":[{"name":"wp","href":"https:\/\/api.w.org\/{rel}","templated":true}]}}