{"id":11404,"date":"2024-01-04T17:22:08","date_gmt":"2024-01-04T17:22:08","guid":{"rendered":"https:\/\/nishiki-cycle.com\/demo\/?post_type=product&#038;p=11404"},"modified":"2024-01-04T17:22:09","modified_gmt":"2024-01-04T17:22:09","slug":"hublot-spirit-of-big-bang-king-gold-pave-42mm","status":"publish","type":"product","link":"https:\/\/nishiki-cycle.com\/demo\/san-pham\/hublot-spirit-of-big-bang-king-gold-pave-42mm\/","title":{"rendered":"Hublot Spirit Of Big Bang King Gold Pave 42mm"},"content":{"rendered":"<p><img fetchpriority=\"high\" decoding=\"async\" class=\"size-medium wp-image-11405 aligncenter\" src=\"https:\/\/nishiki-cycle.com\/demo\/wp-content\/uploads\/2024\/01\/1-4-300x300.jpg\" alt=\"\" width=\"300\" height=\"300\" srcset=\"https:\/\/nishiki-cycle.com\/demo\/wp-content\/uploads\/2024\/01\/1-4-300x300.jpg 300w, https:\/\/nishiki-cycle.com\/demo\/wp-content\/uploads\/2024\/01\/1-4-150x150.jpg 150w, https:\/\/nishiki-cycle.com\/demo\/wp-content\/uploads\/2024\/01\/1-4-768x768.jpg 768w, https:\/\/nishiki-cycle.com\/demo\/wp-content\/uploads\/2024\/01\/1-4-600x600.jpg 600w, https:\/\/nishiki-cycle.com\/demo\/wp-content\/uploads\/2024\/01\/1-4-100x100.jpg 100w, https:\/\/nishiki-cycle.com\/demo\/wp-content\/uploads\/2024\/01\/1-4.jpg 900w\" sizes=\"(max-width: 300px) 100vw, 300px\" \/><\/p>\n<p dir=\"ltr\">Hublot Spirit Of Big Bang King Gold Pave 42mm s\u1edf h\u1eefu d\u00e2y \u0111eo \u0111\u01b0\u1ee3c l\u00e0m t\u1eeb da c\u00e1 s\u1ea5u m\u00e0u n\u00e2u chocolate c\u1ed5 \u0111i\u1ec3n, c\u00f3 b\u1ec1 m\u1eb7t s\u1ea7n nh\u1eb9 \u0111\u1eb7c tr\u01b0ng, k\u1ebft h\u1ee3p v\u1edbi l\u1edbp cao su b\u1ec1n b\u1ec9 khi\u1ebfn d\u00e2y \u0111eo \u0111\u1ed3ng h\u1ed3 tr\u1edf n\u00ean m\u1ea1nh m\u1ebd v\u00e0 \u0111\u1ea7y nam t\u00ednh. \u0110\u1ed3ng h\u1ed3 c\u00f3 m\u1ee9c ch\u1ed1ng th\u1ea5m n\u01b0\u1edbc l\u00e0 100m v\u00e0 \u0111\u01b0\u1ee3c bao ph\u1ee7 b\u1edfi l\u1edbp k\u00ednh sapphire ch\u1ed1ng tr\u1ea7y x\u01b0\u1edbc.<\/p>\n<p dir=\"ltr\">Xuy\u00ean qua l\u1edbp k\u00ednh sapphire trong su\u1ed1t, ch\u1ee7 nh\u00e2n c\u00f3 th\u1ec3 tho\u1ea3i m\u00e1i chi\u00eam ng\u01b0\u1ee1ng nh\u1eefng v\u00f2ng quay kh\u00f4ng ng\u1eebng c\u1ee7a b\u1ed9 chuy\u1ec3n \u0111\u1ed9ng chronograph t\u1ef1 \u0111\u1ed9ng HUB 4700 v\u1edbi m\u1ee9c d\u1ef1 tr\u1eef n\u0103ng l\u01b0\u1ee3ng 50 gi\u1edd \u0111\u01b0\u1ee3c Hublot \u0111i\u1ec1u ch\u1ec9nh d\u1ef1a tr\u00ean n\u1ec1n t\u1ea3ng m\u00e1y Zenith El Primero d\u01b0\u1edbi thi\u1ebft k\u1ebf skeleton \u0111\u1ed9c \u0111\u00e1o v\u1edbi c\u00e1c m\u1eb7t s\u1ed1 ph\u1ee5 \u0111\u01b0\u1ee3c s\u1eafp x\u1ebfp h\u00e0i h\u00f2a.<\/p>\n<p dir=\"ltr\">L\u1eb7ng l\u1ebd d\u1ecbch chuy\u1ec3n theo t\u1eebng nh\u1ecbp \u0111\u1eadp c\u1ee7a tr\u00e1i tim \u0111\u1ed3ng h\u1ed3, trung t\u00e2m m\u1eb7t s\u1ed1 l\u00e0 b\u1ed9 kim Skeleton c\u00f9ng ch\u1ea5t li\u1ec7u v\u1edbi v\u1ecf s\u1eafc s\u1ea3o, kim gi\u00e2y g\u1eafn bi\u1ec3u t\u01b0\u1ee3ng th\u01b0\u01a1ng hi\u1ec7u Hublot c\u00f9ng hai kim gi\u1edd v\u00e0 ph\u00fat \u0111\u01b0\u1ee3c ph\u1ee7 ch\u1ea5t ph\u00e1t quang tr\u1eafng gi\u00fap t\u0103ng kh\u1ea3 n\u0103ng quan s\u00e1t trong m\u00f4i tr\u01b0\u1eddng thi\u1ebfu \u00e1nh s\u00e1ng.<\/p>\n<p dir=\"ltr\">Kh\u00f4ng ch\u1ec9 c\u00f3 v\u1ebb ngo\u00e0i \u1ea5n t\u01b0\u1ee3ng, Hublot Spirit Of Big Bang King Gold Pave 42mm c\u00f2n s\u1edf h\u1eefu c\u00e1c t\u00ednh n\u0103ng chronograph v\u00e0 l\u1ecbch ng\u00e0y v\u00f4 c\u00f9ng l\u1ea1 m\u1eaft v\u00e0 h\u1ea5p d\u1eabn. \u0110\u00f3 l\u00e0 m\u1eb7t s\u1ed1 ph\u1ee5 hi\u1ec3n th\u1ecb gi\u00e2y \u1edf v\u1ecb tr\u00ed 9 gi\u1edd c\u00f9ng hai thang \u0111o chronograph theo ph\u00fat (30 ph\u00fat) v\u00e0 theo gi\u1edd (12 gi\u1edd) \u0111\u01b0\u1ee3c \u0111\u1eb7t l\u1ea7n l\u01b0\u1ee3t \u1edf hai v\u1ecb tr\u00ed 3 gi\u1edd v\u00e0 6 gi\u1edd. Ch\u1ea1y quanh c\u1ed7 m\u00e1y l\u00e0 m\u1ed9t v\u00f2ng hi\u1ec3n th\u1ecb ng\u00e0y trong th\u00e1ng v\u1edbi \u0111\u1ee7 31 ng\u00e0y, \u00f4 c\u1eeda s\u1ed5 ch\u1ec9 ng\u00e0y khi\u00eam t\u1ed1n n\u1eb1m gi\u1eefa hai v\u1ecb tr\u00ed 4 gi\u1edd v\u00e0 5 gi\u1edd c\u00e0ng t\u0103ng th\u00eam \u0111\u1ed9 tinh x\u1ea3o v\u00e0 ph\u1ee9c t\u1ea1p c\u1ee7a chi\u1ebfc \u0111\u1ed3ng h\u1ed3 n\u00e0y.<\/p>\n","protected":false},"excerpt":{"rendered":"<p>M\u00e3: 641.OX.0183.LR.1704<\/p>\n<p>Xu\u1ea5t x\u1ee9: Th\u1ee5y S\u1ef9<\/p>\n<p>K\u00edch th\u01b0\u1edbc: 42 mm<\/p>\n<p>Ch\u1ea5t li\u1ec7u v\u1ecf: V\u00e0ng King Gold<\/p>\n<p>K\u00ednh: Sapphire<\/p>\n<p>M\u1eb7t s\u1ed1: Skeleton l\u1ed9 c\u01a1<\/p>\n<p>B\u1ed9 m\u00e1y: Automatic, HUB 4700<\/p>\n<p>Ch\u1ee9c n\u0103ng: Gi\u1edd, Ph\u00fat, Gi\u00e2y, Ng\u00e0y, Chronograph<\/p>\n<p>D\u1ef1 tr\u1eef n\u0103ng l\u01b0\u1ee3ng: 50 gi\u1edd<\/p>\n<p>D\u00e2y \u0111eo: D\u00e2y \u0111eo cao su<\/p>\n<p>Kh\u00e1ng n\u01b0\u1edbc: 100m (10 ATM)<\/p>\n","protected":false},"featured_media":11405,"comment_status":"open","ping_status":"closed","template":"","meta":[],"product_cat":[334,195,320,336],"product_tag":[],"class_list":["post-11404","product","type-product","status-publish","has-post-thumbnail","hentry","product_cat-40mm-42mm","product_cat-mens-watches","product_cat-hublot","product_cat-vang-hong-18k","product_brand-hublot"],"yoast_head":"<!-- This site is optimized with the Yoast SEO plugin v21.6 - https:\/\/yoast.com\/wordpress\/plugins\/seo\/ -->\n<title>Hublot Spirit Of Big Bang King Gold Pave 42mm - Phoenix Luxury<\/title>\n<meta name=\"description\" content=\"Hublot Spirit Of Big Bang King Gold Pave 42mm s\u1edf h\u1eefu d\u00e2y \u0111eo \u0111\u01b0\u1ee3c l\u00e0m t\u1eeb da c\u00e1 s\u1ea5u m\u00e0u n\u00e2u chocolate c\u1ed5 \u0111i\u1ec3n, c\u00f3 b\u1ec1 m\u1eb7t s\u1ea7n nh\u1eb9 \u0111\u1eb7c tr\u01b0ng.\" \/>\n<meta name=\"robots\" content=\"index, follow, max-snippet:-1, max-image-preview:large, max-video-preview:-1\" \/>\n<link rel=\"canonical\" href=\"https:\/\/nishiki-cycle.com\/demo\/san-pham\/hublot-spirit-of-big-bang-king-gold-pave-42mm\/\" \/>\n<meta property=\"og:locale\" content=\"vi_VN\" \/>\n<meta property=\"og:type\" content=\"article\" \/>\n<meta property=\"og:title\" content=\"Hublot Spirit Of Big Bang King Gold Pave 42mm - Phoenix Luxury\" \/>\n<meta property=\"og:description\" content=\"Hublot Spirit Of Big Bang King Gold Pave 42mm s\u1edf h\u1eefu d\u00e2y \u0111eo \u0111\u01b0\u1ee3c l\u00e0m t\u1eeb da c\u00e1 s\u1ea5u m\u00e0u n\u00e2u chocolate c\u1ed5 \u0111i\u1ec3n, c\u00f3 b\u1ec1 m\u1eb7t s\u1ea7n nh\u1eb9 \u0111\u1eb7c tr\u01b0ng.\" \/>\n<meta property=\"og:url\" content=\"https:\/\/nishiki-cycle.com\/demo\/san-pham\/hublot-spirit-of-big-bang-king-gold-pave-42mm\/\" \/>\n<meta property=\"og:site_name\" content=\"Phoenix Luxury\" \/>\n<meta property=\"article:modified_time\" content=\"2024-01-04T17:22:09+00:00\" \/>\n<meta property=\"og:image\" content=\"https:\/\/nishiki-cycle.com\/demo\/wp-content\/uploads\/2024\/01\/1-4.jpg\" \/>\n\t<meta property=\"og:image:width\" content=\"900\" \/>\n\t<meta property=\"og:image:height\" content=\"900\" \/>\n\t<meta property=\"og:image:type\" content=\"image\/jpeg\" \/>\n<meta name=\"twitter:card\" content=\"summary_large_image\" \/>\n<meta name=\"twitter:label1\" content=\"\u01af\u1edbc t\u00ednh th\u1eddi gian \u0111\u1ecdc\" \/>\n\t<meta name=\"twitter:data1\" content=\"2 ph\u00fat\" \/>\n<script type=\"application\/ld+json\" class=\"yoast-schema-graph\">{\"@context\":\"https:\/\/schema.org\",\"@graph\":[{\"@type\":\"WebPage\",\"@id\":\"https:\/\/nishiki-cycle.com\/demo\/san-pham\/hublot-spirit-of-big-bang-king-gold-pave-42mm\/\",\"url\":\"https:\/\/nishiki-cycle.com\/demo\/san-pham\/hublot-spirit-of-big-bang-king-gold-pave-42mm\/\",\"name\":\"Hublot Spirit Of Big Bang King Gold Pave 42mm - Phoenix Luxury\",\"isPartOf\":{\"@id\":\"https:\/\/nishiki-cycle.com\/demo\/#website\"},\"datePublished\":\"2024-01-04T17:22:08+00:00\",\"dateModified\":\"2024-01-04T17:22:09+00:00\",\"description\":\"Hublot Spirit Of Big Bang King Gold Pave 42mm s\u1edf h\u1eefu d\u00e2y \u0111eo \u0111\u01b0\u1ee3c l\u00e0m t\u1eeb da c\u00e1 s\u1ea5u m\u00e0u n\u00e2u chocolate c\u1ed5 \u0111i\u1ec3n, c\u00f3 b\u1ec1 m\u1eb7t s\u1ea7n nh\u1eb9 \u0111\u1eb7c tr\u01b0ng.\",\"breadcrumb\":{\"@id\":\"https:\/\/nishiki-cycle.com\/demo\/san-pham\/hublot-spirit-of-big-bang-king-gold-pave-42mm\/#breadcrumb\"},\"inLanguage\":\"vi\",\"potentialAction\":[{\"@type\":\"ReadAction\",\"target\":[\"https:\/\/nishiki-cycle.com\/demo\/san-pham\/hublot-spirit-of-big-bang-king-gold-pave-42mm\/\"]}]},{\"@type\":\"BreadcrumbList\",\"@id\":\"https:\/\/nishiki-cycle.com\/demo\/san-pham\/hublot-spirit-of-big-bang-king-gold-pave-42mm\/#breadcrumb\",\"itemListElement\":[{\"@type\":\"ListItem\",\"position\":1,\"name\":\"Trang ch\u1ee7\",\"item\":\"https:\/\/nishiki-cycle.com\/demo\/\"},{\"@type\":\"ListItem\",\"position\":2,\"name\":\"C\u1eeda h\u00e0ng\",\"item\":\"https:\/\/nishiki-cycle.com\/demo\/cua-hang\/\"},{\"@type\":\"ListItem\",\"position\":3,\"name\":\"Hublot Spirit Of Big Bang King Gold Pave 42mm\"}]},{\"@type\":\"WebSite\",\"@id\":\"https:\/\/nishiki-cycle.com\/demo\/#website\",\"url\":\"https:\/\/nishiki-cycle.com\/demo\/\",\"name\":\"Phoenix Luxury\",\"description\":\"\",\"potentialAction\":[{\"@type\":\"SearchAction\",\"target\":{\"@type\":\"EntryPoint\",\"urlTemplate\":\"https:\/\/nishiki-cycle.com\/demo\/?s={search_term_string}\"},\"query-input\":\"required name=search_term_string\"}],\"inLanguage\":\"vi\"}]}<\/script>\n<!-- \/ Yoast SEO plugin. -->","yoast_head_json":{"title":"Hublot Spirit Of Big Bang King Gold Pave 42mm - Phoenix Luxury","description":"Hublot Spirit Of Big Bang King Gold Pave 42mm s\u1edf h\u1eefu d\u00e2y \u0111eo \u0111\u01b0\u1ee3c l\u00e0m t\u1eeb da c\u00e1 s\u1ea5u m\u00e0u n\u00e2u chocolate c\u1ed5 \u0111i\u1ec3n, c\u00f3 b\u1ec1 m\u1eb7t s\u1ea7n nh\u1eb9 \u0111\u1eb7c tr\u01b0ng.","robots":{"index":"index","follow":"follow","max-snippet":"max-snippet:-1","max-image-preview":"max-image-preview:large","max-video-preview":"max-video-preview:-1"},"canonical":"https:\/\/nishiki-cycle.com\/demo\/san-pham\/hublot-spirit-of-big-bang-king-gold-pave-42mm\/","og_locale":"vi_VN","og_type":"article","og_title":"Hublot Spirit Of Big Bang King Gold Pave 42mm - Phoenix Luxury","og_description":"Hublot Spirit Of Big Bang King Gold Pave 42mm s\u1edf h\u1eefu d\u00e2y \u0111eo \u0111\u01b0\u1ee3c l\u00e0m t\u1eeb da c\u00e1 s\u1ea5u m\u00e0u n\u00e2u chocolate c\u1ed5 \u0111i\u1ec3n, c\u00f3 b\u1ec1 m\u1eb7t s\u1ea7n nh\u1eb9 \u0111\u1eb7c tr\u01b0ng.","og_url":"https:\/\/nishiki-cycle.com\/demo\/san-pham\/hublot-spirit-of-big-bang-king-gold-pave-42mm\/","og_site_name":"Phoenix Luxury","article_modified_time":"2024-01-04T17:22:09+00:00","og_image":[{"width":900,"height":900,"url":"https:\/\/nishiki-cycle.com\/demo\/wp-content\/uploads\/2024\/01\/1-4.jpg","type":"image\/jpeg"}],"twitter_card":"summary_large_image","twitter_misc":{"\u01af\u1edbc t\u00ednh th\u1eddi gian \u0111\u1ecdc":"2 ph\u00fat"},"schema":{"@context":"https:\/\/schema.org","@graph":[{"@type":"WebPage","@id":"https:\/\/nishiki-cycle.com\/demo\/san-pham\/hublot-spirit-of-big-bang-king-gold-pave-42mm\/","url":"https:\/\/nishiki-cycle.com\/demo\/san-pham\/hublot-spirit-of-big-bang-king-gold-pave-42mm\/","name":"Hublot Spirit Of Big Bang King Gold Pave 42mm - Phoenix Luxury","isPartOf":{"@id":"https:\/\/nishiki-cycle.com\/demo\/#website"},"datePublished":"2024-01-04T17:22:08+00:00","dateModified":"2024-01-04T17:22:09+00:00","description":"Hublot Spirit Of Big Bang King Gold Pave 42mm s\u1edf h\u1eefu d\u00e2y \u0111eo \u0111\u01b0\u1ee3c l\u00e0m t\u1eeb da c\u00e1 s\u1ea5u m\u00e0u n\u00e2u chocolate c\u1ed5 \u0111i\u1ec3n, c\u00f3 b\u1ec1 m\u1eb7t s\u1ea7n nh\u1eb9 \u0111\u1eb7c tr\u01b0ng.","breadcrumb":{"@id":"https:\/\/nishiki-cycle.com\/demo\/san-pham\/hublot-spirit-of-big-bang-king-gold-pave-42mm\/#breadcrumb"},"inLanguage":"vi","potentialAction":[{"@type":"ReadAction","target":["https:\/\/nishiki-cycle.com\/demo\/san-pham\/hublot-spirit-of-big-bang-king-gold-pave-42mm\/"]}]},{"@type":"BreadcrumbList","@id":"https:\/\/nishiki-cycle.com\/demo\/san-pham\/hublot-spirit-of-big-bang-king-gold-pave-42mm\/#breadcrumb","itemListElement":[{"@type":"ListItem","position":1,"name":"Trang ch\u1ee7","item":"https:\/\/nishiki-cycle.com\/demo\/"},{"@type":"ListItem","position":2,"name":"C\u1eeda h\u00e0ng","item":"https:\/\/nishiki-cycle.com\/demo\/cua-hang\/"},{"@type":"ListItem","position":3,"name":"Hublot Spirit Of Big Bang King Gold Pave 42mm"}]},{"@type":"WebSite","@id":"https:\/\/nishiki-cycle.com\/demo\/#website","url":"https:\/\/nishiki-cycle.com\/demo\/","name":"Phoenix Luxury","description":"","potentialAction":[{"@type":"SearchAction","target":{"@type":"EntryPoint","urlTemplate":"https:\/\/nishiki-cycle.com\/demo\/?s={search_term_string}"},"query-input":"required name=search_term_string"}],"inLanguage":"vi"}]}},"_links":{"self":[{"href":"https:\/\/nishiki-cycle.com\/demo\/wp-json\/wp\/v2\/product\/11404","targetHints":{"allow":["GET"]}}],"collection":[{"href":"https:\/\/nishiki-cycle.com\/demo\/wp-json\/wp\/v2\/product"}],"about":[{"href":"https:\/\/nishiki-cycle.com\/demo\/wp-json\/wp\/v2\/types\/product"}],"replies":[{"embeddable":true,"href":"https:\/\/nishiki-cycle.com\/demo\/wp-json\/wp\/v2\/comments?post=11404"}],"wp:featuredmedia":[{"embeddable":true,"href":"https:\/\/nishiki-cycle.com\/demo\/wp-json\/wp\/v2\/media\/11405"}],"wp:attachment":[{"href":"https:\/\/nishiki-cycle.com\/demo\/wp-json\/wp\/v2\/media?parent=11404"}],"wp:term":[{"taxonomy":"product_cat","embeddable":true,"href":"https:\/\/nishiki-cycle.com\/demo\/wp-json\/wp\/v2\/product_cat?post=11404"},{"taxonomy":"product_tag","embeddable":true,"href":"https:\/\/nishiki-cycle.com\/demo\/wp-json\/wp\/v2\/product_tag?post=11404"}],"curies":[{"name":"wp","href":"https:\/\/api.w.org\/{rel}","templated":true}]}}