{"id":11461,"date":"2024-01-09T13:28:14","date_gmt":"2024-01-09T13:28:14","guid":{"rendered":"https:\/\/nishiki-cycle.com\/demo\/?post_type=product&#038;p=11461"},"modified":"2024-01-09T13:28:15","modified_gmt":"2024-01-09T13:28:15","slug":"hublot-spirit-of-big-bang-king-gold-pave-39mm","status":"publish","type":"product","link":"https:\/\/nishiki-cycle.com\/demo\/san-pham\/hublot-spirit-of-big-bang-king-gold-pave-39mm\/","title":{"rendered":"Hublot Spirit Of Big Bang King Gold Pave 39mm"},"content":{"rendered":"<p><img fetchpriority=\"high\" decoding=\"async\" class=\"size-medium wp-image-11462 aligncenter\" src=\"https:\/\/nishiki-cycle.com\/demo\/wp-content\/uploads\/2024\/01\/1-14-300x300.jpg\" alt=\"\" width=\"300\" height=\"300\" srcset=\"https:\/\/nishiki-cycle.com\/demo\/wp-content\/uploads\/2024\/01\/1-14-300x300.jpg 300w, https:\/\/nishiki-cycle.com\/demo\/wp-content\/uploads\/2024\/01\/1-14-150x150.jpg 150w, https:\/\/nishiki-cycle.com\/demo\/wp-content\/uploads\/2024\/01\/1-14-768x768.jpg 768w, https:\/\/nishiki-cycle.com\/demo\/wp-content\/uploads\/2024\/01\/1-14-600x600.jpg 600w, https:\/\/nishiki-cycle.com\/demo\/wp-content\/uploads\/2024\/01\/1-14-100x100.jpg 100w, https:\/\/nishiki-cycle.com\/demo\/wp-content\/uploads\/2024\/01\/1-14.jpg 900w\" sizes=\"(max-width: 300px) 100vw, 300px\" \/><\/p>\n<p>Th\u01b0\u01a1ng hi\u1ec7u \u0111\u1ed3ng h\u1ed3 cao c\u1ea5p Hublot qu\u1ea3 th\u1ef1c bi\u1ebft c\u00e1ch g\u00e2y n\u00ean s\u1ef1 t\u00f2 m\u00f2 cho gi\u1edbi m\u1ed9 \u0111i\u1ec7u. M\u1ed9t trong s\u1ed1 \u0111\u00f3 l\u00e0 s\u1ef1 gi\u1edbi thi\u1ec7u \u0111\u1ebfn c\u00f4ng ch\u00fang d\u00f2ng \u0111\u1ed3ng h\u1ed3 Hublot Spirit Of Big Bang King Gold Pave\u00a0v\u00e0o n\u0103m 2011. Nh\u1eefng chi\u1ebfc \u0111\u1ed3ng h\u1ed3 mang linh h\u1ed3n c\u1ee7a b\u1ed9 s\u01b0u t\u1eadp Big Bang n\u1ed5i ti\u1ebfng nh\u1ea5t c\u1ee7a h\u00e3ng nh\u01b0ng nay \u0111\u01b0\u1ee3c \u0111\u1eb7t b\u00ean trong m\u1ed9t trong nh\u1eefng d\u00e1ng v\u1ecf \u0111\u1ed3ng h\u1ed3 \u0111\u1eb7c tr\u01b0ng trong gi\u1edbi ch\u1ebf t\u00e1c. B\u1ed9 v\u1ecf tonneau m\u1ea1nh m\u1ebd gi\u1edd \u0111\u00e2y \u0111\u00e3 \u0111\u01b0\u1ee3c<a href=\"https:\/\/nishiki-cycle.com\/demo\/danh-muc-san-pham\/hublot\/\">\u00a0<strong>Hublot<\/strong><\/a>\u00a0th\u00eam v\u00e0o b\u1ed9 s\u01b0u t\u1eadp c\u1ee7a h\u00e3ng.<\/p>\n<p>Chi\u1ebfc \u0111\u1ed3ng h\u1ed3 mang m\u00e3 hi\u1ec7u 665.OE.2080.LR.1604 ch\u00ednh l\u00e0 s\u1ed1 hi\u1ec7u c\u1ee7a c\u1ed7 m\u00e1y Hublot Spirit Of Big Bang King Gold Pave 39mm. Chi\u1ebfc \u0111\u1ed3ng h\u1ed3 n\u00e0y s\u1edf h\u1eefu m\u1ed9t k\u00edch th\u01b0\u1edbc 39mm c\u00f9ng v\u1edbi ch\u1ea5t li\u1ec7u v\u00e0ng h\u1ed3ng 18k \u0111\u1ed9c quy\u1ec1n c\u1ee7a Hublot. Chi ti\u1ebft \u0111\u01b0\u1ee3c g\u1ecdi l\u00e0 \u201ctai \u0111\u1ed3ng h\u1ed3\u201d n\u00e0y c\u00f3 m\u00e0u tr\u1eafng ph\u1ed1i h\u1ee3p \u0103n \u00fd v\u1edbi v\u00e0nh chia ph\u00fat m\u00e0u \u0111en b\u00ean trong m\u1eb7t s\u1ed1.<\/p>\n<p>B\u1ed9 v\u1ecf c\u1ee7a c\u1ed7 m\u00e1y Hublot Spirit Of Big Bang King Gold Pave 39mm \u0111\u00e3 \u0111\u01b0\u1ee3c ho\u00e0n thi\u1ec7n theo ph\u01b0\u01a1ng ph\u00e9p ch\u1ea3i x\u01b0\u1edbc m\u1edd. Tr\u00ean v\u00e0nh bezel l\u00e0 6 \u0111inh \u1ed1c c\u00e1ch \u0111i\u1ec7u mang d\u00e1ng c\u1ee7a ch\u1eef H nh\u00e0 Hublot. V\u00e0nh bezel \u0111\u01b0\u1ee3c thi\u1ebft k\u1ebf v\u1edbi nh\u1eefng v\u1edbi h\u01a1n 50 vi\u00ean kim c\u01b0\u01a1ng \u0111i\u1ec3m nh\u1ea5n \u0111\u1ea7y r\u00f5 n\u00e9t v\u00e0 sang tr\u1ecdng.<\/p>\n","protected":false},"excerpt":{"rendered":"<p>M\u00e3: 665.OE.2080.LR.1604<\/p>\n<p>Xu\u1ea5t x\u1ee9: Th\u1ee5y S\u1ef9<\/p>\n<p>K\u00edch th\u01b0\u1edbc:\u00a039 mm<\/p>\n<p>K\u00ednh: Sapphire<\/p>\n<p>B\u1ed9 m\u00e1y: Automatic<\/p>\n<p>D\u1ef1 tr\u1eef n\u0103ng l\u01b0\u1ee3ng: 50 gi\u1edd<\/p>\n<p>Ch\u1ee9c n\u0103ng: Gi\u1edd, Ph\u00fat, Gi\u00e2y, Ng\u00e0y.<\/p>\n<p>Ch\u1ea5t li\u1ec7u v\u1ecf:\u00a0 V\u00e0ng 18K King Gold<\/p>\n<p>Bezel: V\u00e0ng 18K King Gold, Diamond (v\u1edbi 50 Diamonds c\u00f3 tr\u1ecdng l\u01b0\u1ee3ng kho\u1ea3ng 1.0 cts), 6 \u1ed1c v\u00edt ch\u1eef H<\/p>\n<p>D\u00e2y \u0111eo: D\u00e2y \u0111eo cao su v\u00e0 da c\u00e1 s\u1ea5u<\/p>\n<p>Kh\u00e1ng n\u01b0\u1edbc: 100m (10ATM)<\/p>\n","protected":false},"featured_media":11462,"comment_status":"open","ping_status":"closed","template":"","meta":[],"product_cat":[333,320,336],"product_tag":[],"class_list":["post-11461","product","type-product","status-publish","has-post-thumbnail","hentry","product_cat-38mm-40mm","product_cat-hublot","product_cat-vang-hong-18k","product_brand-hublot"],"yoast_head":"<!-- This site is optimized with the Yoast SEO plugin v21.6 - https:\/\/yoast.com\/wordpress\/plugins\/seo\/ -->\n<title>Hublot Spirit Of Big Bang King Gold Pave 39mm - Phoenix Luxury<\/title>\n<meta name=\"description\" content=\"B\u1ed9 v\u1ecf c\u1ee7a c\u1ed7 m\u00e1y Hublot Spirit Of Big Bang King Gold Pave 39mm \u0111\u00e3 \u0111\u01b0\u1ee3c ho\u00e0n thi\u1ec7n theo ph\u01b0\u01a1ng ph\u00e9p ch\u1ea3i x\u01b0\u1edbc m\u1edd, v\u00e0nh bezel l\u00e0 6 \u0111inh \u1ed1c c\u00e1ch \u0111i\u1ec7u\" \/>\n<meta name=\"robots\" content=\"index, follow, max-snippet:-1, max-image-preview:large, max-video-preview:-1\" \/>\n<link rel=\"canonical\" href=\"https:\/\/nishiki-cycle.com\/demo\/san-pham\/hublot-spirit-of-big-bang-king-gold-pave-39mm\/\" \/>\n<meta property=\"og:locale\" content=\"vi_VN\" \/>\n<meta property=\"og:type\" content=\"article\" \/>\n<meta property=\"og:title\" content=\"Hublot Spirit Of Big Bang King Gold Pave 39mm - Phoenix Luxury\" \/>\n<meta property=\"og:description\" content=\"B\u1ed9 v\u1ecf c\u1ee7a c\u1ed7 m\u00e1y Hublot Spirit Of Big Bang King Gold Pave 39mm \u0111\u00e3 \u0111\u01b0\u1ee3c ho\u00e0n thi\u1ec7n theo ph\u01b0\u01a1ng ph\u00e9p ch\u1ea3i x\u01b0\u1edbc m\u1edd, v\u00e0nh bezel l\u00e0 6 \u0111inh \u1ed1c c\u00e1ch \u0111i\u1ec7u\" \/>\n<meta property=\"og:url\" content=\"https:\/\/nishiki-cycle.com\/demo\/san-pham\/hublot-spirit-of-big-bang-king-gold-pave-39mm\/\" \/>\n<meta property=\"og:site_name\" content=\"Phoenix Luxury\" \/>\n<meta property=\"article:modified_time\" content=\"2024-01-09T13:28:15+00:00\" \/>\n<meta property=\"og:image\" content=\"https:\/\/nishiki-cycle.com\/demo\/wp-content\/uploads\/2024\/01\/1-14.jpg\" \/>\n\t<meta property=\"og:image:width\" content=\"900\" \/>\n\t<meta property=\"og:image:height\" content=\"900\" \/>\n\t<meta property=\"og:image:type\" content=\"image\/jpeg\" \/>\n<meta name=\"twitter:card\" content=\"summary_large_image\" \/>\n<meta name=\"twitter:label1\" content=\"\u01af\u1edbc t\u00ednh th\u1eddi gian \u0111\u1ecdc\" \/>\n\t<meta name=\"twitter:data1\" content=\"2 ph\u00fat\" \/>\n<script type=\"application\/ld+json\" class=\"yoast-schema-graph\">{\"@context\":\"https:\/\/schema.org\",\"@graph\":[{\"@type\":\"WebPage\",\"@id\":\"https:\/\/nishiki-cycle.com\/demo\/san-pham\/hublot-spirit-of-big-bang-king-gold-pave-39mm\/\",\"url\":\"https:\/\/nishiki-cycle.com\/demo\/san-pham\/hublot-spirit-of-big-bang-king-gold-pave-39mm\/\",\"name\":\"Hublot Spirit Of Big Bang King Gold Pave 39mm - Phoenix Luxury\",\"isPartOf\":{\"@id\":\"https:\/\/nishiki-cycle.com\/demo\/#website\"},\"datePublished\":\"2024-01-09T13:28:14+00:00\",\"dateModified\":\"2024-01-09T13:28:15+00:00\",\"description\":\"B\u1ed9 v\u1ecf c\u1ee7a c\u1ed7 m\u00e1y Hublot Spirit Of Big Bang King Gold Pave 39mm \u0111\u00e3 \u0111\u01b0\u1ee3c ho\u00e0n thi\u1ec7n theo ph\u01b0\u01a1ng ph\u00e9p ch\u1ea3i x\u01b0\u1edbc m\u1edd, v\u00e0nh bezel l\u00e0 6 \u0111inh \u1ed1c c\u00e1ch \u0111i\u1ec7u\",\"breadcrumb\":{\"@id\":\"https:\/\/nishiki-cycle.com\/demo\/san-pham\/hublot-spirit-of-big-bang-king-gold-pave-39mm\/#breadcrumb\"},\"inLanguage\":\"vi\",\"potentialAction\":[{\"@type\":\"ReadAction\",\"target\":[\"https:\/\/nishiki-cycle.com\/demo\/san-pham\/hublot-spirit-of-big-bang-king-gold-pave-39mm\/\"]}]},{\"@type\":\"BreadcrumbList\",\"@id\":\"https:\/\/nishiki-cycle.com\/demo\/san-pham\/hublot-spirit-of-big-bang-king-gold-pave-39mm\/#breadcrumb\",\"itemListElement\":[{\"@type\":\"ListItem\",\"position\":1,\"name\":\"Trang ch\u1ee7\",\"item\":\"https:\/\/nishiki-cycle.com\/demo\/\"},{\"@type\":\"ListItem\",\"position\":2,\"name\":\"C\u1eeda h\u00e0ng\",\"item\":\"https:\/\/nishiki-cycle.com\/demo\/cua-hang\/\"},{\"@type\":\"ListItem\",\"position\":3,\"name\":\"Hublot Spirit Of Big Bang King Gold Pave 39mm\"}]},{\"@type\":\"WebSite\",\"@id\":\"https:\/\/nishiki-cycle.com\/demo\/#website\",\"url\":\"https:\/\/nishiki-cycle.com\/demo\/\",\"name\":\"Phoenix Luxury\",\"description\":\"\",\"potentialAction\":[{\"@type\":\"SearchAction\",\"target\":{\"@type\":\"EntryPoint\",\"urlTemplate\":\"https:\/\/nishiki-cycle.com\/demo\/?s={search_term_string}\"},\"query-input\":\"required name=search_term_string\"}],\"inLanguage\":\"vi\"}]}<\/script>\n<!-- \/ Yoast SEO plugin. -->","yoast_head_json":{"title":"Hublot Spirit Of Big Bang King Gold Pave 39mm - Phoenix Luxury","description":"B\u1ed9 v\u1ecf c\u1ee7a c\u1ed7 m\u00e1y Hublot Spirit Of Big Bang King Gold Pave 39mm \u0111\u00e3 \u0111\u01b0\u1ee3c ho\u00e0n thi\u1ec7n theo ph\u01b0\u01a1ng ph\u00e9p ch\u1ea3i x\u01b0\u1edbc m\u1edd, v\u00e0nh bezel l\u00e0 6 \u0111inh \u1ed1c c\u00e1ch \u0111i\u1ec7u","robots":{"index":"index","follow":"follow","max-snippet":"max-snippet:-1","max-image-preview":"max-image-preview:large","max-video-preview":"max-video-preview:-1"},"canonical":"https:\/\/nishiki-cycle.com\/demo\/san-pham\/hublot-spirit-of-big-bang-king-gold-pave-39mm\/","og_locale":"vi_VN","og_type":"article","og_title":"Hublot Spirit Of Big Bang King Gold Pave 39mm - Phoenix Luxury","og_description":"B\u1ed9 v\u1ecf c\u1ee7a c\u1ed7 m\u00e1y Hublot Spirit Of Big Bang King Gold Pave 39mm \u0111\u00e3 \u0111\u01b0\u1ee3c ho\u00e0n thi\u1ec7n theo ph\u01b0\u01a1ng ph\u00e9p ch\u1ea3i x\u01b0\u1edbc m\u1edd, v\u00e0nh bezel l\u00e0 6 \u0111inh \u1ed1c c\u00e1ch \u0111i\u1ec7u","og_url":"https:\/\/nishiki-cycle.com\/demo\/san-pham\/hublot-spirit-of-big-bang-king-gold-pave-39mm\/","og_site_name":"Phoenix Luxury","article_modified_time":"2024-01-09T13:28:15+00:00","og_image":[{"width":900,"height":900,"url":"https:\/\/nishiki-cycle.com\/demo\/wp-content\/uploads\/2024\/01\/1-14.jpg","type":"image\/jpeg"}],"twitter_card":"summary_large_image","twitter_misc":{"\u01af\u1edbc t\u00ednh th\u1eddi gian \u0111\u1ecdc":"2 ph\u00fat"},"schema":{"@context":"https:\/\/schema.org","@graph":[{"@type":"WebPage","@id":"https:\/\/nishiki-cycle.com\/demo\/san-pham\/hublot-spirit-of-big-bang-king-gold-pave-39mm\/","url":"https:\/\/nishiki-cycle.com\/demo\/san-pham\/hublot-spirit-of-big-bang-king-gold-pave-39mm\/","name":"Hublot Spirit Of Big Bang King Gold Pave 39mm - Phoenix Luxury","isPartOf":{"@id":"https:\/\/nishiki-cycle.com\/demo\/#website"},"datePublished":"2024-01-09T13:28:14+00:00","dateModified":"2024-01-09T13:28:15+00:00","description":"B\u1ed9 v\u1ecf c\u1ee7a c\u1ed7 m\u00e1y Hublot Spirit Of Big Bang King Gold Pave 39mm \u0111\u00e3 \u0111\u01b0\u1ee3c ho\u00e0n thi\u1ec7n theo ph\u01b0\u01a1ng ph\u00e9p ch\u1ea3i x\u01b0\u1edbc m\u1edd, v\u00e0nh bezel l\u00e0 6 \u0111inh \u1ed1c c\u00e1ch \u0111i\u1ec7u","breadcrumb":{"@id":"https:\/\/nishiki-cycle.com\/demo\/san-pham\/hublot-spirit-of-big-bang-king-gold-pave-39mm\/#breadcrumb"},"inLanguage":"vi","potentialAction":[{"@type":"ReadAction","target":["https:\/\/nishiki-cycle.com\/demo\/san-pham\/hublot-spirit-of-big-bang-king-gold-pave-39mm\/"]}]},{"@type":"BreadcrumbList","@id":"https:\/\/nishiki-cycle.com\/demo\/san-pham\/hublot-spirit-of-big-bang-king-gold-pave-39mm\/#breadcrumb","itemListElement":[{"@type":"ListItem","position":1,"name":"Trang ch\u1ee7","item":"https:\/\/nishiki-cycle.com\/demo\/"},{"@type":"ListItem","position":2,"name":"C\u1eeda h\u00e0ng","item":"https:\/\/nishiki-cycle.com\/demo\/cua-hang\/"},{"@type":"ListItem","position":3,"name":"Hublot Spirit Of Big Bang King Gold Pave 39mm"}]},{"@type":"WebSite","@id":"https:\/\/nishiki-cycle.com\/demo\/#website","url":"https:\/\/nishiki-cycle.com\/demo\/","name":"Phoenix Luxury","description":"","potentialAction":[{"@type":"SearchAction","target":{"@type":"EntryPoint","urlTemplate":"https:\/\/nishiki-cycle.com\/demo\/?s={search_term_string}"},"query-input":"required name=search_term_string"}],"inLanguage":"vi"}]}},"_links":{"self":[{"href":"https:\/\/nishiki-cycle.com\/demo\/wp-json\/wp\/v2\/product\/11461","targetHints":{"allow":["GET"]}}],"collection":[{"href":"https:\/\/nishiki-cycle.com\/demo\/wp-json\/wp\/v2\/product"}],"about":[{"href":"https:\/\/nishiki-cycle.com\/demo\/wp-json\/wp\/v2\/types\/product"}],"replies":[{"embeddable":true,"href":"https:\/\/nishiki-cycle.com\/demo\/wp-json\/wp\/v2\/comments?post=11461"}],"wp:featuredmedia":[{"embeddable":true,"href":"https:\/\/nishiki-cycle.com\/demo\/wp-json\/wp\/v2\/media\/11462"}],"wp:attachment":[{"href":"https:\/\/nishiki-cycle.com\/demo\/wp-json\/wp\/v2\/media?parent=11461"}],"wp:term":[{"taxonomy":"product_cat","embeddable":true,"href":"https:\/\/nishiki-cycle.com\/demo\/wp-json\/wp\/v2\/product_cat?post=11461"},{"taxonomy":"product_tag","embeddable":true,"href":"https:\/\/nishiki-cycle.com\/demo\/wp-json\/wp\/v2\/product_tag?post=11461"}],"curies":[{"name":"wp","href":"https:\/\/api.w.org\/{rel}","templated":true}]}}