{"id":11599,"date":"2024-01-19T19:42:33","date_gmt":"2024-01-19T19:42:33","guid":{"rendered":"https:\/\/nishiki-cycle.com\/demo\/?post_type=product&#038;p=11599"},"modified":"2024-01-19T19:42:34","modified_gmt":"2024-01-19T19:42:34","slug":"hublot-big-bang-one-click-automatic-39mm","status":"publish","type":"product","link":"https:\/\/nishiki-cycle.com\/demo\/san-pham\/hublot-big-bang-one-click-automatic-39mm\/","title":{"rendered":"Hublot Big Bang One Click Automatic 39mm"},"content":{"rendered":"<p><img fetchpriority=\"high\" decoding=\"async\" class=\"size-medium wp-image-11600 aligncenter\" src=\"https:\/\/nishiki-cycle.com\/demo\/wp-content\/uploads\/2024\/01\/1-31-300x300.jpg\" alt=\"\" width=\"300\" height=\"300\" srcset=\"https:\/\/nishiki-cycle.com\/demo\/wp-content\/uploads\/2024\/01\/1-31-300x300.jpg 300w, https:\/\/nishiki-cycle.com\/demo\/wp-content\/uploads\/2024\/01\/1-31-150x150.jpg 150w, https:\/\/nishiki-cycle.com\/demo\/wp-content\/uploads\/2024\/01\/1-31-768x768.jpg 768w, https:\/\/nishiki-cycle.com\/demo\/wp-content\/uploads\/2024\/01\/1-31-600x600.jpg 600w, https:\/\/nishiki-cycle.com\/demo\/wp-content\/uploads\/2024\/01\/1-31-100x100.jpg 100w, https:\/\/nishiki-cycle.com\/demo\/wp-content\/uploads\/2024\/01\/1-31.jpg 900w\" sizes=\"(max-width: 300px) 100vw, 300px\" \/><\/p>\n<p>Hublot Big Bang One Click Automatic 39mm \u0111\u01b0\u1ee3c thi\u1ebft k\u1ebf v\u1edbi \u0111\u01b0\u1eddng k\u00ednh v\u1ecf 39mm \u2013 m\u1ed9t k\u00edch th\u01b0\u1edbc l\u00fd t\u01b0\u1edfng cho c\u1ea3 nam v\u00e0 n\u1eef. Xuy\u00ean su\u1ed1t t\u1eeb m\u1eb7t s\u1ed1 v\u00e0 d\u00e2y \u0111eo l\u00e0 s\u1eafc xanh lam mang \u0111\u1ebfn c\u1ea3m gi\u00e1c nh\u1eb9 nh\u00e0ng, thanh l\u1ecbch. V\u1edbi \u00e1nh s\u00e1ng ban ng\u00e0y, s\u1eafc xanh c\u00e0ng r\u1ef1c r\u1ee1 h\u01a1n n\u1eefa v\u00e0 t\u1ea1o n\u00ean m\u1ed9t \u0111i\u1ec3m nh\u1ea5n n\u1ed5i b\u1eadt tr\u00ean c\u1ed5 tay ch\u1ee7 s\u1edf h\u1eefu. Khi m\u00e0n \u0111\u00eam bu\u00f4ng xu\u1ed1ng th\u00ec s\u1eafc xanh l\u1ea1i gi\u1ed1ng nh\u01b0 m\u1eb7t bi\u1ec3n khi v\u1ec1 \u0111\u00eam, d\u1ecbu nh\u1eb9 nh\u01b0ng l\u1ea1 v\u00f4 c\u00f9ng quy\u1ebfn r\u0169.<\/p>\n<p>Tri\u1ebft l\u00ed \u201cArt of Fusion\u201d m\u00e0 Hublot theo \u0111u\u1ed5i \u0111\u01b0\u1ee3c kh\u1eb3ng \u0111\u1ecbnh r\u00f5 r\u00e0ng qua c\u00e1ch thi\u1ebft k\u1ebf l\u1edbp v\u1ecf theo c\u1ea5u tr\u00fac sandwich nhi\u1ec1u l\u1edbp. V\u1edbi c\u00e1ch thi\u1ebft k\u1ebf n\u00e0y, Hublot Big Bang One Click Automatic 39mm c\u00f3 l\u1edbp v\u1ecf ngo\u00e0i b\u1eb1ng v\u00e0ng King Gold 18k, \u1edf gi\u1eefa l\u00e0 m\u1ed9t l\u1edbp nh\u1ef1a composite m\u00e0u xanh lam. T\u00f4 \u0111i\u1ec3m cho v\u00e0nh bezel l\u00e0 nh\u1eefng d\u1ea3i kim c\u01b0\u01a1ng l\u1ea5p \u0111\u01b0\u1ee3c s\u1eafp x\u1ebfp tinh t\u1ebf xen k\u1ebd v\u1edbi 6 \u0111inh \u1ed1c l\u00e0m t\u1eeb titanium h\u00ecnh ch\u1eef H khi\u1ebfn t\u1ea1o t\u00e1c n\u00e0y tr\u1edf n\u00ean m\u1ec1m m\u1ea1i, sang tr\u1ecdng v\u00e0 qu\u00fd gi\u00e1 h\u01a1n.<\/p>\n<p>L\u01b0\u1ee3c b\u1ecf \u0111i nh\u1eefng chi ti\u1ebft kh\u00f4ng c\u1ea7n thi\u1ebft, m\u1eb7t s\u1ed1 \u0111\u01b0\u1ee3c thi\u1ebft t\u1ed1i gi\u1ea3n v\u1edbi b\u1ed9 kim ch\u1ec9 gi\u1edd t\u1ea1i trung t\u00e2m m\u1eb7t s\u1ed1. C\u00e1c \u0111i\u1ec3m gi\u1edd \u0111\u01b0\u1ee3c k\u1ebft h\u1ee3p c\u00e1c c\u1ecdc s\u1ed1 \u1ea2 R\u1eadp v\u00e0 nh\u1eefng v\u1ea1ch ch\u1ec9 gi\u1edd, t\u1ea5t c\u1ea3 \u0111\u01b0\u1ee3c ph\u1ee7 d\u1ea1 quang \u0111\u1ec3 ng\u01b0\u1eddi \u0111eo c\u00f3 th\u1ec3 nh\u1eadn bi\u1ebft th\u1eddi gian ngay c\u1ea3 trong b\u00f3ng t\u1ed1i. M\u1ed9t \u00f4 c\u1eeda s\u1ed5 nh\u1ecf \u0111\u01b0\u1ee3c m\u1edf t\u1ea1i v\u1ecb tr\u00ed 3 gi\u1edd cung c\u1ea5p ch\u1ee9c n\u0103ng l\u1ecbch ng\u00e0y.<\/p>\n<p>\u0110\u1eb7c bi\u1ec7t, v\u1edbi vi\u1ec7c t\u00edch h\u1ee3p c\u00f9ng h\u1ec7 th\u1ed1ng thay d\u00e2y nhanh \u201cOne Click\u201d th\u00ec vi\u1ec7c thay d\u00e2y v\u00e0 l\u00e0m m\u1edbi \u0111\u1ed3ng h\u1ed3 tr\u1edf n\u00ean d\u1ec5 d\u00e0ng h\u01a1n bao gi\u1edd h\u1ebft. Ch\u1ec9 b\u1eb1ng m\u1ed9t n\u00fat b\u1ea5m, ng\u01b0\u1eddi \u0111eo ho\u00e0n to\u00e0n c\u00f3 th\u1ec3 l\u00e0m m\u1edbi chi\u1ebfc \u0111\u1ed3ng h\u1ed3 c\u1ee7a m\u00ecnh v\u1edbi m\u1ed9t d\u00e2y \u0111eo kh\u00e1c.<\/p>\n<p>T\u1ea1m xa r\u1eddi m\u1eb7t s\u1ed1 c\u00f9ng b\u1ed9 khung v\u1ecf \u0111\u1ea7y m\u00ea ho\u1eb7c, tr\u00e1i tim c\u1ee7a \u0111\u1ed3ng h\u1ed3 l\u00e0 b\u1ed9 m\u00e1y t\u1ef1 \u0111\u1ed9ng Cal. HUB1710. B\u1ed9 m\u00e1y ho\u1ea1t \u0111\u1ed9ng n\u00e0y \u0111\u01b0\u1ee3c c\u1ea5u th\u00e0nh t\u1eeb 185 chi ti\u1ebft, 27 ch\u00e2n k\u00ednh v\u00e0 c\u00f3 m\u1ee9c d\u1ef1 tr\u1eef n\u0103ng l\u01b0\u1ee3ng x\u1ea5p x\u1ec9 50 gi\u1edd.<\/p>\n<p>Cu\u1ed1i c\u00f9ng, chi\u1ebfc\u00a0<a title=\"\u0111\u1ed3ng h\u1ed3 Hublot ch\u00ednh h\u00e3ng\" href=\"https:\/\/nishiki-cycle.com\/demo\/danh-muc-san-pham\/hublot\/\"><strong>\u0111\u1ed3ng h\u1ed3 Hublot ch\u00ednh h\u00e3ng<\/strong><\/a>\u00a0n\u00e0y c\u00f2n s\u1edf h\u1eefu th\u00e0nh qu\u1ea3 \u0111\u00e1ng t\u1ef1 h\u00e0o c\u1ee7a Hublot \u0111\u00f3 l\u00e0 trang b\u1ecb d\u00e2y \u0111eo tay b\u1eb1ng cao su ph\u1ee7 da c\u00e1 s\u1ea5u m\u1ec1m m\u1ea1i v\u00e0 tho\u1ea3i m\u00e1i tr\u00ean c\u1ed5 tay ng\u01b0\u1eddi \u0111eo. \u0110\u1eb7c bi\u1ec7t, v\u1edbi vi\u1ec7c t\u00edch h\u1ee3p c\u00f9ng h\u1ec7 th\u1ed1ng thay d\u00e2y nhanh \u201cOne Click\u201d th\u00ec vi\u1ec7c thay d\u00e2y v\u00e0 l\u00e0m m\u1edbi \u0111\u1ed3ng h\u1ed3 tr\u1edf n\u00ean d\u1ec5 d\u00e0ng h\u01a1n bao gi\u1edd h\u1ebft. Ch\u1ec9 b\u1eb1ng m\u1ed9t n\u00fat b\u1ea5m, ng\u01b0\u1eddi \u0111eo ho\u00e0n to\u00e0n c\u00f3 th\u1ec3 l\u00e0m m\u1edbi chi\u1ebfc \u0111\u1ed3ng h\u1ed3 c\u1ee7a m\u00ecnh v\u1edbi m\u1ed9t d\u00e2y \u0111eo kh\u00e1c.<\/p>\n<p>Hublot Big Bang One Click Automatic 39mm l\u00e0 m\u1ed9t g\u1ee3i \u00fd l\u00fd t\u01b0\u1edfng cho nh\u1eefng ai y\u00eau th\u00edch \u0111\u1ed3ng h\u1ed3 cao c\u1ea5p, y\u00eau th\u00edch m\u00e0u xanh lam v\u00e0 \u0111\u1eb7c bi\u1ec7t l\u00e0 y\u00eau th\u00edch tinh th\u1ea7n hi\u1ec7n \u0111\u1ea1i, \u0111\u1ed9c l\u1eadp.<\/p>\n","protected":false},"excerpt":{"rendered":"<p>M\u00e3: 465.OX.9010.RX.1604<\/p>\n<p>Xu\u1ea5t x\u1ee9: Th\u1ee5y S\u0129<\/p>\n<p>K\u00edch th\u01b0\u1edbc: 39 mm<\/p>\n<p>Ch\u1ea5t li\u1ec7u v\u1ecf: V\u00e0ng King Gold 18k<\/p>\n<p>Bezel: V\u00e0ng King Gold 18k, n\u1ea1m 42 vi\u00ean kim c\u01b0\u01a1ng kho\u1ea3ng 1.00ct<\/p>\n<p>K\u00ednh: Sapphire<\/p>\n<p>M\u1eb7t s\u1ed1: M\u00e0u xanh lam<\/p>\n<p>B\u1ed9 m\u00e1y: Self-winding &#8211; HUB1710<\/p>\n<p>D\u1ef1 tr\u1eef n\u0103ng l\u01b0\u1ee3ng: 50 gi\u1edd<\/p>\n<p>Ch\u1ee9c n\u0103ng: Gi\u1edd, Ph\u00fat, Gi\u00e2y, Ng\u00e0y<\/p>\n<p>Kh\u00e1ng n\u01b0\u1edbc: 100 m\u00e9t (10ATM)<\/p>\n","protected":false},"featured_media":11600,"comment_status":"open","ping_status":"closed","template":"","meta":[],"product_cat":[333,242,320],"product_tag":[],"class_list":["post-11599","product","type-product","status-publish","has-post-thumbnail","hentry","product_cat-38mm-40mm","product_cat-womens-watches","product_cat-hublot","product_brand-hublot"],"yoast_head":"<!-- This site is optimized with the Yoast SEO plugin v21.6 - https:\/\/yoast.com\/wordpress\/plugins\/seo\/ -->\n<title>Hublot Big Bang One Click Automatic 39mm - Phoenix Luxury<\/title>\n<meta name=\"description\" content=\"Hublot Big Bang One Click Automatic 39mm c\u00f3 l\u1edbp v\u1ecf ngo\u00e0i b\u1eb1ng v\u00e0ng King Gold 18k, \u1edf gi\u1eefa l\u00e0 m\u1ed9t l\u1edbp nh\u1ef1a composite m\u00e0u xanh lam.\" \/>\n<meta name=\"robots\" content=\"index, follow, max-snippet:-1, max-image-preview:large, max-video-preview:-1\" \/>\n<link rel=\"canonical\" href=\"https:\/\/nishiki-cycle.com\/demo\/san-pham\/hublot-big-bang-one-click-automatic-39mm\/\" \/>\n<meta property=\"og:locale\" content=\"vi_VN\" \/>\n<meta property=\"og:type\" content=\"article\" \/>\n<meta property=\"og:title\" content=\"Hublot Big Bang One Click Automatic 39mm - Phoenix Luxury\" \/>\n<meta property=\"og:description\" content=\"Hublot Big Bang One Click Automatic 39mm c\u00f3 l\u1edbp v\u1ecf ngo\u00e0i b\u1eb1ng v\u00e0ng King Gold 18k, \u1edf gi\u1eefa l\u00e0 m\u1ed9t l\u1edbp nh\u1ef1a composite m\u00e0u xanh lam.\" \/>\n<meta property=\"og:url\" content=\"https:\/\/nishiki-cycle.com\/demo\/san-pham\/hublot-big-bang-one-click-automatic-39mm\/\" \/>\n<meta property=\"og:site_name\" content=\"Phoenix Luxury\" \/>\n<meta property=\"article:modified_time\" content=\"2024-01-19T19:42:34+00:00\" \/>\n<meta property=\"og:image\" content=\"https:\/\/nishiki-cycle.com\/demo\/wp-content\/uploads\/2024\/01\/1-31.jpg\" \/>\n\t<meta property=\"og:image:width\" content=\"900\" \/>\n\t<meta property=\"og:image:height\" content=\"900\" \/>\n\t<meta property=\"og:image:type\" content=\"image\/jpeg\" \/>\n<meta name=\"twitter:card\" content=\"summary_large_image\" \/>\n<meta name=\"twitter:label1\" content=\"\u01af\u1edbc t\u00ednh th\u1eddi gian \u0111\u1ecdc\" \/>\n\t<meta name=\"twitter:data1\" content=\"4 ph\u00fat\" \/>\n<script type=\"application\/ld+json\" class=\"yoast-schema-graph\">{\"@context\":\"https:\/\/schema.org\",\"@graph\":[{\"@type\":\"WebPage\",\"@id\":\"https:\/\/nishiki-cycle.com\/demo\/san-pham\/hublot-big-bang-one-click-automatic-39mm\/\",\"url\":\"https:\/\/nishiki-cycle.com\/demo\/san-pham\/hublot-big-bang-one-click-automatic-39mm\/\",\"name\":\"Hublot Big Bang One Click Automatic 39mm - Phoenix Luxury\",\"isPartOf\":{\"@id\":\"https:\/\/nishiki-cycle.com\/demo\/#website\"},\"datePublished\":\"2024-01-19T19:42:33+00:00\",\"dateModified\":\"2024-01-19T19:42:34+00:00\",\"description\":\"Hublot Big Bang One Click Automatic 39mm c\u00f3 l\u1edbp v\u1ecf ngo\u00e0i b\u1eb1ng v\u00e0ng King Gold 18k, \u1edf gi\u1eefa l\u00e0 m\u1ed9t l\u1edbp nh\u1ef1a composite m\u00e0u xanh lam.\",\"breadcrumb\":{\"@id\":\"https:\/\/nishiki-cycle.com\/demo\/san-pham\/hublot-big-bang-one-click-automatic-39mm\/#breadcrumb\"},\"inLanguage\":\"vi\",\"potentialAction\":[{\"@type\":\"ReadAction\",\"target\":[\"https:\/\/nishiki-cycle.com\/demo\/san-pham\/hublot-big-bang-one-click-automatic-39mm\/\"]}]},{\"@type\":\"BreadcrumbList\",\"@id\":\"https:\/\/nishiki-cycle.com\/demo\/san-pham\/hublot-big-bang-one-click-automatic-39mm\/#breadcrumb\",\"itemListElement\":[{\"@type\":\"ListItem\",\"position\":1,\"name\":\"Trang ch\u1ee7\",\"item\":\"https:\/\/nishiki-cycle.com\/demo\/\"},{\"@type\":\"ListItem\",\"position\":2,\"name\":\"C\u1eeda h\u00e0ng\",\"item\":\"https:\/\/nishiki-cycle.com\/demo\/cua-hang\/\"},{\"@type\":\"ListItem\",\"position\":3,\"name\":\"Hublot Big Bang One Click Automatic 39mm\"}]},{\"@type\":\"WebSite\",\"@id\":\"https:\/\/nishiki-cycle.com\/demo\/#website\",\"url\":\"https:\/\/nishiki-cycle.com\/demo\/\",\"name\":\"Phoenix Luxury\",\"description\":\"\",\"potentialAction\":[{\"@type\":\"SearchAction\",\"target\":{\"@type\":\"EntryPoint\",\"urlTemplate\":\"https:\/\/nishiki-cycle.com\/demo\/?s={search_term_string}\"},\"query-input\":\"required name=search_term_string\"}],\"inLanguage\":\"vi\"}]}<\/script>\n<!-- \/ Yoast SEO plugin. -->","yoast_head_json":{"title":"Hublot Big Bang One Click Automatic 39mm - Phoenix Luxury","description":"Hublot Big Bang One Click Automatic 39mm c\u00f3 l\u1edbp v\u1ecf ngo\u00e0i b\u1eb1ng v\u00e0ng King Gold 18k, \u1edf gi\u1eefa l\u00e0 m\u1ed9t l\u1edbp nh\u1ef1a composite m\u00e0u xanh lam.","robots":{"index":"index","follow":"follow","max-snippet":"max-snippet:-1","max-image-preview":"max-image-preview:large","max-video-preview":"max-video-preview:-1"},"canonical":"https:\/\/nishiki-cycle.com\/demo\/san-pham\/hublot-big-bang-one-click-automatic-39mm\/","og_locale":"vi_VN","og_type":"article","og_title":"Hublot Big Bang One Click Automatic 39mm - Phoenix Luxury","og_description":"Hublot Big Bang One Click Automatic 39mm c\u00f3 l\u1edbp v\u1ecf ngo\u00e0i b\u1eb1ng v\u00e0ng King Gold 18k, \u1edf gi\u1eefa l\u00e0 m\u1ed9t l\u1edbp nh\u1ef1a composite m\u00e0u xanh lam.","og_url":"https:\/\/nishiki-cycle.com\/demo\/san-pham\/hublot-big-bang-one-click-automatic-39mm\/","og_site_name":"Phoenix Luxury","article_modified_time":"2024-01-19T19:42:34+00:00","og_image":[{"width":900,"height":900,"url":"https:\/\/nishiki-cycle.com\/demo\/wp-content\/uploads\/2024\/01\/1-31.jpg","type":"image\/jpeg"}],"twitter_card":"summary_large_image","twitter_misc":{"\u01af\u1edbc t\u00ednh th\u1eddi gian \u0111\u1ecdc":"4 ph\u00fat"},"schema":{"@context":"https:\/\/schema.org","@graph":[{"@type":"WebPage","@id":"https:\/\/nishiki-cycle.com\/demo\/san-pham\/hublot-big-bang-one-click-automatic-39mm\/","url":"https:\/\/nishiki-cycle.com\/demo\/san-pham\/hublot-big-bang-one-click-automatic-39mm\/","name":"Hublot Big Bang One Click Automatic 39mm - Phoenix Luxury","isPartOf":{"@id":"https:\/\/nishiki-cycle.com\/demo\/#website"},"datePublished":"2024-01-19T19:42:33+00:00","dateModified":"2024-01-19T19:42:34+00:00","description":"Hublot Big Bang One Click Automatic 39mm c\u00f3 l\u1edbp v\u1ecf ngo\u00e0i b\u1eb1ng v\u00e0ng King Gold 18k, \u1edf gi\u1eefa l\u00e0 m\u1ed9t l\u1edbp nh\u1ef1a composite m\u00e0u xanh lam.","breadcrumb":{"@id":"https:\/\/nishiki-cycle.com\/demo\/san-pham\/hublot-big-bang-one-click-automatic-39mm\/#breadcrumb"},"inLanguage":"vi","potentialAction":[{"@type":"ReadAction","target":["https:\/\/nishiki-cycle.com\/demo\/san-pham\/hublot-big-bang-one-click-automatic-39mm\/"]}]},{"@type":"BreadcrumbList","@id":"https:\/\/nishiki-cycle.com\/demo\/san-pham\/hublot-big-bang-one-click-automatic-39mm\/#breadcrumb","itemListElement":[{"@type":"ListItem","position":1,"name":"Trang ch\u1ee7","item":"https:\/\/nishiki-cycle.com\/demo\/"},{"@type":"ListItem","position":2,"name":"C\u1eeda h\u00e0ng","item":"https:\/\/nishiki-cycle.com\/demo\/cua-hang\/"},{"@type":"ListItem","position":3,"name":"Hublot Big Bang One Click Automatic 39mm"}]},{"@type":"WebSite","@id":"https:\/\/nishiki-cycle.com\/demo\/#website","url":"https:\/\/nishiki-cycle.com\/demo\/","name":"Phoenix Luxury","description":"","potentialAction":[{"@type":"SearchAction","target":{"@type":"EntryPoint","urlTemplate":"https:\/\/nishiki-cycle.com\/demo\/?s={search_term_string}"},"query-input":"required name=search_term_string"}],"inLanguage":"vi"}]}},"_links":{"self":[{"href":"https:\/\/nishiki-cycle.com\/demo\/wp-json\/wp\/v2\/product\/11599","targetHints":{"allow":["GET"]}}],"collection":[{"href":"https:\/\/nishiki-cycle.com\/demo\/wp-json\/wp\/v2\/product"}],"about":[{"href":"https:\/\/nishiki-cycle.com\/demo\/wp-json\/wp\/v2\/types\/product"}],"replies":[{"embeddable":true,"href":"https:\/\/nishiki-cycle.com\/demo\/wp-json\/wp\/v2\/comments?post=11599"}],"wp:featuredmedia":[{"embeddable":true,"href":"https:\/\/nishiki-cycle.com\/demo\/wp-json\/wp\/v2\/media\/11600"}],"wp:attachment":[{"href":"https:\/\/nishiki-cycle.com\/demo\/wp-json\/wp\/v2\/media?parent=11599"}],"wp:term":[{"taxonomy":"product_cat","embeddable":true,"href":"https:\/\/nishiki-cycle.com\/demo\/wp-json\/wp\/v2\/product_cat?post=11599"},{"taxonomy":"product_tag","embeddable":true,"href":"https:\/\/nishiki-cycle.com\/demo\/wp-json\/wp\/v2\/product_tag?post=11599"}],"curies":[{"name":"wp","href":"https:\/\/api.w.org\/{rel}","templated":true}]}}