{"id":12057,"date":"2024-02-26T14:12:39","date_gmt":"2024-02-26T14:12:39","guid":{"rendered":"https:\/\/nishiki-cycle.com\/demo\/?post_type=product&#038;p=12057"},"modified":"2024-02-27T14:30:13","modified_gmt":"2024-02-27T14:30:13","slug":"hublot-square-bang-unico-black-magic","status":"publish","type":"product","link":"https:\/\/nishiki-cycle.com\/demo\/san-pham\/hublot-square-bang-unico-black-magic\/","title":{"rendered":"Hublot Square Bang Unico Black Magic"},"content":{"rendered":"<p><img fetchpriority=\"high\" decoding=\"async\" class=\"size-medium wp-image-12058 aligncenter\" src=\"https:\/\/nishiki-cycle.com\/demo\/wp-content\/uploads\/2024\/02\/1-43-300x300.jpg\" alt=\"\" width=\"300\" height=\"300\" srcset=\"https:\/\/nishiki-cycle.com\/demo\/wp-content\/uploads\/2024\/02\/1-43-300x300.jpg 300w, https:\/\/nishiki-cycle.com\/demo\/wp-content\/uploads\/2024\/02\/1-43-150x150.jpg 150w, https:\/\/nishiki-cycle.com\/demo\/wp-content\/uploads\/2024\/02\/1-43-768x768.jpg 768w, https:\/\/nishiki-cycle.com\/demo\/wp-content\/uploads\/2024\/02\/1-43-600x600.jpg 600w, https:\/\/nishiki-cycle.com\/demo\/wp-content\/uploads\/2024\/02\/1-43-100x100.jpg 100w, https:\/\/nishiki-cycle.com\/demo\/wp-content\/uploads\/2024\/02\/1-43.jpg 900w\" sizes=\"(max-width: 300px) 100vw, 300px\" \/><\/p>\n<p><strong><a href=\"https:\/\/nishiki-cycle.com\/demo\/danh-muc-san-pham\/hublot\/\">Hublot<\/a><\/strong> Square Bang Unico Black Magic th\u1ef1c s\u1ef1 mang \u0111\u1ebfn tr\u1ea3i nghi\u1ec7m th\u00fa v\u1ecb v\u1edbi b\u1ed9 b\u1ecf h\u00ecnh vu\u00f4ng c\u00e2n x\u1ee9ng. M\u1eb7c d\u00f9 kh\u00f4ng ph\u1ea3i l\u00e0 m\u1ed9t d\u00e1ng thi\u1ebft k\u1ebf ho\u00e0n to\u00e0n m\u1edbi, v\u00ec tr\u01b0\u1edbc \u0111\u00f3 c\u0169ng \u0111\u00e3 c\u00f3 m\u1ed9t v\u00e0i th\u01b0\u01a1ng hi\u1ec7u s\u1ea3n xu\u1ea5t m\u1eabu \u0111\u1ed3ng h\u1ed3 h\u00ecnh vu\u00f4ng, tuy nhi\u00ean kh\u00e1i ni\u1ec7m h\u00ecnh vu\u00f4ng d\u01b0\u1eddng nh\u01b0 \u0111\u01b0\u1ee3c xu\u1ea5t hi\u1ec7n r\u1ea5t \u00edt trong ch\u1ebf t\u00e1c \u0111\u1ed3ng h\u1ed3.<\/p>\n<p>B\u00ean c\u1ea1nh \u0111\u00f3, b\u1ed9 v\u1ecf 42mm c\u1ee7a Hublot Square Bang Unico Black Magic c\u00f2n \u0111\u1eb7c bi\u1ec7t g\u00e2y s\u1ef1 ch\u00fa \u00fd nh\u1edd c\u1ea5u tr\u00fac thi\u1ebft k\u1ebf \u201cSandwich\u201d \u0111a l\u1edbp v\u1edbi s\u1ef1 k\u1ebft h\u1ee3p kh\u00e9o l\u00e9o gi\u1eefa ceramic v\u00e0 v\u1eadt li\u1ec7u composite m\u00e0u \u0111en. V\u00e0 n\u1ebfu nh\u01b0 c\u1ea5u tr\u00fac thi\u1ebft k\u1ebf \u201cSandwich\u201d \u0111\u01b0\u1ee3c xem l\u00e0 bi\u1ec3u t\u01b0\u1ee3ng c\u1ee7a b\u1ed9 s\u01b0u t\u1eadp Big Bang th\u00ec s\u1ef1 xu\u1ea5t hi\u1ec7n c\u1ee7a n\u00f3 trong khu\u00e2n m\u1eabu c\u1ee7a m\u1ed9t thi\u1ebft k\u1ebf h\u00ecnh vu\u00f4ng c\u00e0ng khi\u1ebfnHublot Square Bang Unico Black Magic 42mm th\u00eam n\u1ed5i b\u1eadt v\u00e0 cu\u1ed1n h\u00fat.<\/p>\n<p>Ngo\u00e0i d\u00e1ng thi\u1ebft k\u1ebf \u0111\u1ed9c \u0111\u00e1o, Hublot Square Bang Unico Black Magic c\u00f2n \u0111\u1eb7c bi\u1ec7t g\u00e2y ch\u00fa \u00fd nh\u1edd m\u1eb7t s\u1ed1 skeleton l\u1ed9 c\u01a1, mang \u0111\u1ebfn c\u00e1i nh\u00ecn ch\u00e2n th\u1ef1c h\u01a1n v\u1ec1 b\u1ed9 m\u00e1y c\u01a1 t\u1ef1 \u0111\u1ed9ng HUB1280 UNICO \u1ea9n b\u00ean d\u01b0\u1edbi. Chi\u1ebfc \u0111\u1ed3ng h\u1ed3 b\u1ea5m gi\u1edd flyback 12 gi\u1edd, hi\u1ec3n th\u1ecb th\u00eam ng\u00e0y v\u00e0 gi\u1edd. B\u1ed9 m\u00e1y n\u00e0y \u0111\u01b0\u1ee3c c\u1ea5u th\u00e0nh t\u1eeb 354 th\u00e0nh ph\u1ea7n, dao \u0111\u1ed9ng \u1edf t\u1ea7n s\u1ed1 4 Hz v\u00e0 c\u00f3 kh\u1ea3 n\u0103ng d\u1ef1 tr\u1eef n\u0103ng l\u01b0\u1ee3ng trong 72 gi\u1edd. \u0110\u1ec3 c\u00f3 th\u1ec3 \u0111\u1eb7t b\u1ed9 m\u00e1y n\u00e0y v\u00e0o m\u1ed9t thi\u1ebft k\u1ebf h\u00ecnh vu\u00f4ng, Hublot \u0111\u00e3 ph\u1ea3i m\u1ea5t r\u1ea5t nhi\u1ec1u gi\u1edd \u0111\u1ec3 nghi\u00ean c\u1ee9u.<\/p>\n<p>Cu\u1ed1i c\u00f9ng, t\u00ednh n\u0103ng thay d\u00e2y nhanh One-Click \u0111\u1ed9c quy\u1ec1n c\u1ee7a Hublot c\u0169ng l\u00e0 m\u1ed9t \u0111i\u1ec3m nh\u1ea5n s\u00e1ng gi\u00e1 gi\u00fap Hublot Square Bang Unico Black Magic l\u1ea5y \u0111i\u1ec3m t\u1eeb c\u00e1c t\u00edn \u0111\u1ed3. Ch\u1ec9 c\u1ea7n m\u1ed9t thao t\u00e1c b\u1ea5m \u0111\u01a1n gi\u1ea3n, ch\u1ee7 s\u1edf h\u1eefu ngay l\u1eadp t\u1ee9c c\u00f3 th\u1ec3 thay \u0111\u1ed5i d\u00e2y \u0111eo ph\u00f9 h\u1ee3p v\u1edbi t\u1eebng b\u1ed1i c\u1ea3nh hay trang ph\u1ee5c.<\/p>\n<p>B\u00ean c\u1ea1nh d\u00e2y \u0111eo cao su mang h\u1ecda ti\u1ebft \u00f4 vu\u00f4ng ho\u1eb7c k\u1ebb s\u1ecdc v\u1edbi m\u00e0u s\u1eafc phong ph\u00fa, Hublot c\u00f2n mang \u0111\u1ebfn cho chi\u1ebfc \u0111\u1ed3ng h\u1ed3 n\u00e0y m\u1ed9t b\u1ed9 s\u01b0u t\u1eadp d\u00e2y \u0111eo \u0111a phong c\u00e1ch t\u1eeb ch\u1ea5t li\u1ec7u da c\u00e1 s\u1ea5u \u0111a s\u1eafc c\u00f9ng ch\u1ec9 kh\u00e2u \u0111\u1ed3ng m\u00e0u, \u0111\u01b0\u1ee3c ho\u00e0n thi\u1ec7n c\u00f4ng phu b\u1eb1ng ph\u01b0\u01a1ng ph\u00e1p th\u1ee7 c\u00f4ng.\u00a0S\u1ef1 k\u1ebft h\u1ee3p ho\u00e0n m\u1ef9 gi\u1eefa thi\u1ebft k\u1ebf \u0111\u1eb3ng c\u1ea5p c\u1ee7a \u0111\u1ed3ng h\u1ed3 v\u00e0 c\u00e1c t\u00f9y ch\u1ecdn d\u00e2y \u0111eo s\u1ebd mang \u0111\u1ebfn cho ch\u1ee7 nh\u00e2n v\u1ebb ngo\u00e0i l\u1ecbch l\u00e3m, sang tr\u1ecdng khi hi\u1ec7n di\u1ec7n t\u1ea1i c\u00e1c bu\u1ed5i g\u1eb7p g\u1ee1, d\u1ea1 ti\u1ec7c hay nh\u1eefng s\u1ef1 ki\u1ec7n quan tr\u1ecdng.<\/p>\n","protected":false},"excerpt":{"rendered":"<p>Xu\u1ea5t x\u1ee9: Th\u1ee5y S\u0129<\/p>\n<p>K\u00edch th\u01b0\u1edbc: 42mm<\/p>\n<p>D\u00e0y: 12mm<\/p>\n<p>Ch\u1ea5t li\u1ec7u: Ceramic<\/p>\n<p>K\u00ednh: Sapphire<\/p>\n<p>M\u1eb7t s\u1ed1: Skeleton<\/p>\n<p>B\u1ed9 m\u00e1y: Caliber HUB1280 UNICO<\/p>\n<p>Ch\u1ee9c n\u0103ng:\u00a0Gi\u1edd, ph\u00fat, gi\u00e2y, ng\u00e0y, chronograph<\/p>\n<p>D\u1ef1 tr\u1eef n\u0103ng l\u01b0\u1ee3ng: 72 gi\u1edd<\/p>\n<p>Kh\u00e1ng n\u01b0\u1edbc: 50m (5ATM)<\/p>\n","protected":false},"featured_media":12058,"comment_status":"open","ping_status":"closed","template":"","meta":[],"product_cat":[334,339,195,320],"product_tag":[],"class_list":["post-12057","product","type-product","status-publish","has-post-thumbnail","hentry","product_cat-40mm-42mm","product_cat-ceramic","product_cat-mens-watches","product_cat-hublot","product_brand-hublot"],"yoast_head":"<!-- This site is optimized with the Yoast SEO plugin v21.6 - https:\/\/yoast.com\/wordpress\/plugins\/seo\/ -->\n<title>Hublot Square Bang Unico Black Magic - Phoenix Luxury<\/title>\n<meta name=\"description\" content=\"T\u00ednh n\u0103ng thay d\u00e2y nhanh One-Click \u0111\u1ed9c quy\u1ec1n c\u1ee7a Hublot c\u0169ng l\u00e0 m\u1ed9t \u0111i\u1ec3m nh\u1ea5n s\u00e1ng gi\u00e1 gi\u00fap Hublot Square Bang Unico Black Magic l\u1ea5y \u0111i\u1ec3m t\u1eeb c\u00e1c t\u00edn \u0111\u1ed3.\" \/>\n<meta name=\"robots\" content=\"index, follow, max-snippet:-1, max-image-preview:large, max-video-preview:-1\" \/>\n<link rel=\"canonical\" href=\"https:\/\/nishiki-cycle.com\/demo\/san-pham\/hublot-square-bang-unico-black-magic\/\" \/>\n<meta property=\"og:locale\" content=\"vi_VN\" \/>\n<meta property=\"og:type\" content=\"article\" \/>\n<meta property=\"og:title\" content=\"Hublot Square Bang Unico Black Magic - Phoenix Luxury\" \/>\n<meta property=\"og:description\" content=\"T\u00ednh n\u0103ng thay d\u00e2y nhanh One-Click \u0111\u1ed9c quy\u1ec1n c\u1ee7a Hublot c\u0169ng l\u00e0 m\u1ed9t \u0111i\u1ec3m nh\u1ea5n s\u00e1ng gi\u00e1 gi\u00fap Hublot Square Bang Unico Black Magic l\u1ea5y \u0111i\u1ec3m t\u1eeb c\u00e1c t\u00edn \u0111\u1ed3.\" \/>\n<meta property=\"og:url\" content=\"https:\/\/nishiki-cycle.com\/demo\/san-pham\/hublot-square-bang-unico-black-magic\/\" \/>\n<meta property=\"og:site_name\" content=\"Phoenix Luxury\" \/>\n<meta property=\"article:modified_time\" content=\"2024-02-27T14:30:13+00:00\" \/>\n<meta property=\"og:image\" content=\"https:\/\/nishiki-cycle.com\/demo\/wp-content\/uploads\/2024\/02\/1-43.jpg\" \/>\n\t<meta property=\"og:image:width\" content=\"900\" \/>\n\t<meta property=\"og:image:height\" content=\"900\" \/>\n\t<meta property=\"og:image:type\" content=\"image\/jpeg\" \/>\n<meta name=\"twitter:card\" content=\"summary_large_image\" \/>\n<meta name=\"twitter:label1\" content=\"\u01af\u1edbc t\u00ednh th\u1eddi gian \u0111\u1ecdc\" \/>\n\t<meta name=\"twitter:data1\" content=\"3 ph\u00fat\" \/>\n<script type=\"application\/ld+json\" class=\"yoast-schema-graph\">{\"@context\":\"https:\/\/schema.org\",\"@graph\":[{\"@type\":\"WebPage\",\"@id\":\"https:\/\/nishiki-cycle.com\/demo\/san-pham\/hublot-square-bang-unico-black-magic\/\",\"url\":\"https:\/\/nishiki-cycle.com\/demo\/san-pham\/hublot-square-bang-unico-black-magic\/\",\"name\":\"Hublot Square Bang Unico Black Magic - Phoenix Luxury\",\"isPartOf\":{\"@id\":\"https:\/\/nishiki-cycle.com\/demo\/#website\"},\"datePublished\":\"2024-02-26T14:12:39+00:00\",\"dateModified\":\"2024-02-27T14:30:13+00:00\",\"description\":\"T\u00ednh n\u0103ng thay d\u00e2y nhanh One-Click \u0111\u1ed9c quy\u1ec1n c\u1ee7a Hublot c\u0169ng l\u00e0 m\u1ed9t \u0111i\u1ec3m nh\u1ea5n s\u00e1ng gi\u00e1 gi\u00fap Hublot Square Bang Unico Black Magic l\u1ea5y \u0111i\u1ec3m t\u1eeb c\u00e1c t\u00edn \u0111\u1ed3.\",\"breadcrumb\":{\"@id\":\"https:\/\/nishiki-cycle.com\/demo\/san-pham\/hublot-square-bang-unico-black-magic\/#breadcrumb\"},\"inLanguage\":\"vi\",\"potentialAction\":[{\"@type\":\"ReadAction\",\"target\":[\"https:\/\/nishiki-cycle.com\/demo\/san-pham\/hublot-square-bang-unico-black-magic\/\"]}]},{\"@type\":\"BreadcrumbList\",\"@id\":\"https:\/\/nishiki-cycle.com\/demo\/san-pham\/hublot-square-bang-unico-black-magic\/#breadcrumb\",\"itemListElement\":[{\"@type\":\"ListItem\",\"position\":1,\"name\":\"Trang ch\u1ee7\",\"item\":\"https:\/\/nishiki-cycle.com\/demo\/\"},{\"@type\":\"ListItem\",\"position\":2,\"name\":\"C\u1eeda h\u00e0ng\",\"item\":\"https:\/\/nishiki-cycle.com\/demo\/cua-hang\/\"},{\"@type\":\"ListItem\",\"position\":3,\"name\":\"Hublot Square Bang Unico Black Magic\"}]},{\"@type\":\"WebSite\",\"@id\":\"https:\/\/nishiki-cycle.com\/demo\/#website\",\"url\":\"https:\/\/nishiki-cycle.com\/demo\/\",\"name\":\"Phoenix Luxury\",\"description\":\"\",\"potentialAction\":[{\"@type\":\"SearchAction\",\"target\":{\"@type\":\"EntryPoint\",\"urlTemplate\":\"https:\/\/nishiki-cycle.com\/demo\/?s={search_term_string}\"},\"query-input\":\"required name=search_term_string\"}],\"inLanguage\":\"vi\"}]}<\/script>\n<!-- \/ Yoast SEO plugin. -->","yoast_head_json":{"title":"Hublot Square Bang Unico Black Magic - Phoenix Luxury","description":"T\u00ednh n\u0103ng thay d\u00e2y nhanh One-Click \u0111\u1ed9c quy\u1ec1n c\u1ee7a Hublot c\u0169ng l\u00e0 m\u1ed9t \u0111i\u1ec3m nh\u1ea5n s\u00e1ng gi\u00e1 gi\u00fap Hublot Square Bang Unico Black Magic l\u1ea5y \u0111i\u1ec3m t\u1eeb c\u00e1c t\u00edn \u0111\u1ed3.","robots":{"index":"index","follow":"follow","max-snippet":"max-snippet:-1","max-image-preview":"max-image-preview:large","max-video-preview":"max-video-preview:-1"},"canonical":"https:\/\/nishiki-cycle.com\/demo\/san-pham\/hublot-square-bang-unico-black-magic\/","og_locale":"vi_VN","og_type":"article","og_title":"Hublot Square Bang Unico Black Magic - Phoenix Luxury","og_description":"T\u00ednh n\u0103ng thay d\u00e2y nhanh One-Click \u0111\u1ed9c quy\u1ec1n c\u1ee7a Hublot c\u0169ng l\u00e0 m\u1ed9t \u0111i\u1ec3m nh\u1ea5n s\u00e1ng gi\u00e1 gi\u00fap Hublot Square Bang Unico Black Magic l\u1ea5y \u0111i\u1ec3m t\u1eeb c\u00e1c t\u00edn \u0111\u1ed3.","og_url":"https:\/\/nishiki-cycle.com\/demo\/san-pham\/hublot-square-bang-unico-black-magic\/","og_site_name":"Phoenix Luxury","article_modified_time":"2024-02-27T14:30:13+00:00","og_image":[{"width":900,"height":900,"url":"https:\/\/nishiki-cycle.com\/demo\/wp-content\/uploads\/2024\/02\/1-43.jpg","type":"image\/jpeg"}],"twitter_card":"summary_large_image","twitter_misc":{"\u01af\u1edbc t\u00ednh th\u1eddi gian \u0111\u1ecdc":"3 ph\u00fat"},"schema":{"@context":"https:\/\/schema.org","@graph":[{"@type":"WebPage","@id":"https:\/\/nishiki-cycle.com\/demo\/san-pham\/hublot-square-bang-unico-black-magic\/","url":"https:\/\/nishiki-cycle.com\/demo\/san-pham\/hublot-square-bang-unico-black-magic\/","name":"Hublot Square Bang Unico Black Magic - Phoenix Luxury","isPartOf":{"@id":"https:\/\/nishiki-cycle.com\/demo\/#website"},"datePublished":"2024-02-26T14:12:39+00:00","dateModified":"2024-02-27T14:30:13+00:00","description":"T\u00ednh n\u0103ng thay d\u00e2y nhanh One-Click \u0111\u1ed9c quy\u1ec1n c\u1ee7a Hublot c\u0169ng l\u00e0 m\u1ed9t \u0111i\u1ec3m nh\u1ea5n s\u00e1ng gi\u00e1 gi\u00fap Hublot Square Bang Unico Black Magic l\u1ea5y \u0111i\u1ec3m t\u1eeb c\u00e1c t\u00edn \u0111\u1ed3.","breadcrumb":{"@id":"https:\/\/nishiki-cycle.com\/demo\/san-pham\/hublot-square-bang-unico-black-magic\/#breadcrumb"},"inLanguage":"vi","potentialAction":[{"@type":"ReadAction","target":["https:\/\/nishiki-cycle.com\/demo\/san-pham\/hublot-square-bang-unico-black-magic\/"]}]},{"@type":"BreadcrumbList","@id":"https:\/\/nishiki-cycle.com\/demo\/san-pham\/hublot-square-bang-unico-black-magic\/#breadcrumb","itemListElement":[{"@type":"ListItem","position":1,"name":"Trang ch\u1ee7","item":"https:\/\/nishiki-cycle.com\/demo\/"},{"@type":"ListItem","position":2,"name":"C\u1eeda h\u00e0ng","item":"https:\/\/nishiki-cycle.com\/demo\/cua-hang\/"},{"@type":"ListItem","position":3,"name":"Hublot Square Bang Unico Black Magic"}]},{"@type":"WebSite","@id":"https:\/\/nishiki-cycle.com\/demo\/#website","url":"https:\/\/nishiki-cycle.com\/demo\/","name":"Phoenix Luxury","description":"","potentialAction":[{"@type":"SearchAction","target":{"@type":"EntryPoint","urlTemplate":"https:\/\/nishiki-cycle.com\/demo\/?s={search_term_string}"},"query-input":"required name=search_term_string"}],"inLanguage":"vi"}]}},"_links":{"self":[{"href":"https:\/\/nishiki-cycle.com\/demo\/wp-json\/wp\/v2\/product\/12057","targetHints":{"allow":["GET"]}}],"collection":[{"href":"https:\/\/nishiki-cycle.com\/demo\/wp-json\/wp\/v2\/product"}],"about":[{"href":"https:\/\/nishiki-cycle.com\/demo\/wp-json\/wp\/v2\/types\/product"}],"replies":[{"embeddable":true,"href":"https:\/\/nishiki-cycle.com\/demo\/wp-json\/wp\/v2\/comments?post=12057"}],"wp:featuredmedia":[{"embeddable":true,"href":"https:\/\/nishiki-cycle.com\/demo\/wp-json\/wp\/v2\/media\/12058"}],"wp:attachment":[{"href":"https:\/\/nishiki-cycle.com\/demo\/wp-json\/wp\/v2\/media?parent=12057"}],"wp:term":[{"taxonomy":"product_cat","embeddable":true,"href":"https:\/\/nishiki-cycle.com\/demo\/wp-json\/wp\/v2\/product_cat?post=12057"},{"taxonomy":"product_tag","embeddable":true,"href":"https:\/\/nishiki-cycle.com\/demo\/wp-json\/wp\/v2\/product_tag?post=12057"}],"curies":[{"name":"wp","href":"https:\/\/api.w.org\/{rel}","templated":true}]}}