{"id":12172,"date":"2024-03-04T16:41:25","date_gmt":"2024-03-04T16:41:25","guid":{"rendered":"https:\/\/nishiki-cycle.com\/demo\/?post_type=product&#038;p=12172"},"modified":"2024-03-05T16:18:03","modified_gmt":"2024-03-05T16:18:03","slug":"hublot-big-bang-chronograph-king-gold-pave-diamond","status":"publish","type":"product","link":"https:\/\/nishiki-cycle.com\/demo\/san-pham\/hublot-big-bang-chronograph-king-gold-pave-diamond\/","title":{"rendered":"Hublot Big Bang Chronograph King Gold Pave Diamond"},"content":{"rendered":"<p><img fetchpriority=\"high\" decoding=\"async\" class=\"size-medium wp-image-12173 aligncenter\" src=\"https:\/\/nishiki-cycle.com\/demo\/wp-content\/uploads\/2024\/03\/1-9-300x300.jpg\" alt=\"\" width=\"300\" height=\"300\" srcset=\"https:\/\/nishiki-cycle.com\/demo\/wp-content\/uploads\/2024\/03\/1-9-300x300.jpg 300w, https:\/\/nishiki-cycle.com\/demo\/wp-content\/uploads\/2024\/03\/1-9-150x150.jpg 150w, https:\/\/nishiki-cycle.com\/demo\/wp-content\/uploads\/2024\/03\/1-9-768x768.jpg 768w, https:\/\/nishiki-cycle.com\/demo\/wp-content\/uploads\/2024\/03\/1-9-600x600.jpg 600w, https:\/\/nishiki-cycle.com\/demo\/wp-content\/uploads\/2024\/03\/1-9-100x100.jpg 100w, https:\/\/nishiki-cycle.com\/demo\/wp-content\/uploads\/2024\/03\/1-9.jpg 900w\" sizes=\"(max-width: 300px) 100vw, 300px\" \/><\/p>\n<p>Tr\u01b0\u1edbc ti\u00ean, h\u00e3y n\u00f3i qua v\u1ec1 ngo\u1ea1i h\u00ecnh \u0111\u1eb7c bi\u1ec7t c\u1ee7a <a href=\"https:\/\/nishiki-cycle.com\/demo\/danh-muc-san-pham\/hublot\/\"><strong>Hublot<\/strong><\/a> Big Bang Chronograph King Gold Pave Diamond. B\u1ed9 v\u1ecf khung c\u00f3 y\u1ebfu t\u1ed1 \u0111\u1ed9 ho\u00e0n thi\u1ec7n c\u1ee7a m\u1ed9t chi\u1ebfc \u0111\u1ed3ng h\u1ed3 c\u01a1 h\u1ecdc v\u00e0 s\u1ef1 m\u1ea1nh m\u1ebd c\u1ee7a \u0111\u1ed3ng h\u1ed3 th\u1ec3 thao. N\u00f3 xu\u1ea5t hi\u1ec7n v\u1edbi hai t\u00f4ng m\u00e0u: m\u00e0u v\u00e0ng h\u1ed3ng tr\u00ean n\u1ec1n m\u1eb7t s\u1ed1 \u0111en \u0111em \u0111\u1ebfn d\u00e1ng v\u1ebb m\u1ea1nh m\u1ebd, ch\u1eafc ch\u1eafn.<\/p>\n<p>D\u00f9 l\u00e0 bi\u1ec3u t\u01b0\u1ee3ng c\u1ee7a \u0111\u1ed3ng h\u1ed3 c\u1ed5 \u0111i\u1ec3n Thu\u1ef5 S\u1ef9, nh\u01b0ng\u00a0Big Bang King Gold Chronograph\u00a0l\u1ea1i mang t\u00ednh n\u0103ng Chronograph \u0111\u00ecnh \u0111\u00e1m, s\u1eed d\u1ee5ng nh\u1eefng c\u00f4ng ngh\u1ec7 ti\u00ean ti\u1ebfn nh\u1ea5t c\u1ee7a xu th\u1ebf hi\u1ec7n \u0111\u1ea1i. Chi\u1ebfc \u0111\u1ed3ng h\u1ed3 s\u1edf h\u1eefu 3 m\u1eb7t s\u1ed1 ph\u1ee5 v\u1edbi 2 m\u1eb7t s\u1ed1 Chronograph \u1edf g\u00f3c 3 gi\u1edd v\u00e0 6 gi\u1edd, m\u1eb7t s\u1ed1 9 gi\u1edd \u0111\u1ec3 \u0111\u1ebfm gi\u00e2y. \u1ede gi\u1eefa g\u00f3c 4 v\u00e0 5 gi\u1edd l\u00e0 m\u1ed9t c\u1eeda s\u1ed5 nh\u1ecf hi\u1ec3n th\u1ecb ng\u00e0y.<\/p>\n<p>V\u1ec1 \u0111\u1ed9 ho\u00e0n thi\u1ec7n, ri\u00eang ph\u1ea7n b\u1ec1 m\u1eb7t c\u1ee7a b\u1ed9 v\u1ecf khung chi\u1ebfc Hublot Big Bang Chronograph 41mm \u0111\u01b0\u1ee3c ch\u1ea3i x\u01b0\u1edbc d\u1ecdc t\u1ec9 m\u1ec9, c\u00f2n t\u1eebng \u0111\u01b0\u1eddng vi\u1ec1n l\u1ea1i \u0111\u01b0\u1ee3c m\u00e0i nh\u1eb5n b\u00f3ng c\u1ea9n th\u1eadn.\u00a0M\u1eb7t d\u00e2y \u0111eo c\u1ee7a chi\u1ebfc \u0111\u1ed3ng h\u1ed3 \u0111\u01b0\u1ee3c ho\u00e0n thi\u1ec7n b\u1edfi nh\u1eefng h\u1ecda ti\u1ebft h\u00ecnh t\u1ee9 gi\u00e1c \u0111an xen,\u00a0r\u1ea5t d\u1ebbo, nh\u1eb9 v\u00e0 c\u00f3 \u0111\u1ed9 b\u1ec1n cao.\u00a0M\u1ed9t \u0111i\u1ec1u th\u00fa v\u1ecb n\u1eefa \u1edf s\u1ee3i d\u00e2y c\u1ee7a chi\u1ebfc \u0111\u1ed3ng h\u1ed3 n\u00e0y \u0111\u00f3 l\u00e0 n\u00f3 mang m\u1ed9t m\u00f9i h\u01b0\u01a1ng \u201cvani\u201d r\u1ea5t cu\u1ed1n h\u00fat.\u00a0T\u1ef1 h\u00e0o l\u00e0 m\u1ed9t trong nh\u1eefng lo\u1ea1i d\u00e2y b\u1ec1n nh\u1ea5t ch\u1ec9 sau d\u00e2y kim lo\u1ea1i, \u0111\u00e2y l\u00e0 k\u1ebft qu\u1ea3 c\u1ee7a qu\u00e1 tr\u00ecnh d\u00e0i ba n\u0103m nghi\u00ean c\u1ee9u v\u00e0 ch\u1ebf t\u00e1c c\u1ee7a h\u00e3ng Hublot.<\/p>\n<p>Hublot Big Bang Chronograph King Gold Pave Diamond s\u1edf h\u1eefu c\u1ed7 m\u00e1y tuy\u1ec7t v\u1eddi HUB 4300 v\u00e0 tr\u1eef l\u01b0\u1ee3ng n\u0103ng l\u01b0\u1ee3ng l\u00ean \u0111\u1ebfn 42h. \u0110i\u1ec1u \u0111\u1eb7c bi\u1ec7t \u1edf Big Bang King Gold Chronograph, \u0111\u00f3 l\u00e0 chi\u1ebfc \u0111\u1ed3ng h\u1ed3 n\u00e0y s\u1edf h\u1eefu ph\u1ea7n m\u1eb7t \u0111\u1ed3ng h\u1ed3 sau ho\u00e0n to\u00e0n trong su\u1ed1t, t\u0103ng c\u1ea3m nh\u1eadn v\u1ec1 s\u1ef1 ch\u00ednh x\u00e1c c\u0169ng nh\u01b0 tinh x\u1ea3o trong thi\u1ebft k\u1ebf c\u1ee7a \u201ctr\u00e1i tim \u0111\u1ed3ng h\u1ed3\u201d cho ch\u1ee7 nh\u00e2n c\u1ee7a n\u00f3.<\/p>\n","protected":false},"excerpt":{"rendered":"<p>M\u00e3: 341.PX.130.RX.174<\/p>\n<p>Xu\u1ea5t x\u1ee9: Th\u1ee5y S\u1ef9<\/p>\n<p>K\u00edch th\u01b0\u1edbc: 41 mm<\/p>\n<p>K\u00ednh: Sapphire<\/p>\n<p>B\u1ed9 m\u00e1y: Automatic &#8211; HUB\u00a04300<\/p>\n<p>D\u1ef1 tr\u1eef n\u0103ng l\u01b0\u1ee3ng: 42 gi\u1edd<\/p>\n<p>Ch\u1ee9c n\u0103ng: Gi\u1edd, Ph\u00fat, Gi\u00e2y, Ng\u00e0y, Chronograph<\/p>\n<p>Ch\u1ea5t li\u1ec7u v\u1ecf:\u00a0V\u00e0ng h\u1ed3ng 18kt v\u1edbi 198 kim c\u01b0\u01a1ng ~\u00a00,96 carat<\/p>\n<p>D\u00e2y \u0111eo: D\u00e2y \u0111eo cao su \u0111en<\/p>\n<p>Kh\u00e1ng n\u01b0\u1edbc: 30m (3ATM)<\/p>\n","protected":false},"featured_media":12173,"comment_status":"open","ping_status":"closed","template":"","meta":[],"product_cat":[334,195,320,336],"product_tag":[],"class_list":["post-12172","product","type-product","status-publish","has-post-thumbnail","hentry","product_cat-40mm-42mm","product_cat-mens-watches","product_cat-hublot","product_cat-vang-hong-18k","product_brand-hublot"],"yoast_head":"<!-- This site is optimized with the Yoast SEO plugin v21.6 - https:\/\/yoast.com\/wordpress\/plugins\/seo\/ -->\n<title>Hublot Big Bang Chronograph King Gold Pave Diamond - Phoenix Luxury<\/title>\n<meta name=\"description\" content=\"Hublot Big Bang Chronograph King Gold Pave Diamond c\u00f3 b\u1ed9 v\u1ecf khung c\u00f3 y\u1ebfu t\u1ed1 \u0111\u1ed9 ho\u00e0n thi\u1ec7n c\u1ee7a m\u1ed9t chi\u1ebfc \u0111\u1ed3ng h\u1ed3 c\u01a1 h\u1ecdc v\u00e0 s\u1ef1 m\u1ea1nh m\u1ebd c\u1ee7a \u0111\u1ed3ng h\u1ed3 th\u1ec3 thao.\" \/>\n<meta name=\"robots\" content=\"index, follow, max-snippet:-1, max-image-preview:large, max-video-preview:-1\" \/>\n<link rel=\"canonical\" href=\"https:\/\/nishiki-cycle.com\/demo\/san-pham\/hublot-big-bang-chronograph-king-gold-pave-diamond\/\" \/>\n<meta property=\"og:locale\" content=\"vi_VN\" \/>\n<meta property=\"og:type\" content=\"article\" \/>\n<meta property=\"og:title\" content=\"Hublot Big Bang Chronograph King Gold Pave Diamond - Phoenix Luxury\" \/>\n<meta property=\"og:description\" content=\"Hublot Big Bang Chronograph King Gold Pave Diamond c\u00f3 b\u1ed9 v\u1ecf khung c\u00f3 y\u1ebfu t\u1ed1 \u0111\u1ed9 ho\u00e0n thi\u1ec7n c\u1ee7a m\u1ed9t chi\u1ebfc \u0111\u1ed3ng h\u1ed3 c\u01a1 h\u1ecdc v\u00e0 s\u1ef1 m\u1ea1nh m\u1ebd c\u1ee7a \u0111\u1ed3ng h\u1ed3 th\u1ec3 thao.\" \/>\n<meta property=\"og:url\" content=\"https:\/\/nishiki-cycle.com\/demo\/san-pham\/hublot-big-bang-chronograph-king-gold-pave-diamond\/\" \/>\n<meta property=\"og:site_name\" content=\"Phoenix Luxury\" \/>\n<meta property=\"article:modified_time\" content=\"2024-03-05T16:18:03+00:00\" \/>\n<meta property=\"og:image\" content=\"https:\/\/nishiki-cycle.com\/demo\/wp-content\/uploads\/2024\/03\/1-9.jpg\" \/>\n\t<meta property=\"og:image:width\" content=\"900\" \/>\n\t<meta property=\"og:image:height\" content=\"900\" \/>\n\t<meta property=\"og:image:type\" content=\"image\/jpeg\" \/>\n<meta name=\"twitter:card\" content=\"summary_large_image\" \/>\n<meta name=\"twitter:label1\" content=\"\u01af\u1edbc t\u00ednh th\u1eddi gian \u0111\u1ecdc\" \/>\n\t<meta name=\"twitter:data1\" content=\"3 ph\u00fat\" \/>\n<script type=\"application\/ld+json\" class=\"yoast-schema-graph\">{\"@context\":\"https:\/\/schema.org\",\"@graph\":[{\"@type\":\"WebPage\",\"@id\":\"https:\/\/nishiki-cycle.com\/demo\/san-pham\/hublot-big-bang-chronograph-king-gold-pave-diamond\/\",\"url\":\"https:\/\/nishiki-cycle.com\/demo\/san-pham\/hublot-big-bang-chronograph-king-gold-pave-diamond\/\",\"name\":\"Hublot Big Bang Chronograph King Gold Pave Diamond - Phoenix Luxury\",\"isPartOf\":{\"@id\":\"https:\/\/nishiki-cycle.com\/demo\/#website\"},\"datePublished\":\"2024-03-04T16:41:25+00:00\",\"dateModified\":\"2024-03-05T16:18:03+00:00\",\"description\":\"Hublot Big Bang Chronograph King Gold Pave Diamond c\u00f3 b\u1ed9 v\u1ecf khung c\u00f3 y\u1ebfu t\u1ed1 \u0111\u1ed9 ho\u00e0n thi\u1ec7n c\u1ee7a m\u1ed9t chi\u1ebfc \u0111\u1ed3ng h\u1ed3 c\u01a1 h\u1ecdc v\u00e0 s\u1ef1 m\u1ea1nh m\u1ebd c\u1ee7a \u0111\u1ed3ng h\u1ed3 th\u1ec3 thao.\",\"breadcrumb\":{\"@id\":\"https:\/\/nishiki-cycle.com\/demo\/san-pham\/hublot-big-bang-chronograph-king-gold-pave-diamond\/#breadcrumb\"},\"inLanguage\":\"vi\",\"potentialAction\":[{\"@type\":\"ReadAction\",\"target\":[\"https:\/\/nishiki-cycle.com\/demo\/san-pham\/hublot-big-bang-chronograph-king-gold-pave-diamond\/\"]}]},{\"@type\":\"BreadcrumbList\",\"@id\":\"https:\/\/nishiki-cycle.com\/demo\/san-pham\/hublot-big-bang-chronograph-king-gold-pave-diamond\/#breadcrumb\",\"itemListElement\":[{\"@type\":\"ListItem\",\"position\":1,\"name\":\"Trang ch\u1ee7\",\"item\":\"https:\/\/nishiki-cycle.com\/demo\/\"},{\"@type\":\"ListItem\",\"position\":2,\"name\":\"C\u1eeda h\u00e0ng\",\"item\":\"https:\/\/nishiki-cycle.com\/demo\/cua-hang\/\"},{\"@type\":\"ListItem\",\"position\":3,\"name\":\"Hublot Big Bang Chronograph King Gold Pave Diamond\"}]},{\"@type\":\"WebSite\",\"@id\":\"https:\/\/nishiki-cycle.com\/demo\/#website\",\"url\":\"https:\/\/nishiki-cycle.com\/demo\/\",\"name\":\"Phoenix Luxury\",\"description\":\"\",\"potentialAction\":[{\"@type\":\"SearchAction\",\"target\":{\"@type\":\"EntryPoint\",\"urlTemplate\":\"https:\/\/nishiki-cycle.com\/demo\/?s={search_term_string}\"},\"query-input\":\"required name=search_term_string\"}],\"inLanguage\":\"vi\"}]}<\/script>\n<!-- \/ Yoast SEO plugin. -->","yoast_head_json":{"title":"Hublot Big Bang Chronograph King Gold Pave Diamond - Phoenix Luxury","description":"Hublot Big Bang Chronograph King Gold Pave Diamond c\u00f3 b\u1ed9 v\u1ecf khung c\u00f3 y\u1ebfu t\u1ed1 \u0111\u1ed9 ho\u00e0n thi\u1ec7n c\u1ee7a m\u1ed9t chi\u1ebfc \u0111\u1ed3ng h\u1ed3 c\u01a1 h\u1ecdc v\u00e0 s\u1ef1 m\u1ea1nh m\u1ebd c\u1ee7a \u0111\u1ed3ng h\u1ed3 th\u1ec3 thao.","robots":{"index":"index","follow":"follow","max-snippet":"max-snippet:-1","max-image-preview":"max-image-preview:large","max-video-preview":"max-video-preview:-1"},"canonical":"https:\/\/nishiki-cycle.com\/demo\/san-pham\/hublot-big-bang-chronograph-king-gold-pave-diamond\/","og_locale":"vi_VN","og_type":"article","og_title":"Hublot Big Bang Chronograph King Gold Pave Diamond - Phoenix Luxury","og_description":"Hublot Big Bang Chronograph King Gold Pave Diamond c\u00f3 b\u1ed9 v\u1ecf khung c\u00f3 y\u1ebfu t\u1ed1 \u0111\u1ed9 ho\u00e0n thi\u1ec7n c\u1ee7a m\u1ed9t chi\u1ebfc \u0111\u1ed3ng h\u1ed3 c\u01a1 h\u1ecdc v\u00e0 s\u1ef1 m\u1ea1nh m\u1ebd c\u1ee7a \u0111\u1ed3ng h\u1ed3 th\u1ec3 thao.","og_url":"https:\/\/nishiki-cycle.com\/demo\/san-pham\/hublot-big-bang-chronograph-king-gold-pave-diamond\/","og_site_name":"Phoenix Luxury","article_modified_time":"2024-03-05T16:18:03+00:00","og_image":[{"width":900,"height":900,"url":"https:\/\/nishiki-cycle.com\/demo\/wp-content\/uploads\/2024\/03\/1-9.jpg","type":"image\/jpeg"}],"twitter_card":"summary_large_image","twitter_misc":{"\u01af\u1edbc t\u00ednh th\u1eddi gian \u0111\u1ecdc":"3 ph\u00fat"},"schema":{"@context":"https:\/\/schema.org","@graph":[{"@type":"WebPage","@id":"https:\/\/nishiki-cycle.com\/demo\/san-pham\/hublot-big-bang-chronograph-king-gold-pave-diamond\/","url":"https:\/\/nishiki-cycle.com\/demo\/san-pham\/hublot-big-bang-chronograph-king-gold-pave-diamond\/","name":"Hublot Big Bang Chronograph King Gold Pave Diamond - Phoenix Luxury","isPartOf":{"@id":"https:\/\/nishiki-cycle.com\/demo\/#website"},"datePublished":"2024-03-04T16:41:25+00:00","dateModified":"2024-03-05T16:18:03+00:00","description":"Hublot Big Bang Chronograph King Gold Pave Diamond c\u00f3 b\u1ed9 v\u1ecf khung c\u00f3 y\u1ebfu t\u1ed1 \u0111\u1ed9 ho\u00e0n thi\u1ec7n c\u1ee7a m\u1ed9t chi\u1ebfc \u0111\u1ed3ng h\u1ed3 c\u01a1 h\u1ecdc v\u00e0 s\u1ef1 m\u1ea1nh m\u1ebd c\u1ee7a \u0111\u1ed3ng h\u1ed3 th\u1ec3 thao.","breadcrumb":{"@id":"https:\/\/nishiki-cycle.com\/demo\/san-pham\/hublot-big-bang-chronograph-king-gold-pave-diamond\/#breadcrumb"},"inLanguage":"vi","potentialAction":[{"@type":"ReadAction","target":["https:\/\/nishiki-cycle.com\/demo\/san-pham\/hublot-big-bang-chronograph-king-gold-pave-diamond\/"]}]},{"@type":"BreadcrumbList","@id":"https:\/\/nishiki-cycle.com\/demo\/san-pham\/hublot-big-bang-chronograph-king-gold-pave-diamond\/#breadcrumb","itemListElement":[{"@type":"ListItem","position":1,"name":"Trang ch\u1ee7","item":"https:\/\/nishiki-cycle.com\/demo\/"},{"@type":"ListItem","position":2,"name":"C\u1eeda h\u00e0ng","item":"https:\/\/nishiki-cycle.com\/demo\/cua-hang\/"},{"@type":"ListItem","position":3,"name":"Hublot Big Bang Chronograph King Gold Pave Diamond"}]},{"@type":"WebSite","@id":"https:\/\/nishiki-cycle.com\/demo\/#website","url":"https:\/\/nishiki-cycle.com\/demo\/","name":"Phoenix Luxury","description":"","potentialAction":[{"@type":"SearchAction","target":{"@type":"EntryPoint","urlTemplate":"https:\/\/nishiki-cycle.com\/demo\/?s={search_term_string}"},"query-input":"required name=search_term_string"}],"inLanguage":"vi"}]}},"_links":{"self":[{"href":"https:\/\/nishiki-cycle.com\/demo\/wp-json\/wp\/v2\/product\/12172","targetHints":{"allow":["GET"]}}],"collection":[{"href":"https:\/\/nishiki-cycle.com\/demo\/wp-json\/wp\/v2\/product"}],"about":[{"href":"https:\/\/nishiki-cycle.com\/demo\/wp-json\/wp\/v2\/types\/product"}],"replies":[{"embeddable":true,"href":"https:\/\/nishiki-cycle.com\/demo\/wp-json\/wp\/v2\/comments?post=12172"}],"wp:featuredmedia":[{"embeddable":true,"href":"https:\/\/nishiki-cycle.com\/demo\/wp-json\/wp\/v2\/media\/12173"}],"wp:attachment":[{"href":"https:\/\/nishiki-cycle.com\/demo\/wp-json\/wp\/v2\/media?parent=12172"}],"wp:term":[{"taxonomy":"product_cat","embeddable":true,"href":"https:\/\/nishiki-cycle.com\/demo\/wp-json\/wp\/v2\/product_cat?post=12172"},{"taxonomy":"product_tag","embeddable":true,"href":"https:\/\/nishiki-cycle.com\/demo\/wp-json\/wp\/v2\/product_tag?post=12172"}],"curies":[{"name":"wp","href":"https:\/\/api.w.org\/{rel}","templated":true}]}}