{"id":12238,"date":"2024-03-07T20:53:35","date_gmt":"2024-03-07T20:53:35","guid":{"rendered":"https:\/\/nishiki-cycle.com\/demo\/?post_type=product&#038;p=12238"},"modified":"2024-03-09T21:24:03","modified_gmt":"2024-03-09T21:24:03","slug":"patek-philippe-grand-complications-5531r-012-minute-repeater-world-time","status":"publish","type":"product","link":"https:\/\/nishiki-cycle.com\/demo\/san-pham\/patek-philippe-grand-complications-5531r-012-minute-repeater-world-time\/","title":{"rendered":"Patek Philippe Grand Complications 5531R-012 Minute Repeater World Time"},"content":{"rendered":"<p><img fetchpriority=\"high\" decoding=\"async\" class=\"size-medium wp-image-12239 aligncenter\" src=\"https:\/\/nishiki-cycle.com\/demo\/wp-content\/uploads\/2024\/03\/1-18-300x300.jpg\" alt=\"\" width=\"300\" height=\"300\" srcset=\"https:\/\/nishiki-cycle.com\/demo\/wp-content\/uploads\/2024\/03\/1-18-300x300.jpg 300w, https:\/\/nishiki-cycle.com\/demo\/wp-content\/uploads\/2024\/03\/1-18-150x150.jpg 150w, https:\/\/nishiki-cycle.com\/demo\/wp-content\/uploads\/2024\/03\/1-18-768x768.jpg 768w, https:\/\/nishiki-cycle.com\/demo\/wp-content\/uploads\/2024\/03\/1-18-600x600.jpg 600w, https:\/\/nishiki-cycle.com\/demo\/wp-content\/uploads\/2024\/03\/1-18-100x100.jpg 100w, https:\/\/nishiki-cycle.com\/demo\/wp-content\/uploads\/2024\/03\/1-18.jpg 900w\" sizes=\"(max-width: 300px) 100vw, 300px\" \/><\/p>\n<p><a href=\"https:\/\/nishiki-cycle.com\/demo\/danh-muc-san-pham\/patek-philippe\/\"><strong>Patek Philippe<\/strong><\/a> Grand Complications 5531R-012 Minute Repeater World Time l\u00e0 chi\u1ebfc \u0111\u1ed3ng h\u1ed3 \u0111\u1ea7u ti\u00ean thu\u1ed9c lo\u1ea1i n\u00e0y: m\u1ed9t b\u1ed9 l\u1eb7p ph\u00fat c\u00f3 kh\u1ea3 n\u0103ng b\u1ea5m gi\u1edd \u0111\u1ecba ph\u01b0\u01a1ng\u00a0, \u1edf b\u1ea5t k\u1ef3 m\u00fai gi\u1edd n\u00e0o trong s\u1ed1 24 m\u00fai gi\u1edd tham chi\u1ebfu.\u00a0\u0110\u1ed3ng h\u1ed3 ban \u0111\u1ea7u \u0111\u01b0\u1ee3c gi\u1edbi thi\u1ec7u t\u1ea1i Tri\u1ec3n l\u00e3m l\u1edbn v\u1ec1 ngh\u1ec7 thu\u1eadt \u0111\u1ed3ng h\u1ed3 c\u1ee7a Patek Philippe \u1edf New York v\u00e0o n\u0103m 2017,\u00a0nh\u01b0 m\u1ed9t phi\u00ean b\u1ea3n \u0111\u1eb7c bi\u1ec7t.\u00a0C\u00f3 ch\u00ednh x\u00e1c m\u01b0\u1eddi chi\u1ebfc \u0111\u1ed3ng h\u1ed3 nh\u01b0 v\u1eady \u0111\u01b0\u1ee3c s\u1ea3n xu\u1ea5t &#8211; n\u0103m chi\u1ebfc trong s\u1ed1 hai chi\u1ebfc \u0111\u1ed3ng h\u1ed3 \u0111\u01b0\u1ee3c x\u1eed l\u00fd b\u1eb1ng\u00a0men l\u1edbn\u00a0, th\u1ec3 hi\u1ec7n \u0111\u01b0\u1eddng ch\u00e2n tr\u1eddi Manhattan v\u00e0o ban ng\u00e0y v\u00e0 ban \u0111\u00eam.\u00a05513R hi\u1ec7n l\u00e0 m\u1ed9t ph\u1ea7n c\u1ee7a b\u1ed9 s\u01b0u t\u1eadp th\u01b0\u1eddng xuy\u00ean t\u1ea1i Patek, v\u1edbi m\u1eb7t s\u1ed1 tr\u00e1ng men\u00a0l\u1edbn\u00a0th\u1ec3 hi\u1ec7n ru\u1ed9ng b\u1eadc thang v\u01b0\u1eddn nho Lavaux tr\u00ean b\u1edd h\u1ed3 Geneva (nh\u1eefng ng\u01b0\u1eddi h\u00e2m m\u1ed9 nh\u00e0 v\u0103n \u1ea9m th\u1ef1c ti\u00ean phong ng\u01b0\u1eddi M\u1ef9 MFK Fischer s\u1ebd nh\u1edb l\u1ea1i r\u1eb1ng c\u00f4 v\u00e0 ng\u01b0\u1eddi ch\u1ed3ng th\u1ee9 hai c\u00f3 m\u1ed9t ng\u00f4i nh\u00e0 trong v\u00f9ng, \u1edf l\u00e0ng Chexbres, g\u1ea7n Montreux).<\/p>\n<p>Patek Philippe Grand Complications 5531R-012 Minute Repeater World Time k\u1ebft h\u1ee3p ch\u1ee9c n\u0103ng gi\u1edd th\u1ebf gi\u1edbi v\u1edbi b\u1ed9 l\u1eb7p ph\u00fat, nh\u01b0ng chi\u1ebfc \u0111\u1ed3ng h\u1ed3 \u0111\u00f3 ch\u01b0a c\u00f3 t\u00e1c ph\u1ea9m n\u1ed5i b\u1eadt ph\u1ed1i h\u1ee3p v\u1edbi ch\u1ee9c n\u0103ng gi\u1edd th\u1ebf gi\u1edbi &#8211; c\u00f3 ngh\u0129a l\u00e0 b\u1ed9 l\u1eb7p s\u1ebd ch\u1ec9 \u0111i\u1ec3m gi\u1edd \u1edf nh\u00e0. v\u00e0 kh\u00f4ng ph\u1ea3i gi\u1edd \u0111\u1ecba ph\u01b0\u01a1ng.<\/p>\n<div data-index=\"12\">\n<div>\n<p>V\u1ecf b\u1eb1ng v\u00e0ng h\u1ed3ng c\u00f3 c\u00e1c v\u1ea5u m\u1edf v\u00e0 \u0111\u00e2y c\u0169ng l\u00e0 b\u1ed9 l\u1eb7p Patek \u0111\u1ea7u ti\u00ean c\u00f3 ch\u00e2n chi\u00eang \u0111\u01b0\u1ee3c g\u1eafn v\u00e0o d\u00e2y \u0111eo thay v\u00ec b\u1ed9 chuy\u1ec3n \u0111\u1ed9ng, \u0111i\u1ec1u n\u00e0y s\u1ebd mang l\u1ea1i \u00e2m thanh t\u1ed1t h\u01a1n.<\/p>\n<\/div>\n<\/div>\n","protected":false},"excerpt":{"rendered":"<p>M\u00e3: 5531R-012<\/p>\n<p>Xu\u1ea5t x\u1ee9: Th\u1ee5y S\u1ef9<\/p>\n<p>K\u00edch th\u01b0\u1edbc: 41mm<\/p>\n<p>Ch\u1ea5t li\u1ec7u v\u1ecf: V\u00e0ng h\u1ed3ng 18K<\/p>\n<p>Bezel: V\u00e0ng h\u1ed3ng 18K<\/p>\n<p>K\u00ednh: Sapphire<\/p>\n<p>M\u00e0u m\u1eb7t s\u1ed1: M\u00e0u tr\u1eafng<\/p>\n<p>B\u1ed9 m\u00e1y: Caliber R 27 HU<\/p>\n<p>Ch\u1ee9c n\u0103ng: Gi\u1edd, ph\u00fat, gi\u1edd \u0111\u1ecba ph\u01b0\u01a1ng, world time, ch\u1ec9 b\u00e1o ng\u00e0y \u0111\u00eam cho 24 m\u00fai gi\u1edd<\/p>\n<p>D\u1ef1 tr\u1eef n\u0103ng l\u01b0\u1ee3ng: 48 gi\u1edd<\/p>\n<p>D\u00e2y \u0111eo: D\u00e2y da<\/p>\n<p>Ch\u1ea5t li\u1ec7u kh\u00f3a: V\u00e0ng h\u1ed3ng 18K<\/p>\n<p>Kh\u00e1ng n\u01b0\u1edbc: 30m (3ATM)<\/p>\n","protected":false},"featured_media":12239,"comment_status":"open","ping_status":"closed","template":"","meta":[],"product_cat":[334,195,322,336],"product_tag":[],"class_list":["post-12238","product","type-product","status-publish","has-post-thumbnail","hentry","product_cat-40mm-42mm","product_cat-mens-watches","product_cat-patek-philippe","product_cat-vang-hong-18k","product_brand-patek-philippe"],"yoast_head":"<!-- This site is optimized with the Yoast SEO plugin v21.6 - https:\/\/yoast.com\/wordpress\/plugins\/seo\/ -->\n<title>Patek Philippe Grand Complications 5531R-012 Minute Repeater World Time - Phoenix Luxury<\/title>\n<meta name=\"description\" content=\"Patek Philippe Grand Complications 5531R-012 Minute Repeater World Time s\u1edf h\u1eefu v\u1ecf b\u1eb1ng v\u00e0ng h\u1ed3ng c\u00f3 c\u00e1c v\u1ea5u m\u1edf v\u1edbi m\u1eb7t s\u1ed1 c\u00f3 k\u00edch th\u01b0\u1edbc 41mm.\" \/>\n<meta name=\"robots\" content=\"index, follow, max-snippet:-1, max-image-preview:large, max-video-preview:-1\" \/>\n<link rel=\"canonical\" href=\"https:\/\/nishiki-cycle.com\/demo\/san-pham\/patek-philippe-grand-complications-5531r-012-minute-repeater-world-time\/\" \/>\n<meta property=\"og:locale\" content=\"vi_VN\" \/>\n<meta property=\"og:type\" content=\"article\" \/>\n<meta property=\"og:title\" content=\"Patek Philippe Grand Complications 5531R-012 Minute Repeater World Time - Phoenix Luxury\" \/>\n<meta property=\"og:description\" content=\"Patek Philippe Grand Complications 5531R-012 Minute Repeater World Time s\u1edf h\u1eefu v\u1ecf b\u1eb1ng v\u00e0ng h\u1ed3ng c\u00f3 c\u00e1c v\u1ea5u m\u1edf v\u1edbi m\u1eb7t s\u1ed1 c\u00f3 k\u00edch th\u01b0\u1edbc 41mm.\" \/>\n<meta property=\"og:url\" content=\"https:\/\/nishiki-cycle.com\/demo\/san-pham\/patek-philippe-grand-complications-5531r-012-minute-repeater-world-time\/\" \/>\n<meta property=\"og:site_name\" content=\"Phoenix Luxury\" \/>\n<meta property=\"article:modified_time\" content=\"2024-03-09T21:24:03+00:00\" \/>\n<meta property=\"og:image\" content=\"https:\/\/nishiki-cycle.com\/demo\/wp-content\/uploads\/2024\/03\/1-18.jpg\" \/>\n\t<meta property=\"og:image:width\" content=\"900\" \/>\n\t<meta property=\"og:image:height\" content=\"900\" \/>\n\t<meta property=\"og:image:type\" content=\"image\/jpeg\" \/>\n<meta name=\"twitter:card\" content=\"summary_large_image\" \/>\n<meta name=\"twitter:label1\" content=\"\u01af\u1edbc t\u00ednh th\u1eddi gian \u0111\u1ecdc\" \/>\n\t<meta name=\"twitter:data1\" content=\"2 ph\u00fat\" \/>\n<script type=\"application\/ld+json\" class=\"yoast-schema-graph\">{\"@context\":\"https:\/\/schema.org\",\"@graph\":[{\"@type\":\"WebPage\",\"@id\":\"https:\/\/nishiki-cycle.com\/demo\/san-pham\/patek-philippe-grand-complications-5531r-012-minute-repeater-world-time\/\",\"url\":\"https:\/\/nishiki-cycle.com\/demo\/san-pham\/patek-philippe-grand-complications-5531r-012-minute-repeater-world-time\/\",\"name\":\"Patek Philippe Grand Complications 5531R-012 Minute Repeater World Time - Phoenix Luxury\",\"isPartOf\":{\"@id\":\"https:\/\/nishiki-cycle.com\/demo\/#website\"},\"datePublished\":\"2024-03-07T20:53:35+00:00\",\"dateModified\":\"2024-03-09T21:24:03+00:00\",\"description\":\"Patek Philippe Grand Complications 5531R-012 Minute Repeater World Time s\u1edf h\u1eefu v\u1ecf b\u1eb1ng v\u00e0ng h\u1ed3ng c\u00f3 c\u00e1c v\u1ea5u m\u1edf v\u1edbi m\u1eb7t s\u1ed1 c\u00f3 k\u00edch th\u01b0\u1edbc 41mm.\",\"breadcrumb\":{\"@id\":\"https:\/\/nishiki-cycle.com\/demo\/san-pham\/patek-philippe-grand-complications-5531r-012-minute-repeater-world-time\/#breadcrumb\"},\"inLanguage\":\"vi\",\"potentialAction\":[{\"@type\":\"ReadAction\",\"target\":[\"https:\/\/nishiki-cycle.com\/demo\/san-pham\/patek-philippe-grand-complications-5531r-012-minute-repeater-world-time\/\"]}]},{\"@type\":\"BreadcrumbList\",\"@id\":\"https:\/\/nishiki-cycle.com\/demo\/san-pham\/patek-philippe-grand-complications-5531r-012-minute-repeater-world-time\/#breadcrumb\",\"itemListElement\":[{\"@type\":\"ListItem\",\"position\":1,\"name\":\"Trang ch\u1ee7\",\"item\":\"https:\/\/nishiki-cycle.com\/demo\/\"},{\"@type\":\"ListItem\",\"position\":2,\"name\":\"C\u1eeda h\u00e0ng\",\"item\":\"https:\/\/nishiki-cycle.com\/demo\/cua-hang\/\"},{\"@type\":\"ListItem\",\"position\":3,\"name\":\"Patek Philippe Grand Complications 5531R-012 Minute Repeater World Time\"}]},{\"@type\":\"WebSite\",\"@id\":\"https:\/\/nishiki-cycle.com\/demo\/#website\",\"url\":\"https:\/\/nishiki-cycle.com\/demo\/\",\"name\":\"Phoenix Luxury\",\"description\":\"\",\"potentialAction\":[{\"@type\":\"SearchAction\",\"target\":{\"@type\":\"EntryPoint\",\"urlTemplate\":\"https:\/\/nishiki-cycle.com\/demo\/?s={search_term_string}\"},\"query-input\":\"required name=search_term_string\"}],\"inLanguage\":\"vi\"}]}<\/script>\n<!-- \/ Yoast SEO plugin. -->","yoast_head_json":{"title":"Patek Philippe Grand Complications 5531R-012 Minute Repeater World Time - Phoenix Luxury","description":"Patek Philippe Grand Complications 5531R-012 Minute Repeater World Time s\u1edf h\u1eefu v\u1ecf b\u1eb1ng v\u00e0ng h\u1ed3ng c\u00f3 c\u00e1c v\u1ea5u m\u1edf v\u1edbi m\u1eb7t s\u1ed1 c\u00f3 k\u00edch th\u01b0\u1edbc 41mm.","robots":{"index":"index","follow":"follow","max-snippet":"max-snippet:-1","max-image-preview":"max-image-preview:large","max-video-preview":"max-video-preview:-1"},"canonical":"https:\/\/nishiki-cycle.com\/demo\/san-pham\/patek-philippe-grand-complications-5531r-012-minute-repeater-world-time\/","og_locale":"vi_VN","og_type":"article","og_title":"Patek Philippe Grand Complications 5531R-012 Minute Repeater World Time - Phoenix Luxury","og_description":"Patek Philippe Grand Complications 5531R-012 Minute Repeater World Time s\u1edf h\u1eefu v\u1ecf b\u1eb1ng v\u00e0ng h\u1ed3ng c\u00f3 c\u00e1c v\u1ea5u m\u1edf v\u1edbi m\u1eb7t s\u1ed1 c\u00f3 k\u00edch th\u01b0\u1edbc 41mm.","og_url":"https:\/\/nishiki-cycle.com\/demo\/san-pham\/patek-philippe-grand-complications-5531r-012-minute-repeater-world-time\/","og_site_name":"Phoenix Luxury","article_modified_time":"2024-03-09T21:24:03+00:00","og_image":[{"width":900,"height":900,"url":"https:\/\/nishiki-cycle.com\/demo\/wp-content\/uploads\/2024\/03\/1-18.jpg","type":"image\/jpeg"}],"twitter_card":"summary_large_image","twitter_misc":{"\u01af\u1edbc t\u00ednh th\u1eddi gian \u0111\u1ecdc":"2 ph\u00fat"},"schema":{"@context":"https:\/\/schema.org","@graph":[{"@type":"WebPage","@id":"https:\/\/nishiki-cycle.com\/demo\/san-pham\/patek-philippe-grand-complications-5531r-012-minute-repeater-world-time\/","url":"https:\/\/nishiki-cycle.com\/demo\/san-pham\/patek-philippe-grand-complications-5531r-012-minute-repeater-world-time\/","name":"Patek Philippe Grand Complications 5531R-012 Minute Repeater World Time - Phoenix Luxury","isPartOf":{"@id":"https:\/\/nishiki-cycle.com\/demo\/#website"},"datePublished":"2024-03-07T20:53:35+00:00","dateModified":"2024-03-09T21:24:03+00:00","description":"Patek Philippe Grand Complications 5531R-012 Minute Repeater World Time s\u1edf h\u1eefu v\u1ecf b\u1eb1ng v\u00e0ng h\u1ed3ng c\u00f3 c\u00e1c v\u1ea5u m\u1edf v\u1edbi m\u1eb7t s\u1ed1 c\u00f3 k\u00edch th\u01b0\u1edbc 41mm.","breadcrumb":{"@id":"https:\/\/nishiki-cycle.com\/demo\/san-pham\/patek-philippe-grand-complications-5531r-012-minute-repeater-world-time\/#breadcrumb"},"inLanguage":"vi","potentialAction":[{"@type":"ReadAction","target":["https:\/\/nishiki-cycle.com\/demo\/san-pham\/patek-philippe-grand-complications-5531r-012-minute-repeater-world-time\/"]}]},{"@type":"BreadcrumbList","@id":"https:\/\/nishiki-cycle.com\/demo\/san-pham\/patek-philippe-grand-complications-5531r-012-minute-repeater-world-time\/#breadcrumb","itemListElement":[{"@type":"ListItem","position":1,"name":"Trang ch\u1ee7","item":"https:\/\/nishiki-cycle.com\/demo\/"},{"@type":"ListItem","position":2,"name":"C\u1eeda h\u00e0ng","item":"https:\/\/nishiki-cycle.com\/demo\/cua-hang\/"},{"@type":"ListItem","position":3,"name":"Patek Philippe Grand Complications 5531R-012 Minute Repeater World Time"}]},{"@type":"WebSite","@id":"https:\/\/nishiki-cycle.com\/demo\/#website","url":"https:\/\/nishiki-cycle.com\/demo\/","name":"Phoenix Luxury","description":"","potentialAction":[{"@type":"SearchAction","target":{"@type":"EntryPoint","urlTemplate":"https:\/\/nishiki-cycle.com\/demo\/?s={search_term_string}"},"query-input":"required name=search_term_string"}],"inLanguage":"vi"}]}},"_links":{"self":[{"href":"https:\/\/nishiki-cycle.com\/demo\/wp-json\/wp\/v2\/product\/12238","targetHints":{"allow":["GET"]}}],"collection":[{"href":"https:\/\/nishiki-cycle.com\/demo\/wp-json\/wp\/v2\/product"}],"about":[{"href":"https:\/\/nishiki-cycle.com\/demo\/wp-json\/wp\/v2\/types\/product"}],"replies":[{"embeddable":true,"href":"https:\/\/nishiki-cycle.com\/demo\/wp-json\/wp\/v2\/comments?post=12238"}],"wp:featuredmedia":[{"embeddable":true,"href":"https:\/\/nishiki-cycle.com\/demo\/wp-json\/wp\/v2\/media\/12239"}],"wp:attachment":[{"href":"https:\/\/nishiki-cycle.com\/demo\/wp-json\/wp\/v2\/media?parent=12238"}],"wp:term":[{"taxonomy":"product_cat","embeddable":true,"href":"https:\/\/nishiki-cycle.com\/demo\/wp-json\/wp\/v2\/product_cat?post=12238"},{"taxonomy":"product_tag","embeddable":true,"href":"https:\/\/nishiki-cycle.com\/demo\/wp-json\/wp\/v2\/product_tag?post=12238"}],"curies":[{"name":"wp","href":"https:\/\/api.w.org\/{rel}","templated":true}]}}