{"id":12647,"date":"2024-07-18T09:54:52","date_gmt":"2024-07-18T09:54:52","guid":{"rendered":"https:\/\/nishiki-cycle.com\/demo\/?post_type=product&#038;p=12647"},"modified":"2024-08-31T23:38:13","modified_gmt":"2024-08-31T23:38:13","slug":"audemars-piguet-royal-oak-selfwinding-chronograph-41mm","status":"publish","type":"product","link":"https:\/\/nishiki-cycle.com\/demo\/san-pham\/audemars-piguet-royal-oak-selfwinding-chronograph-41mm\/","title":{"rendered":"Audemars Piguet Royal Oak Selfwinding Chronograph 41mm"},"content":{"rendered":"<p><img fetchpriority=\"high\" decoding=\"async\" class=\"size-medium wp-image-12648 aligncenter\" src=\"https:\/\/nishiki-cycle.com\/demo\/wp-content\/uploads\/2024\/05\/1-17-300x300.jpg\" alt=\"\" width=\"300\" height=\"300\" srcset=\"https:\/\/nishiki-cycle.com\/demo\/wp-content\/uploads\/2024\/05\/1-17-300x300.jpg 300w, https:\/\/nishiki-cycle.com\/demo\/wp-content\/uploads\/2024\/05\/1-17-150x150.jpg 150w, https:\/\/nishiki-cycle.com\/demo\/wp-content\/uploads\/2024\/05\/1-17-768x768.jpg 768w, https:\/\/nishiki-cycle.com\/demo\/wp-content\/uploads\/2024\/05\/1-17-600x600.jpg 600w, https:\/\/nishiki-cycle.com\/demo\/wp-content\/uploads\/2024\/05\/1-17-100x100.jpg 100w, https:\/\/nishiki-cycle.com\/demo\/wp-content\/uploads\/2024\/05\/1-17.jpg 900w\" sizes=\"(max-width: 300px) 100vw, 300px\" \/><\/p>\n<p><a href=\"https:\/\/nishiki-cycle.com\/demo\/danh-muc-san-pham\/audemars-piguet\/\"><strong>Audemars Piguet<\/strong><\/a> lu\u00f4n ch\u1ee9ng minh \u0111\u01b0\u1ee3c gi\u00e1 tr\u1ecb c\u1ee7a m\u00ecnh tr\u00ean th\u1ecb tr\u01b0\u1eddng \u0111\u1ed3ng h\u1ed3 th\u1ebf gi\u1edbi t\u00ednh t\u1eeb ng\u00e0y th\u00e0nh l\u1eadp cho \u0111\u1ebfn nay.<\/p>\n<p>\u0110\u1ed1i v\u1edbi th\u01b0\u01a1ng hi\u1ec7u, s\u1ef1 ra \u0111\u1eddi c\u1ee7a b\u1ed9 s\u01b0u t\u1eadp \u0111\u1ed3ng h\u1ed3 Royal Oak v\u00e0o n\u0103m 1972 l\u00e0 m\u1ed9t d\u1ea5u m\u1ed1c v\u00f4 c\u00f9ng quan tr\u1ecdng, \u0111\u00e3 c\u1ee9u l\u1ea5y th\u01b0\u01a1ng hi\u1ec7u v\u00e0 ng\u00e0nh ch\u1ebf t\u00e1c \u0111\u1ed3ng h\u1ed3 Thu\u1ef5 S\u0129 ra kh\u1ecfi \u201ccu\u1ed9c kh\u1ee7ng ho\u1ea3ng th\u1ea1ch anh\u201d. V\u00ec v\u1eady, v\u00e0o n\u0103m 2022, \u0111\u1ec3 k\u1ef7 ni\u1ec7m 50 n\u0103m ra \u0111\u1eddi d\u00f2ng \u0111\u1ed3ng h\u1ed3 Royal Oak mang t\u00ednh bi\u1ec3u t\u01b0\u1ee3ng, h\u00e3ng \u0111\u00e3 tung ra m\u1ed9t lo\u1ea1t c\u00e1c t\u1ea1o t\u00e1c m\u1edbi, v\u00e0 chi\u1ebfc \u0111\u1ed3ng h\u1ed3 Audemars Piguet Royal Oak Selfwinding Chronograph 50th Anniversary 41mm m\u00e3 hi\u1ec7u 26240OR.OO.1320OR.02 n\u00e0y ch\u00ednh l\u00e0 m\u1ed9t trong nh\u1eefng chi\u1ebfc \u0111\u1ed3ng h\u1ed3 \u0111\u01b0\u1ee3c cho ra m\u1eaft t\u1ea1i l\u1ec5 k\u1ef7 ni\u1ec7m n\u00e0y.<\/p>\n<p>\u1ea4n t\u01b0\u1ee3ng \u0111\u1ea7u ti\u00ean \u0111\u1ed1i v\u1edbi phi\u00ean b\u1ea3n Audemars Piguet Royal Oak Selfwinding Chronograph 41mm n\u00e0y l\u00e0 m\u1ed9t phong c\u00e1ch th\u1ec3 thao, kho\u1ebb kho\u1eafn v\u00e0 n\u0103ng \u0111\u1ed9ng. Thi\u1ebft k\u1ebf c\u00f3 m\u1eb7t s\u1ed1 \u201cGrande Tapisserie\u201d m\u00e0u \u0111en v\u1edbi b\u1ed9 kim Royal Oak \u0111\u1eb7c tr\u01b0ng \u0111\u01b0\u1ee3c ph\u1ee7 ch\u1ea5t ph\u00e1t quang v\u00e0 c\u00e1c b\u1ed9 b\u1ea5m gi\u1edd chronograph t\u1ea1i v\u1ecb tr\u00ed 3 gi\u1edd, 6 gi\u1edd v\u00e0 9 gi\u1edd. Trong khi \u0111\u00f3, logo AP \u0111\u01b0\u1ee3c \u0111\u1eb7t v\u1ecb tr\u00ed 12 gi\u1edd, t\u1ea1o n\u00ean b\u1ed1 c\u1ee5c m\u1eb7t s\u1ed1 c\u00e2n x\u1ee9ng ho\u00e0n h\u1ea3o.<\/p>\n<p>Gi\u1ed1ng nh\u01b0 nh\u1eefng thi\u1ebft k\u1ebf Royal Oak trong su\u1ed1t 50 n\u0103m qua, phi\u00ean b\u1ea3n k\u1ef7 ni\u1ec7m n\u00e0y c\u0169ng c\u00f3 v\u00e0nh bezel d\u00e1ng b\u00e1t gi\u00e1c v\u00e0 \u0111\u01b0\u1ee3c c\u1ed1 \u0111\u1ecbnh v\u1edbi v\u1ecf b\u1edfi t\u00e1m \u1ed1c v\u00edt h\u00ecnh l\u1ee5c gi\u00e1c. V\u1ecf v\u00e0 d\u00e2y \u0111eo t\u00edch h\u1ee3p \u0111\u01b0\u1ee3c ch\u1ebf t\u00e1c t\u1eeb ch\u1ea5t li\u1ec7u v\u00e0ng h\u1ed3ng 18k. B\u1ec1 m\u1eb7t v\u1ecf \u0111\u01b0\u1ee3c ho\u00e0n thi\u1ec7n x\u01b0\u1edbc k\u1ebft h\u1ee3p \u0111\u00e1nh b\u00f3ng \u1edf c\u00e1c g\u1edd c\u1ea1nh t\u1ea1o n\u00ean s\u1ef1 t\u01b0\u01a1ng ph\u1ea3n \u1ea5n t\u01b0\u1ee3ng. C\u00e1c n\u00fat b\u1ea5m chronograph v\u00e0 n\u00fam v\u1eb7n \u0111\u1ed3ng h\u1ed3 b\u1eb1ng v\u00e0ng h\u1ed3ng 18k \u0111\u01b0\u1ee3c thi\u1ebft k\u1ebf g\u00f3c c\u1ea1nh, t\u1ea1o c\u1ea3m gi\u00e1c c\u1ee9ng c\u00e1p v\u00e0 th\u1ec3 thao.<\/p>\n<p>Cung c\u1ea5p n\u0103ng l\u01b0\u1ee3ng cho \u0111\u1ed3ng h\u1ed3 l\u00e0 b\u1ed9 m\u00e1y t\u1ef1 \u0111\u1ed9ng caliber 4401, \u0111\u01b0\u1ee3c gi\u1edbi thi\u1ec7u l\u1ea7n \u0111\u1ea7u ti\u00ean trong m\u00e3 code 11.59 v\u00e0o n\u0103m 2019. B\u1ed9 m\u00e1y n\u00e0y bao g\u1ed3m 381 chi ti\u1ebft, 40 ch\u00e2n k\u00ednh, c\u00f3 m\u1ee9c d\u1ef1 tr\u1eef n\u0103ng l\u01b0\u1ee3ng m\u1ea1nh m\u1ebd l\u00ean \u0111\u1ebfn 70 gi\u1edd c\u00f9ng c\u00e1c ch\u1ee9c n\u0103ng chronograph, gi\u1edd, ph\u00fat, gi\u00e2y nh\u1ecf v\u00e0 ng\u00e0y.<\/p>\n<p>Audemars Piguet Royal Oak Selfwinding Chronograph 41mm \u0111\u01b0\u1ee3c trang b\u1ecb c\u00f9ng d\u00e2y \u0111eo b\u1eb1ng v\u00e0ng h\u1ed3ng 18k, t\u01b0\u01a1ng t\u1ef1 ch\u1ea5t li\u1ec7u v\u1ecf m\u00e1y v\u00e0 kho\u00e1 g\u1eadp AP an to\u00e0n.<\/p>\n","protected":false},"excerpt":{"rendered":"<p>M\u00e3: 26240OR.OO.1320OR.02<\/p>\n<p>Xu\u1ea5t x\u1ee9: Th\u1ee5y S\u1ef9<\/p>\n<p>K\u00edch th\u01b0\u1edbc: 41mm<\/p>\n<p>Ch\u1ea5t li\u1ec7u v\u1ecf: V\u00e0ng h\u1ed3ng 18k<\/p>\n<p>K\u00ednh: Sapphire<\/p>\n<p>M\u00e0u m\u1eb7t s\u1ed1: \u201cGrande Tapisserie\u201d m\u00e0u \u0111en<\/p>\n<p>B\u1ed9 m\u00e1y: Automatic \u2013 Caliber 4401<\/p>\n<p>Ch\u1ee9c n\u0103ng: Gi\u1edd, ph\u00fat, gi\u00e2y, ng\u00e0y, chronograph<\/p>\n<p>D\u1ef1 tr\u1eef n\u0103ng l\u01b0\u1ee3ng: 70 gi\u1edd<\/p>\n<p>D\u00e2y \u0111eo: V\u00e0ng h\u1ed3ng 18k<\/p>\n<p>Kh\u00e1ng n\u01b0\u1edbc: 50 m\u00e9t (5ATM)<\/p>\n","protected":false},"featured_media":12648,"comment_status":"open","ping_status":"closed","template":"","meta":[],"product_cat":[334,324,336],"product_tag":[],"class_list":["post-12647","product","type-product","status-publish","has-post-thumbnail","hentry","product_cat-40mm-42mm","product_cat-audemars-piguet","product_cat-vang-hong-18k","product_brand-audemars-piguet"],"yoast_head":"<!-- This site is optimized with the Yoast SEO plugin v21.6 - https:\/\/yoast.com\/wordpress\/plugins\/seo\/ -->\n<title>Audemars Piguet Royal Oak Selfwinding Chronograph 41mm - Phoenix Luxury<\/title>\n<meta name=\"description\" content=\"\u1ea4n t\u01b0\u1ee3ng \u0111\u1ea7u ti\u00ean \u0111\u1ed1i v\u1edbi phi\u00ean b\u1ea3n Audemars Piguet Royal Oak Selfwinding Chronograph 41mm n\u00e0y l\u00e0 m\u1ed9t phong c\u00e1ch th\u1ec3 thao, kho\u1ebb kho\u1eafn v\u00e0 n\u0103ng \u0111\u1ed9ng.\" \/>\n<meta name=\"robots\" content=\"index, follow, max-snippet:-1, max-image-preview:large, max-video-preview:-1\" \/>\n<link rel=\"canonical\" href=\"https:\/\/nishiki-cycle.com\/demo\/san-pham\/audemars-piguet-royal-oak-selfwinding-chronograph-41mm\/\" \/>\n<meta property=\"og:locale\" content=\"vi_VN\" \/>\n<meta property=\"og:type\" content=\"article\" \/>\n<meta property=\"og:title\" content=\"Audemars Piguet Royal Oak Selfwinding Chronograph 41mm - Phoenix Luxury\" \/>\n<meta property=\"og:description\" content=\"\u1ea4n t\u01b0\u1ee3ng \u0111\u1ea7u ti\u00ean \u0111\u1ed1i v\u1edbi phi\u00ean b\u1ea3n Audemars Piguet Royal Oak Selfwinding Chronograph 41mm n\u00e0y l\u00e0 m\u1ed9t phong c\u00e1ch th\u1ec3 thao, kho\u1ebb kho\u1eafn v\u00e0 n\u0103ng \u0111\u1ed9ng.\" \/>\n<meta property=\"og:url\" content=\"https:\/\/nishiki-cycle.com\/demo\/san-pham\/audemars-piguet-royal-oak-selfwinding-chronograph-41mm\/\" \/>\n<meta property=\"og:site_name\" content=\"Phoenix Luxury\" \/>\n<meta property=\"article:modified_time\" content=\"2024-08-31T23:38:13+00:00\" \/>\n<meta property=\"og:image\" content=\"https:\/\/nishiki-cycle.com\/demo\/wp-content\/uploads\/2024\/05\/1-17.jpg\" \/>\n\t<meta property=\"og:image:width\" content=\"900\" \/>\n\t<meta property=\"og:image:height\" content=\"900\" \/>\n\t<meta property=\"og:image:type\" content=\"image\/jpeg\" \/>\n<meta name=\"twitter:card\" content=\"summary_large_image\" \/>\n<meta name=\"twitter:label1\" content=\"\u01af\u1edbc t\u00ednh th\u1eddi gian \u0111\u1ecdc\" \/>\n\t<meta name=\"twitter:data1\" content=\"3 ph\u00fat\" \/>\n<script type=\"application\/ld+json\" class=\"yoast-schema-graph\">{\"@context\":\"https:\/\/schema.org\",\"@graph\":[{\"@type\":\"WebPage\",\"@id\":\"https:\/\/nishiki-cycle.com\/demo\/san-pham\/audemars-piguet-royal-oak-selfwinding-chronograph-41mm\/\",\"url\":\"https:\/\/nishiki-cycle.com\/demo\/san-pham\/audemars-piguet-royal-oak-selfwinding-chronograph-41mm\/\",\"name\":\"Audemars Piguet Royal Oak Selfwinding Chronograph 41mm - Phoenix Luxury\",\"isPartOf\":{\"@id\":\"https:\/\/nishiki-cycle.com\/demo\/#website\"},\"datePublished\":\"2024-07-18T09:54:52+00:00\",\"dateModified\":\"2024-08-31T23:38:13+00:00\",\"description\":\"\u1ea4n t\u01b0\u1ee3ng \u0111\u1ea7u ti\u00ean \u0111\u1ed1i v\u1edbi phi\u00ean b\u1ea3n Audemars Piguet Royal Oak Selfwinding Chronograph 41mm n\u00e0y l\u00e0 m\u1ed9t phong c\u00e1ch th\u1ec3 thao, kho\u1ebb kho\u1eafn v\u00e0 n\u0103ng \u0111\u1ed9ng.\",\"breadcrumb\":{\"@id\":\"https:\/\/nishiki-cycle.com\/demo\/san-pham\/audemars-piguet-royal-oak-selfwinding-chronograph-41mm\/#breadcrumb\"},\"inLanguage\":\"vi\",\"potentialAction\":[{\"@type\":\"ReadAction\",\"target\":[\"https:\/\/nishiki-cycle.com\/demo\/san-pham\/audemars-piguet-royal-oak-selfwinding-chronograph-41mm\/\"]}]},{\"@type\":\"BreadcrumbList\",\"@id\":\"https:\/\/nishiki-cycle.com\/demo\/san-pham\/audemars-piguet-royal-oak-selfwinding-chronograph-41mm\/#breadcrumb\",\"itemListElement\":[{\"@type\":\"ListItem\",\"position\":1,\"name\":\"Trang ch\u1ee7\",\"item\":\"https:\/\/nishiki-cycle.com\/demo\/\"},{\"@type\":\"ListItem\",\"position\":2,\"name\":\"C\u1eeda h\u00e0ng\",\"item\":\"https:\/\/nishiki-cycle.com\/demo\/cua-hang\/\"},{\"@type\":\"ListItem\",\"position\":3,\"name\":\"Audemars Piguet Royal Oak Selfwinding Chronograph 41mm\"}]},{\"@type\":\"WebSite\",\"@id\":\"https:\/\/nishiki-cycle.com\/demo\/#website\",\"url\":\"https:\/\/nishiki-cycle.com\/demo\/\",\"name\":\"Phoenix Luxury\",\"description\":\"\",\"potentialAction\":[{\"@type\":\"SearchAction\",\"target\":{\"@type\":\"EntryPoint\",\"urlTemplate\":\"https:\/\/nishiki-cycle.com\/demo\/?s={search_term_string}\"},\"query-input\":\"required name=search_term_string\"}],\"inLanguage\":\"vi\"}]}<\/script>\n<!-- \/ Yoast SEO plugin. -->","yoast_head_json":{"title":"Audemars Piguet Royal Oak Selfwinding Chronograph 41mm - Phoenix Luxury","description":"\u1ea4n t\u01b0\u1ee3ng \u0111\u1ea7u ti\u00ean \u0111\u1ed1i v\u1edbi phi\u00ean b\u1ea3n Audemars Piguet Royal Oak Selfwinding Chronograph 41mm n\u00e0y l\u00e0 m\u1ed9t phong c\u00e1ch th\u1ec3 thao, kho\u1ebb kho\u1eafn v\u00e0 n\u0103ng \u0111\u1ed9ng.","robots":{"index":"index","follow":"follow","max-snippet":"max-snippet:-1","max-image-preview":"max-image-preview:large","max-video-preview":"max-video-preview:-1"},"canonical":"https:\/\/nishiki-cycle.com\/demo\/san-pham\/audemars-piguet-royal-oak-selfwinding-chronograph-41mm\/","og_locale":"vi_VN","og_type":"article","og_title":"Audemars Piguet Royal Oak Selfwinding Chronograph 41mm - Phoenix Luxury","og_description":"\u1ea4n t\u01b0\u1ee3ng \u0111\u1ea7u ti\u00ean \u0111\u1ed1i v\u1edbi phi\u00ean b\u1ea3n Audemars Piguet Royal Oak Selfwinding Chronograph 41mm n\u00e0y l\u00e0 m\u1ed9t phong c\u00e1ch th\u1ec3 thao, kho\u1ebb kho\u1eafn v\u00e0 n\u0103ng \u0111\u1ed9ng.","og_url":"https:\/\/nishiki-cycle.com\/demo\/san-pham\/audemars-piguet-royal-oak-selfwinding-chronograph-41mm\/","og_site_name":"Phoenix Luxury","article_modified_time":"2024-08-31T23:38:13+00:00","og_image":[{"width":900,"height":900,"url":"https:\/\/nishiki-cycle.com\/demo\/wp-content\/uploads\/2024\/05\/1-17.jpg","type":"image\/jpeg"}],"twitter_card":"summary_large_image","twitter_misc":{"\u01af\u1edbc t\u00ednh th\u1eddi gian \u0111\u1ecdc":"3 ph\u00fat"},"schema":{"@context":"https:\/\/schema.org","@graph":[{"@type":"WebPage","@id":"https:\/\/nishiki-cycle.com\/demo\/san-pham\/audemars-piguet-royal-oak-selfwinding-chronograph-41mm\/","url":"https:\/\/nishiki-cycle.com\/demo\/san-pham\/audemars-piguet-royal-oak-selfwinding-chronograph-41mm\/","name":"Audemars Piguet Royal Oak Selfwinding Chronograph 41mm - Phoenix Luxury","isPartOf":{"@id":"https:\/\/nishiki-cycle.com\/demo\/#website"},"datePublished":"2024-07-18T09:54:52+00:00","dateModified":"2024-08-31T23:38:13+00:00","description":"\u1ea4n t\u01b0\u1ee3ng \u0111\u1ea7u ti\u00ean \u0111\u1ed1i v\u1edbi phi\u00ean b\u1ea3n Audemars Piguet Royal Oak Selfwinding Chronograph 41mm n\u00e0y l\u00e0 m\u1ed9t phong c\u00e1ch th\u1ec3 thao, kho\u1ebb kho\u1eafn v\u00e0 n\u0103ng \u0111\u1ed9ng.","breadcrumb":{"@id":"https:\/\/nishiki-cycle.com\/demo\/san-pham\/audemars-piguet-royal-oak-selfwinding-chronograph-41mm\/#breadcrumb"},"inLanguage":"vi","potentialAction":[{"@type":"ReadAction","target":["https:\/\/nishiki-cycle.com\/demo\/san-pham\/audemars-piguet-royal-oak-selfwinding-chronograph-41mm\/"]}]},{"@type":"BreadcrumbList","@id":"https:\/\/nishiki-cycle.com\/demo\/san-pham\/audemars-piguet-royal-oak-selfwinding-chronograph-41mm\/#breadcrumb","itemListElement":[{"@type":"ListItem","position":1,"name":"Trang ch\u1ee7","item":"https:\/\/nishiki-cycle.com\/demo\/"},{"@type":"ListItem","position":2,"name":"C\u1eeda h\u00e0ng","item":"https:\/\/nishiki-cycle.com\/demo\/cua-hang\/"},{"@type":"ListItem","position":3,"name":"Audemars Piguet Royal Oak Selfwinding Chronograph 41mm"}]},{"@type":"WebSite","@id":"https:\/\/nishiki-cycle.com\/demo\/#website","url":"https:\/\/nishiki-cycle.com\/demo\/","name":"Phoenix Luxury","description":"","potentialAction":[{"@type":"SearchAction","target":{"@type":"EntryPoint","urlTemplate":"https:\/\/nishiki-cycle.com\/demo\/?s={search_term_string}"},"query-input":"required name=search_term_string"}],"inLanguage":"vi"}]}},"_links":{"self":[{"href":"https:\/\/nishiki-cycle.com\/demo\/wp-json\/wp\/v2\/product\/12647","targetHints":{"allow":["GET"]}}],"collection":[{"href":"https:\/\/nishiki-cycle.com\/demo\/wp-json\/wp\/v2\/product"}],"about":[{"href":"https:\/\/nishiki-cycle.com\/demo\/wp-json\/wp\/v2\/types\/product"}],"replies":[{"embeddable":true,"href":"https:\/\/nishiki-cycle.com\/demo\/wp-json\/wp\/v2\/comments?post=12647"}],"wp:featuredmedia":[{"embeddable":true,"href":"https:\/\/nishiki-cycle.com\/demo\/wp-json\/wp\/v2\/media\/12648"}],"wp:attachment":[{"href":"https:\/\/nishiki-cycle.com\/demo\/wp-json\/wp\/v2\/media?parent=12647"}],"wp:term":[{"taxonomy":"product_cat","embeddable":true,"href":"https:\/\/nishiki-cycle.com\/demo\/wp-json\/wp\/v2\/product_cat?post=12647"},{"taxonomy":"product_tag","embeddable":true,"href":"https:\/\/nishiki-cycle.com\/demo\/wp-json\/wp\/v2\/product_tag?post=12647"}],"curies":[{"name":"wp","href":"https:\/\/api.w.org\/{rel}","templated":true}]}}