{"id":12994,"date":"2024-08-25T22:10:58","date_gmt":"2024-08-25T22:10:58","guid":{"rendered":"https:\/\/nishiki-cycle.com\/demo\/?post_type=product&#038;p=12994"},"modified":"2024-08-31T22:15:37","modified_gmt":"2024-08-31T22:15:37","slug":"hublot-classic-fusion-gold-crystal-ceramic","status":"publish","type":"product","link":"https:\/\/nishiki-cycle.com\/demo\/san-pham\/hublot-classic-fusion-gold-crystal-ceramic\/","title":{"rendered":"Hublot Classic Fusion Gold Crystal Ceramic"},"content":{"rendered":"<p class=\"Normal\"><a href=\"https:\/\/nishiki-cycle.com\/demo\/danh-muc-san-pham\/hublot\/\"><strong>Hublot<\/strong><\/a> Classic Fusion Gold Crystal Ceramic 42mm\u0111\u01b0\u1ee3c h\u00e3ng ch\u1ebf t\u00e1c trong ch\u1ea5t li\u1ec7u Ceramic c\u00f3 k\u00edch th\u01b0\u1edbc 42 mm kh\u00e1 ph\u00f9 h\u1ee3p cho nam gi\u1edbi.<\/p>\n<p>\u0110\u01b0\u1ee3c thi\u1ebft k\u1ebf v\u1ed1n mang \u0111\u1eadm ch\u1ea5t th\u1ec3 thao kh\u00e1 kh\u1ecfe kho\u1eafn, Phi\u00ean b\u1ea3n mang m\u00e3 hi\u1ec7u\u00a0542.CX.0660.LR\u00a0\u0111\u01b0\u1ee3c \u0111\u00e1nh gi\u00e1 c\u00f3 \u0111\u1ed9 ph\u1ee7 l\u1edbn t\u1edbi nh\u1eefng ph\u00e1i m\u1ea1nh y\u00eau th\u00edch s\u1ef1 n\u0103ng \u0111\u1ed9ng c\u00e1 t\u00ednh. Ng\u01b0\u1eddi \u0111eo s\u1ebd kh\u00e1 tho\u1ea3i m\u00e1i trong khi ph\u1ed1i \u0111\u1ed3 thi\u1ebft k\u1ebf \u0111i k\u00e8m \u1edf phi\u00ean b\u1ea3n n\u00e0y l\u00e0 d\u00e2y \u0111eo cao su v\u00e0 da c\u00e1 s\u1ea5u sang tr\u1ecdng, m\u1ed9t trong nh\u1eefng \u0111\u1eb7c \u0111i\u1ec3m thi\u1ebft k\u1ebf d\u00e2y \u0111eo \u0111\u1eb7c bi\u1ec7t c\u1ee7a th\u01b0\u01a1ng hi\u1ec7u n\u00e0y.<\/p>\n<p class=\"Normal\">V\u1edbi gi\u1edbi m\u1ed9 \u0111i\u1ec7u, m\u1eb7t \u0111\u1ed3ng h\u1ed3 Hublot Classic Fusion Gold Crystal Ceramic trang tr\u00ed b\u1edfi nh\u1eefng tinh th\u1ec3 v\u00e0ng m\u1ed9t c\u00e1ch \u0111\u1ed9c \u0111\u00e1o, tinh t\u1ebf v\u00e0 hoa m\u1ef9. Ph\u00eda Hublot cho bi\u1ebft \u0111\u00e2y l\u00e0 d\u1ea1ng v\u00e0ng hi\u1ebfm nh\u1ea5t tr\u00ean tr\u00e1i \u0111\u1ea5t, do nh\u1eefng k\u1ef9 s\u01b0 h\u00e3ng nghi\u00ean c\u1ee9u v\u00e0 ph\u00e1t tri\u1ec3n.<\/p>\n<p class=\"Normal\">B\u1ed9 ph\u1eadn nghi\u00ean c\u1ee9u v\u00e0 ph\u00e1t tri\u1ec3n nung v\u00e0ng \u1edf d\u1ea1ng tinh khi\u1ebft nh\u1ea5t c\u00f3 th\u1ec3 &#8211; 24 carats \u0111\u1ebfn \u0111i\u1ec3m n\u00f3ng ch\u1ea3y, t\u1ea1o ra c\u00e1c ph\u00e1t x\u1ea1 v\u00e0ng (c\u00f3 th\u1ec3 h\u00ecnh dung nh\u01b0 h\u01a1i n\u01b0\u1edbc mang theo ph\u00e2n t\u1eed v\u00e0ng). Nh\u1eefng tinh th\u1ec3 k\u1ebft t\u1ee5 d\u01b0\u1edbi h\u00ecnh d\u1ea1ng ng\u1eabu h\u1ee9ng khi ch\u1ea1m b\u1ec1 m\u1eb7t l\u1ea1nh. Sau khi ch\u1ecdn l\u1ecdc tinh th\u1ec3 v\u00e0ng v\u00e0 \u0111\u1eb7t l\u00ean b\u1ec1 m\u1eb7t theo t\u1eebng c\u1ee5m, ngh\u1ec7 nh\u00e2n s\u1ebd trang tr\u00ed b\u1ec1 m\u1eb7t \u0111\u1ed3ng h\u1ed3 v\u00e0 ph\u1ee7 l\u1edbp s\u01a1n m\u00e0i trong su\u1ed1t m\u00e0 ph\u1ea3i m\u1ea5t \u0111\u1ebfn nhi\u1ec1u n\u0103m \u0111\u1ec3 ph\u00e1t tri\u1ec3n&#8221;, \u0111\u1ea1i di\u1ec7n th\u01b0\u01a1ng hi\u1ec7u m\u00f4 t\u1ea3.<\/p>\n<p class=\"Normal\">\u0110\u01b0\u1ee3c v\u00ed nh\u01b0 m\u1ed9t t\u00e1c ph\u1ea9m ngh\u1ec7 thu\u1eadt qu\u00fd gi\u00e1, M\u1eb7t \u0111\u1ed3ng h\u1ed3 Classic Fusion Gold Crystal b\u1ea3o v\u1ec7 b\u1edfi b\u1ed9 v\u1ecf ceramic m\u00e0u \u0111en, \u0111\u01b0\u1eddng k\u00ednh 38mm ho\u1eb7c 45mm, ch\u1ea1y b\u1edfi b\u1ed9 m\u00e1y Calibre HUB1112, b\u1ed9 chuy\u1ec3n \u0111\u1ed9ng c\u01a1 h\u1ecdc v\u1edbi ch\u1ebf \u0111\u1ed9 l\u00ean d\u00e2y t\u1ef1 \u0111\u1ed9ng v\u00e0 d\u1ef1 tr\u1ef1 n\u0103ng l\u01b0\u1ee3ng 42 gi\u1edd.<\/p>\n","protected":false},"excerpt":{"rendered":"<p>Xu\u1ea5t x\u1ee9: Th\u1ee5y S\u1ef9<\/p>\n<p>K\u00edch th\u01b0\u1edbc: 42 mm<\/p>\n<p>B\u1ed9 m\u00e1y: Automatic &#8211; Calibre HUB1112<\/p>\n<p>D\u1ef1 tr\u1eef n\u0103ng l\u01b0\u1ee3ng: 42 gi\u1edd<\/p>\n<p>Ch\u1ee9c n\u0103ng: Gi\u1edd, Ph\u00fat, Gi\u00e2y, Ng\u00e0y<\/p>\n<p>Ch\u1ea5t li\u1ec7u: Ceramic<\/p>\n<p>Bezel:\u00a0Ceramic, Diamond, 6 \u1ed1c v\u00edt h\u00ecnh ch\u1eef H b\u1eb1ng Titanium<\/p>\n<p>K\u00ednh: Sapphire<\/p>\n<p>D\u00e2y \u0111eo: D\u00e2y \u0111eo cao su v\u00e0 da c\u00e1 s\u1ea5u<\/p>\n","protected":false},"featured_media":12995,"comment_status":"open","ping_status":"closed","template":"","meta":[],"product_cat":[334,339,195,320],"product_tag":[],"class_list":["post-12994","product","type-product","status-publish","has-post-thumbnail","hentry","product_cat-40mm-42mm","product_cat-ceramic","product_cat-mens-watches","product_cat-hublot","product_brand-hublot"],"yoast_head":"<!-- This site is optimized with the Yoast SEO plugin v21.6 - https:\/\/yoast.com\/wordpress\/plugins\/seo\/ -->\n<title>Hublot Classic Fusion Gold Crystal Ceramic - Phoenix Luxury<\/title>\n<meta name=\"description\" content=\"V\u1edbi gi\u1edbi m\u1ed9 \u0111i\u1ec7u, m\u1eb7t \u0111\u1ed3ng h\u1ed3 Hublot Classic Fusion Gold Crystal Ceramic trang tr\u00ed b\u1edfi nh\u1eefng tinh th\u1ec3 v\u00e0ng m\u1ed9t c\u00e1ch \u0111\u1ed9c \u0111\u00e1o, tinh t\u1ebf v\u00e0 hoa m\u1ef9.\" \/>\n<meta name=\"robots\" content=\"index, follow, max-snippet:-1, max-image-preview:large, max-video-preview:-1\" \/>\n<link rel=\"canonical\" href=\"https:\/\/nishiki-cycle.com\/demo\/san-pham\/hublot-classic-fusion-gold-crystal-ceramic\/\" \/>\n<meta property=\"og:locale\" content=\"vi_VN\" \/>\n<meta property=\"og:type\" content=\"article\" \/>\n<meta property=\"og:title\" content=\"Hublot Classic Fusion Gold Crystal Ceramic - Phoenix Luxury\" \/>\n<meta property=\"og:description\" content=\"V\u1edbi gi\u1edbi m\u1ed9 \u0111i\u1ec7u, m\u1eb7t \u0111\u1ed3ng h\u1ed3 Hublot Classic Fusion Gold Crystal Ceramic trang tr\u00ed b\u1edfi nh\u1eefng tinh th\u1ec3 v\u00e0ng m\u1ed9t c\u00e1ch \u0111\u1ed9c \u0111\u00e1o, tinh t\u1ebf v\u00e0 hoa m\u1ef9.\" \/>\n<meta property=\"og:url\" content=\"https:\/\/nishiki-cycle.com\/demo\/san-pham\/hublot-classic-fusion-gold-crystal-ceramic\/\" \/>\n<meta property=\"og:site_name\" content=\"Phoenix Luxury\" \/>\n<meta property=\"article:modified_time\" content=\"2024-08-31T22:15:37+00:00\" \/>\n<meta property=\"og:image\" content=\"https:\/\/nishiki-cycle.com\/demo\/wp-content\/uploads\/2024\/08\/1-8.jpg\" \/>\n\t<meta property=\"og:image:width\" content=\"1800\" \/>\n\t<meta property=\"og:image:height\" content=\"1800\" \/>\n\t<meta property=\"og:image:type\" content=\"image\/jpeg\" \/>\n<meta name=\"twitter:card\" content=\"summary_large_image\" \/>\n<meta name=\"twitter:label1\" content=\"\u01af\u1edbc t\u00ednh th\u1eddi gian \u0111\u1ecdc\" \/>\n\t<meta name=\"twitter:data1\" content=\"2 ph\u00fat\" \/>\n<script type=\"application\/ld+json\" class=\"yoast-schema-graph\">{\"@context\":\"https:\/\/schema.org\",\"@graph\":[{\"@type\":\"WebPage\",\"@id\":\"https:\/\/nishiki-cycle.com\/demo\/san-pham\/hublot-classic-fusion-gold-crystal-ceramic\/\",\"url\":\"https:\/\/nishiki-cycle.com\/demo\/san-pham\/hublot-classic-fusion-gold-crystal-ceramic\/\",\"name\":\"Hublot Classic Fusion Gold Crystal Ceramic - Phoenix Luxury\",\"isPartOf\":{\"@id\":\"https:\/\/nishiki-cycle.com\/demo\/#website\"},\"datePublished\":\"2024-08-25T22:10:58+00:00\",\"dateModified\":\"2024-08-31T22:15:37+00:00\",\"description\":\"V\u1edbi gi\u1edbi m\u1ed9 \u0111i\u1ec7u, m\u1eb7t \u0111\u1ed3ng h\u1ed3 Hublot Classic Fusion Gold Crystal Ceramic trang tr\u00ed b\u1edfi nh\u1eefng tinh th\u1ec3 v\u00e0ng m\u1ed9t c\u00e1ch \u0111\u1ed9c \u0111\u00e1o, tinh t\u1ebf v\u00e0 hoa m\u1ef9.\",\"breadcrumb\":{\"@id\":\"https:\/\/nishiki-cycle.com\/demo\/san-pham\/hublot-classic-fusion-gold-crystal-ceramic\/#breadcrumb\"},\"inLanguage\":\"vi\",\"potentialAction\":[{\"@type\":\"ReadAction\",\"target\":[\"https:\/\/nishiki-cycle.com\/demo\/san-pham\/hublot-classic-fusion-gold-crystal-ceramic\/\"]}]},{\"@type\":\"BreadcrumbList\",\"@id\":\"https:\/\/nishiki-cycle.com\/demo\/san-pham\/hublot-classic-fusion-gold-crystal-ceramic\/#breadcrumb\",\"itemListElement\":[{\"@type\":\"ListItem\",\"position\":1,\"name\":\"Trang ch\u1ee7\",\"item\":\"https:\/\/nishiki-cycle.com\/demo\/\"},{\"@type\":\"ListItem\",\"position\":2,\"name\":\"C\u1eeda h\u00e0ng\",\"item\":\"https:\/\/nishiki-cycle.com\/demo\/cua-hang\/\"},{\"@type\":\"ListItem\",\"position\":3,\"name\":\"Hublot Classic Fusion Gold Crystal Ceramic\"}]},{\"@type\":\"WebSite\",\"@id\":\"https:\/\/nishiki-cycle.com\/demo\/#website\",\"url\":\"https:\/\/nishiki-cycle.com\/demo\/\",\"name\":\"Phoenix Luxury\",\"description\":\"\",\"potentialAction\":[{\"@type\":\"SearchAction\",\"target\":{\"@type\":\"EntryPoint\",\"urlTemplate\":\"https:\/\/nishiki-cycle.com\/demo\/?s={search_term_string}\"},\"query-input\":\"required name=search_term_string\"}],\"inLanguage\":\"vi\"}]}<\/script>\n<!-- \/ Yoast SEO plugin. -->","yoast_head_json":{"title":"Hublot Classic Fusion Gold Crystal Ceramic - Phoenix Luxury","description":"V\u1edbi gi\u1edbi m\u1ed9 \u0111i\u1ec7u, m\u1eb7t \u0111\u1ed3ng h\u1ed3 Hublot Classic Fusion Gold Crystal Ceramic trang tr\u00ed b\u1edfi nh\u1eefng tinh th\u1ec3 v\u00e0ng m\u1ed9t c\u00e1ch \u0111\u1ed9c \u0111\u00e1o, tinh t\u1ebf v\u00e0 hoa m\u1ef9.","robots":{"index":"index","follow":"follow","max-snippet":"max-snippet:-1","max-image-preview":"max-image-preview:large","max-video-preview":"max-video-preview:-1"},"canonical":"https:\/\/nishiki-cycle.com\/demo\/san-pham\/hublot-classic-fusion-gold-crystal-ceramic\/","og_locale":"vi_VN","og_type":"article","og_title":"Hublot Classic Fusion Gold Crystal Ceramic - Phoenix Luxury","og_description":"V\u1edbi gi\u1edbi m\u1ed9 \u0111i\u1ec7u, m\u1eb7t \u0111\u1ed3ng h\u1ed3 Hublot Classic Fusion Gold Crystal Ceramic trang tr\u00ed b\u1edfi nh\u1eefng tinh th\u1ec3 v\u00e0ng m\u1ed9t c\u00e1ch \u0111\u1ed9c \u0111\u00e1o, tinh t\u1ebf v\u00e0 hoa m\u1ef9.","og_url":"https:\/\/nishiki-cycle.com\/demo\/san-pham\/hublot-classic-fusion-gold-crystal-ceramic\/","og_site_name":"Phoenix Luxury","article_modified_time":"2024-08-31T22:15:37+00:00","og_image":[{"width":1800,"height":1800,"url":"https:\/\/nishiki-cycle.com\/demo\/wp-content\/uploads\/2024\/08\/1-8.jpg","type":"image\/jpeg"}],"twitter_card":"summary_large_image","twitter_misc":{"\u01af\u1edbc t\u00ednh th\u1eddi gian \u0111\u1ecdc":"2 ph\u00fat"},"schema":{"@context":"https:\/\/schema.org","@graph":[{"@type":"WebPage","@id":"https:\/\/nishiki-cycle.com\/demo\/san-pham\/hublot-classic-fusion-gold-crystal-ceramic\/","url":"https:\/\/nishiki-cycle.com\/demo\/san-pham\/hublot-classic-fusion-gold-crystal-ceramic\/","name":"Hublot Classic Fusion Gold Crystal Ceramic - Phoenix Luxury","isPartOf":{"@id":"https:\/\/nishiki-cycle.com\/demo\/#website"},"datePublished":"2024-08-25T22:10:58+00:00","dateModified":"2024-08-31T22:15:37+00:00","description":"V\u1edbi gi\u1edbi m\u1ed9 \u0111i\u1ec7u, m\u1eb7t \u0111\u1ed3ng h\u1ed3 Hublot Classic Fusion Gold Crystal Ceramic trang tr\u00ed b\u1edfi nh\u1eefng tinh th\u1ec3 v\u00e0ng m\u1ed9t c\u00e1ch \u0111\u1ed9c \u0111\u00e1o, tinh t\u1ebf v\u00e0 hoa m\u1ef9.","breadcrumb":{"@id":"https:\/\/nishiki-cycle.com\/demo\/san-pham\/hublot-classic-fusion-gold-crystal-ceramic\/#breadcrumb"},"inLanguage":"vi","potentialAction":[{"@type":"ReadAction","target":["https:\/\/nishiki-cycle.com\/demo\/san-pham\/hublot-classic-fusion-gold-crystal-ceramic\/"]}]},{"@type":"BreadcrumbList","@id":"https:\/\/nishiki-cycle.com\/demo\/san-pham\/hublot-classic-fusion-gold-crystal-ceramic\/#breadcrumb","itemListElement":[{"@type":"ListItem","position":1,"name":"Trang ch\u1ee7","item":"https:\/\/nishiki-cycle.com\/demo\/"},{"@type":"ListItem","position":2,"name":"C\u1eeda h\u00e0ng","item":"https:\/\/nishiki-cycle.com\/demo\/cua-hang\/"},{"@type":"ListItem","position":3,"name":"Hublot Classic Fusion Gold Crystal Ceramic"}]},{"@type":"WebSite","@id":"https:\/\/nishiki-cycle.com\/demo\/#website","url":"https:\/\/nishiki-cycle.com\/demo\/","name":"Phoenix Luxury","description":"","potentialAction":[{"@type":"SearchAction","target":{"@type":"EntryPoint","urlTemplate":"https:\/\/nishiki-cycle.com\/demo\/?s={search_term_string}"},"query-input":"required name=search_term_string"}],"inLanguage":"vi"}]}},"_links":{"self":[{"href":"https:\/\/nishiki-cycle.com\/demo\/wp-json\/wp\/v2\/product\/12994","targetHints":{"allow":["GET"]}}],"collection":[{"href":"https:\/\/nishiki-cycle.com\/demo\/wp-json\/wp\/v2\/product"}],"about":[{"href":"https:\/\/nishiki-cycle.com\/demo\/wp-json\/wp\/v2\/types\/product"}],"replies":[{"embeddable":true,"href":"https:\/\/nishiki-cycle.com\/demo\/wp-json\/wp\/v2\/comments?post=12994"}],"wp:featuredmedia":[{"embeddable":true,"href":"https:\/\/nishiki-cycle.com\/demo\/wp-json\/wp\/v2\/media\/12995"}],"wp:attachment":[{"href":"https:\/\/nishiki-cycle.com\/demo\/wp-json\/wp\/v2\/media?parent=12994"}],"wp:term":[{"taxonomy":"product_cat","embeddable":true,"href":"https:\/\/nishiki-cycle.com\/demo\/wp-json\/wp\/v2\/product_cat?post=12994"},{"taxonomy":"product_tag","embeddable":true,"href":"https:\/\/nishiki-cycle.com\/demo\/wp-json\/wp\/v2\/product_tag?post=12994"}],"curies":[{"name":"wp","href":"https:\/\/api.w.org\/{rel}","templated":true}]}}