{"id":13008,"date":"2024-08-26T22:25:49","date_gmt":"2024-08-26T22:25:49","guid":{"rendered":"https:\/\/nishiki-cycle.com\/demo\/?post_type=product&#038;p=13008"},"modified":"2024-08-31T22:31:48","modified_gmt":"2024-08-31T22:31:48","slug":"hublot-spirit-of-big-bang-tourbillon-purple-sapphire","status":"publish","type":"product","link":"https:\/\/nishiki-cycle.com\/demo\/san-pham\/hublot-spirit-of-big-bang-tourbillon-purple-sapphire\/","title":{"rendered":"Hublot Spirit Of Big Bang Tourbillon Purple Sapphire"},"content":{"rendered":"<p>V\u1edbi Hublot n\u00f3i ri\u00eang v\u00e0 \u0111\u1ed3ng h\u1ed3 n\u00f3i chung, sapphire \u0111\u01b0a v\u00e0o s\u1ea3n xu\u1ea5t l\u00e0 ho\u00e0n to\u00e0n b\u1ea1o lo\u1ea1n v\u00e0 \u0111\u00e1ng kinh ng\u1ea1c. Th\u1ebf nh\u01b0ng Hublot b\u1eb1ng t\u1ea7m nh\u00ecn v\u00e0 \u0111\u1ecbnh h\u01b0\u1edbng c\u1ee7a th\u01b0\u01a1ng hi\u1ec7u \u0111\u00e3 khai ph\u00e1 ch\u1ea5t li\u1ec7u sapphire v\u00e0 \u0111\u01b0a v\u00e0o s\u1eed d\u1ee5ng, t\u1eeb \u0111\u00f3 tr\u1edf th\u00e0nh m\u1ed9t trong nh\u1eefng quy\u1ec1n \u0111\u1eb7c bi\u1ec7t c\u1ee7a th\u01b0\u01a1ng hi\u1ec7u.<\/p>\n<p>Trong nh\u1eefng n\u0103m qua, Hublot \u0111\u00e3 ph\u00e1t tri\u1ec3n r\u1ea5t nhi\u1ec1u \u0111\u1ed3ng h\u1ed3 sapphire m\u00e0u n\u1ed5i, m\u1edbi l\u1ea1, nh\u1eefng l\u1ea7n xu\u1ea5t hi\u1ec7n trong nh\u1eefng gam m\u00e0u nh\u01b0 trong su\u1ed1t, \u0111en, \u0111\u1ecf, xanh hay v\u00e0ng v\u00e0 \u0111\u01b0\u1ee3c \u00e1p d\u1ee5ng tr\u00ean d\u00f2ng Big Bang, Spirit Of Big Bang, s\u1ef1 xu\u1ea5t hi\u1ec7n c\u1ee7a gam m\u00e0u t\u00edm l\u1ea7n n\u00e0y tr\u00ean <a href=\"https:\/\/nishiki-cycle.com\/demo\/danh-muc-san-pham\/hublot\/\"><strong>Hublot<\/strong><\/a> Spirit Of Big Bang Tourbillon Purple Sapphire 42mm ti\u1ebfp t\u1ee5c khi\u1ebfn gi\u1edbi m\u1ed9 \u0111i\u1ec7u cho\u00e1ng ng\u1ee3p.<\/p>\n<p>M\u1eb7t s\u1ed1 skeleton lu\u00f4n thu h\u00fat ng\u01b0\u1eddi \u0111\u1ed1i di\u1ec7n, b\u1edfi \u0111\u1ec3 th\u1ef1c hi\u1ec7n \u0111\u01b0\u1ee3c m\u1eb7t s\u1ed1 n\u00e0y c\u1ea7n y\u00eau c\u1ea7u k\u0129 thu\u1eadt v\u00f4 c\u00f9ng cao v\u00e0 t\u1ec9 m\u1ec9. H\u01a1n n\u1eefa, h\u1ea7u h\u1ebft m\u1ecdi ng\u01b0\u1eddi ch\u01a1i \u0111\u1ec1u mu\u1ed1n chi\u00eam ng\u01b0\u1ee1ng t\u1eebng chi ti\u1ebft chuy\u1ec3n \u0111\u1ed9ng c\u1ee7a b\u1ed9 m\u00e1y n\u00ean nh\u1eefng m\u1eabu \u0111\u1ed3ng h\u1ed3 m\u1eb7t s\u1ed1 skeleton r\u1ea5t \u0111\u01b0\u1ee3c \u01b0a th\u00edch. Hublot Spirit Of Big Bang Tourbillon Purple Sapphire 42mm v\u1edbi m\u1eb7t s\u1ed1 skeleton, s\u1eafp x\u1ebfp l\u1ea7n l\u01b0\u1ee3t c\u00e1c ch\u1ee9c n\u0103ng gi\u1edd ph\u00fat l\u1ec7ch t\u00e2m, m\u1ee9c d\u1ef1 tr\u1eef n\u0103ng l\u01b0\u1ee3ng g\u00f3c 8 gi\u1edd, tourbillon \u1edf v\u1ecb tr\u00ed 6 gi\u1edd.<\/p>\n<p>\u0110\u1ed3ng h\u1ed3 \u0111\u01b0\u1ee3c trang b\u1ecb b\u1ed9 m\u00e1y HUB6020 c\u00f3 m\u1ee9c d\u1ef1 tr\u1eef n\u0103ng l\u01b0\u1ee3ng kh\u1ee7ng \u0111\u1ebfn 115 gi\u1edd, \u0111\u1ed3ng th\u1eddi v\u1edbi kh\u1ea3 n\u0103ng ch\u1ed1ng n\u01b0\u1edbc t\u01b0\u01a1ng \u0111\u1ed1i h\u1ea1n ch\u1ebf ch\u1ec9 kho\u1ea3ng 30 m\u00e9t.<\/p>\n<p>C\u1ed7 m\u00e1y Spirit Of Big Bang Tourbillon Purple Sapphire ho\u00e0n to\u00e0n m\u00e0u t\u00edm t\u1eeb v\u1ecf cho \u0111\u1ebfn d\u00e2y \u0111eo, tuy nhi\u00ean v\u1edbi c\u01a1 ch\u1ebf thay d\u00e2y &#8220;one click&#8221; ng\u01b0\u1eddi d\u00f9ng ho\u00e0n to\u00e0n thay \u0111\u1ed5i d\u00e2y c\u1ee7a \u0111\u1ed3ng h\u1ed3 ch\u1ec9 v\u1edbi m\u1ed9t n\u00fat nh\u1ea5n.<\/p>\n","protected":false},"excerpt":{"rendered":"<p>Xu\u1ea5t x\u1ee9: Th\u1ee5y S\u0129<\/p>\n<p>K\u00edch th\u01b0\u1edbc: 42 mm<\/p>\n<p>K\u00ednh: Sapphire<\/p>\n<p>M\u1eb7t s\u1ed1: Skeleton<\/p>\n<p>B\u1ed9 m\u00e1y: T\u1ef1 \u0111\u1ed9ng &#8211; Calibre HUB6020<\/p>\n<p>N\u0103ng l\u01b0\u1ee3ng d\u1ef1 tr\u1eef: 115 time<\/p>\n<p>Ch\u1ee9c n\u0103ng: Time, minutes, N\u0103ng l\u01b0\u1ee3ng d\u1ef1 tr\u1eef, Tourbillon<\/p>\n<p>Ch\u1ea5t li\u1ec7u: Sapphire\u00a0Purple<\/p>\n<p>Bezel: Sapphire\u00a0Purple<\/p>\n<p>Kh\u00e1ng n\u01b0\u1edbc: 30 m\u00e9t (3ATM)<\/p>\n","protected":false},"featured_media":13009,"comment_status":"open","ping_status":"closed","template":"","meta":[],"product_cat":[334,320],"product_tag":[],"class_list":["post-13008","product","type-product","status-publish","has-post-thumbnail","hentry","product_cat-40mm-42mm","product_cat-hublot","product_brand-hublot"],"yoast_head":"<!-- This site is optimized with the Yoast SEO plugin v21.6 - https:\/\/yoast.com\/wordpress\/plugins\/seo\/ -->\n<title>Hublot Spirit Of Big Bang Tourbillon Purple Sapphire - Phoenix Luxury<\/title>\n<meta name=\"description\" content=\"Hublot Spirit Of Big Bang Tourbillon Purple Sapphire \u0111\u01b0\u1ee3c trang b\u1ecb b\u1ed9 m\u00e1y HUB6020 c\u00f3 m\u1ee9c d\u1ef1 tr\u1eef n\u0103ng l\u01b0\u1ee3ng kh\u1ee7ng \u0111\u1ebfn 115 gi\u1edd.\" \/>\n<meta name=\"robots\" content=\"index, follow, max-snippet:-1, max-image-preview:large, max-video-preview:-1\" \/>\n<link rel=\"canonical\" href=\"https:\/\/nishiki-cycle.com\/demo\/san-pham\/hublot-spirit-of-big-bang-tourbillon-purple-sapphire\/\" \/>\n<meta property=\"og:locale\" content=\"vi_VN\" \/>\n<meta property=\"og:type\" content=\"article\" \/>\n<meta property=\"og:title\" content=\"Hublot Spirit Of Big Bang Tourbillon Purple Sapphire - Phoenix Luxury\" \/>\n<meta property=\"og:description\" content=\"Hublot Spirit Of Big Bang Tourbillon Purple Sapphire \u0111\u01b0\u1ee3c trang b\u1ecb b\u1ed9 m\u00e1y HUB6020 c\u00f3 m\u1ee9c d\u1ef1 tr\u1eef n\u0103ng l\u01b0\u1ee3ng kh\u1ee7ng \u0111\u1ebfn 115 gi\u1edd.\" \/>\n<meta property=\"og:url\" content=\"https:\/\/nishiki-cycle.com\/demo\/san-pham\/hublot-spirit-of-big-bang-tourbillon-purple-sapphire\/\" \/>\n<meta property=\"og:site_name\" content=\"Phoenix Luxury\" \/>\n<meta property=\"article:modified_time\" content=\"2024-08-31T22:31:48+00:00\" \/>\n<meta property=\"og:image\" content=\"https:\/\/nishiki-cycle.com\/demo\/wp-content\/uploads\/2024\/08\/1-11.jpg\" \/>\n\t<meta property=\"og:image:width\" content=\"1800\" \/>\n\t<meta property=\"og:image:height\" content=\"1800\" \/>\n\t<meta property=\"og:image:type\" content=\"image\/jpeg\" \/>\n<meta name=\"twitter:card\" content=\"summary_large_image\" \/>\n<meta name=\"twitter:label1\" content=\"\u01af\u1edbc t\u00ednh th\u1eddi gian \u0111\u1ecdc\" \/>\n\t<meta name=\"twitter:data1\" content=\"2 ph\u00fat\" \/>\n<script type=\"application\/ld+json\" class=\"yoast-schema-graph\">{\"@context\":\"https:\/\/schema.org\",\"@graph\":[{\"@type\":\"WebPage\",\"@id\":\"https:\/\/nishiki-cycle.com\/demo\/san-pham\/hublot-spirit-of-big-bang-tourbillon-purple-sapphire\/\",\"url\":\"https:\/\/nishiki-cycle.com\/demo\/san-pham\/hublot-spirit-of-big-bang-tourbillon-purple-sapphire\/\",\"name\":\"Hublot Spirit Of Big Bang Tourbillon Purple Sapphire - Phoenix Luxury\",\"isPartOf\":{\"@id\":\"https:\/\/nishiki-cycle.com\/demo\/#website\"},\"datePublished\":\"2024-08-26T22:25:49+00:00\",\"dateModified\":\"2024-08-31T22:31:48+00:00\",\"description\":\"Hublot Spirit Of Big Bang Tourbillon Purple Sapphire \u0111\u01b0\u1ee3c trang b\u1ecb b\u1ed9 m\u00e1y HUB6020 c\u00f3 m\u1ee9c d\u1ef1 tr\u1eef n\u0103ng l\u01b0\u1ee3ng kh\u1ee7ng \u0111\u1ebfn 115 gi\u1edd.\",\"breadcrumb\":{\"@id\":\"https:\/\/nishiki-cycle.com\/demo\/san-pham\/hublot-spirit-of-big-bang-tourbillon-purple-sapphire\/#breadcrumb\"},\"inLanguage\":\"vi\",\"potentialAction\":[{\"@type\":\"ReadAction\",\"target\":[\"https:\/\/nishiki-cycle.com\/demo\/san-pham\/hublot-spirit-of-big-bang-tourbillon-purple-sapphire\/\"]}]},{\"@type\":\"BreadcrumbList\",\"@id\":\"https:\/\/nishiki-cycle.com\/demo\/san-pham\/hublot-spirit-of-big-bang-tourbillon-purple-sapphire\/#breadcrumb\",\"itemListElement\":[{\"@type\":\"ListItem\",\"position\":1,\"name\":\"Trang ch\u1ee7\",\"item\":\"https:\/\/nishiki-cycle.com\/demo\/\"},{\"@type\":\"ListItem\",\"position\":2,\"name\":\"C\u1eeda h\u00e0ng\",\"item\":\"https:\/\/nishiki-cycle.com\/demo\/cua-hang\/\"},{\"@type\":\"ListItem\",\"position\":3,\"name\":\"Hublot Spirit Of Big Bang Tourbillon Purple Sapphire\"}]},{\"@type\":\"WebSite\",\"@id\":\"https:\/\/nishiki-cycle.com\/demo\/#website\",\"url\":\"https:\/\/nishiki-cycle.com\/demo\/\",\"name\":\"Phoenix Luxury\",\"description\":\"\",\"potentialAction\":[{\"@type\":\"SearchAction\",\"target\":{\"@type\":\"EntryPoint\",\"urlTemplate\":\"https:\/\/nishiki-cycle.com\/demo\/?s={search_term_string}\"},\"query-input\":\"required name=search_term_string\"}],\"inLanguage\":\"vi\"}]}<\/script>\n<!-- \/ Yoast SEO plugin. -->","yoast_head_json":{"title":"Hublot Spirit Of Big Bang Tourbillon Purple Sapphire - Phoenix Luxury","description":"Hublot Spirit Of Big Bang Tourbillon Purple Sapphire \u0111\u01b0\u1ee3c trang b\u1ecb b\u1ed9 m\u00e1y HUB6020 c\u00f3 m\u1ee9c d\u1ef1 tr\u1eef n\u0103ng l\u01b0\u1ee3ng kh\u1ee7ng \u0111\u1ebfn 115 gi\u1edd.","robots":{"index":"index","follow":"follow","max-snippet":"max-snippet:-1","max-image-preview":"max-image-preview:large","max-video-preview":"max-video-preview:-1"},"canonical":"https:\/\/nishiki-cycle.com\/demo\/san-pham\/hublot-spirit-of-big-bang-tourbillon-purple-sapphire\/","og_locale":"vi_VN","og_type":"article","og_title":"Hublot Spirit Of Big Bang Tourbillon Purple Sapphire - Phoenix Luxury","og_description":"Hublot Spirit Of Big Bang Tourbillon Purple Sapphire \u0111\u01b0\u1ee3c trang b\u1ecb b\u1ed9 m\u00e1y HUB6020 c\u00f3 m\u1ee9c d\u1ef1 tr\u1eef n\u0103ng l\u01b0\u1ee3ng kh\u1ee7ng \u0111\u1ebfn 115 gi\u1edd.","og_url":"https:\/\/nishiki-cycle.com\/demo\/san-pham\/hublot-spirit-of-big-bang-tourbillon-purple-sapphire\/","og_site_name":"Phoenix Luxury","article_modified_time":"2024-08-31T22:31:48+00:00","og_image":[{"width":1800,"height":1800,"url":"https:\/\/nishiki-cycle.com\/demo\/wp-content\/uploads\/2024\/08\/1-11.jpg","type":"image\/jpeg"}],"twitter_card":"summary_large_image","twitter_misc":{"\u01af\u1edbc t\u00ednh th\u1eddi gian \u0111\u1ecdc":"2 ph\u00fat"},"schema":{"@context":"https:\/\/schema.org","@graph":[{"@type":"WebPage","@id":"https:\/\/nishiki-cycle.com\/demo\/san-pham\/hublot-spirit-of-big-bang-tourbillon-purple-sapphire\/","url":"https:\/\/nishiki-cycle.com\/demo\/san-pham\/hublot-spirit-of-big-bang-tourbillon-purple-sapphire\/","name":"Hublot Spirit Of Big Bang Tourbillon Purple Sapphire - Phoenix Luxury","isPartOf":{"@id":"https:\/\/nishiki-cycle.com\/demo\/#website"},"datePublished":"2024-08-26T22:25:49+00:00","dateModified":"2024-08-31T22:31:48+00:00","description":"Hublot Spirit Of Big Bang Tourbillon Purple Sapphire \u0111\u01b0\u1ee3c trang b\u1ecb b\u1ed9 m\u00e1y HUB6020 c\u00f3 m\u1ee9c d\u1ef1 tr\u1eef n\u0103ng l\u01b0\u1ee3ng kh\u1ee7ng \u0111\u1ebfn 115 gi\u1edd.","breadcrumb":{"@id":"https:\/\/nishiki-cycle.com\/demo\/san-pham\/hublot-spirit-of-big-bang-tourbillon-purple-sapphire\/#breadcrumb"},"inLanguage":"vi","potentialAction":[{"@type":"ReadAction","target":["https:\/\/nishiki-cycle.com\/demo\/san-pham\/hublot-spirit-of-big-bang-tourbillon-purple-sapphire\/"]}]},{"@type":"BreadcrumbList","@id":"https:\/\/nishiki-cycle.com\/demo\/san-pham\/hublot-spirit-of-big-bang-tourbillon-purple-sapphire\/#breadcrumb","itemListElement":[{"@type":"ListItem","position":1,"name":"Trang ch\u1ee7","item":"https:\/\/nishiki-cycle.com\/demo\/"},{"@type":"ListItem","position":2,"name":"C\u1eeda h\u00e0ng","item":"https:\/\/nishiki-cycle.com\/demo\/cua-hang\/"},{"@type":"ListItem","position":3,"name":"Hublot Spirit Of Big Bang Tourbillon Purple Sapphire"}]},{"@type":"WebSite","@id":"https:\/\/nishiki-cycle.com\/demo\/#website","url":"https:\/\/nishiki-cycle.com\/demo\/","name":"Phoenix Luxury","description":"","potentialAction":[{"@type":"SearchAction","target":{"@type":"EntryPoint","urlTemplate":"https:\/\/nishiki-cycle.com\/demo\/?s={search_term_string}"},"query-input":"required name=search_term_string"}],"inLanguage":"vi"}]}},"_links":{"self":[{"href":"https:\/\/nishiki-cycle.com\/demo\/wp-json\/wp\/v2\/product\/13008","targetHints":{"allow":["GET"]}}],"collection":[{"href":"https:\/\/nishiki-cycle.com\/demo\/wp-json\/wp\/v2\/product"}],"about":[{"href":"https:\/\/nishiki-cycle.com\/demo\/wp-json\/wp\/v2\/types\/product"}],"replies":[{"embeddable":true,"href":"https:\/\/nishiki-cycle.com\/demo\/wp-json\/wp\/v2\/comments?post=13008"}],"wp:featuredmedia":[{"embeddable":true,"href":"https:\/\/nishiki-cycle.com\/demo\/wp-json\/wp\/v2\/media\/13009"}],"wp:attachment":[{"href":"https:\/\/nishiki-cycle.com\/demo\/wp-json\/wp\/v2\/media?parent=13008"}],"wp:term":[{"taxonomy":"product_cat","embeddable":true,"href":"https:\/\/nishiki-cycle.com\/demo\/wp-json\/wp\/v2\/product_cat?post=13008"},{"taxonomy":"product_tag","embeddable":true,"href":"https:\/\/nishiki-cycle.com\/demo\/wp-json\/wp\/v2\/product_tag?post=13008"}],"curies":[{"name":"wp","href":"https:\/\/api.w.org\/{rel}","templated":true}]}}