{"id":9938,"date":"2023-11-02T15:40:09","date_gmt":"2023-11-02T15:40:09","guid":{"rendered":"https:\/\/nishiki-cycle.com\/demo\/?post_type=product&#038;p=9938"},"modified":"2023-12-09T16:37:27","modified_gmt":"2023-12-09T16:37:27","slug":"rolex-datejust-278271-31mm-coc-so-lume","status":"publish","type":"product","link":"https:\/\/nishiki-cycle.com\/demo\/san-pham\/rolex-datejust-278271-31mm-coc-so-lume\/","title":{"rendered":"Rolex Datejust 278271 31mm C\u1ecdc S\u1ed1 Lume"},"content":{"rendered":"<p><img fetchpriority=\"high\" decoding=\"async\" class=\"size-medium wp-image-9939 aligncenter\" src=\"https:\/\/nishiki-cycle.com\/demo\/wp-content\/uploads\/2023\/11\/ROLEX-DATEJUST-278271-31MM-COC-SO-LUME-300x300.jpg\" alt=\"\" width=\"300\" height=\"300\" srcset=\"https:\/\/nishiki-cycle.com\/demo\/wp-content\/uploads\/2023\/11\/ROLEX-DATEJUST-278271-31MM-COC-SO-LUME-300x300.jpg 300w, https:\/\/nishiki-cycle.com\/demo\/wp-content\/uploads\/2023\/11\/ROLEX-DATEJUST-278271-31MM-COC-SO-LUME-150x150.jpg 150w, https:\/\/nishiki-cycle.com\/demo\/wp-content\/uploads\/2023\/11\/ROLEX-DATEJUST-278271-31MM-COC-SO-LUME-768x768.jpg 768w, https:\/\/nishiki-cycle.com\/demo\/wp-content\/uploads\/2023\/11\/ROLEX-DATEJUST-278271-31MM-COC-SO-LUME-600x600.jpg 600w, https:\/\/nishiki-cycle.com\/demo\/wp-content\/uploads\/2023\/11\/ROLEX-DATEJUST-278271-31MM-COC-SO-LUME-100x100.jpg 100w, https:\/\/nishiki-cycle.com\/demo\/wp-content\/uploads\/2023\/11\/ROLEX-DATEJUST-278271-31MM-COC-SO-LUME.jpg 1000w\" sizes=\"(max-width: 300px) 100vw, 300px\" \/><\/p>\n<p>ROLEX DATEJUST 278271 31MM C\u1eccC S\u1ed0 LUME c\u00f3 nh\u1eefng n\u00e9t \u0111\u1eb7c tr\u01b0ng ri\u00eang n\u00ean \u0111\u01b0\u1ee3c xem l\u00e0 m\u1ed9t trong nh\u1eefng d\u00f2ng \u0111\u1ed3ng h\u1ed3 \u0111\u01b0\u1ee3c y\u00eau th\u00edch nh\u1ea5t b\u1edfi ph\u00e1i \u0111\u1eb9p.<\/p>\n<p>Ra m\u1eaft v\u00e0o n\u0103m 1945, tr\u1ea3i qua nhi\u1ec1u th\u1eddi \u0111\u1ea1i nh\u01b0ng Rolex Datejust l\u00e0 d\u00f2ng \u0111\u1ed3ng h\u1ed3 h\u00ecnh m\u1eabu cho phong c\u00e1ch \u0111\u1ed3ng h\u1ed3 c\u1ed5 \u0111i\u1ec3n nh\u1edd v\u00e0o c\u00e1c t\u00ednh n\u0103ng v\u00e0 th\u1ea9m m\u1ef9 lu\u00f4n h\u1ee3p th\u1eddi. Ngo\u00e0i ra, ROLEX DATEJUSTl c\u00f2n l\u00e0 chi\u1ebfc \u0111\u1ed3ng h\u1ed3 \u0111eo tay ch\u1ed1ng th\u1ea5m n\u01b0\u1edbc t\u1ef1 l\u00ean d\u00e2y \u0111\u1ea7u ti\u00ean c\u00f3 hi\u1ec3n th\u1ecb th\u1ee9 tr\u00ean m\u1eb7t \u0111\u1ed3ng h\u1ed3 t\u1ea1i \u0111i\u1ec3m 3 gi\u1edd tr\u00ean m\u1eb7t s\u1ed1 \u0111\u1ed3ng h\u1ed3 v\u00e0 h\u1ee3p nh\u1ea5t t\u1ea5t c\u1ea3 nh\u1eefng c\u00e1ch t\u00e2n quan tr\u1ecdng m\u00e0\u00a0Rolex\u00a0\u0111\u00e3 g\u00f3p ph\u1ea7n v\u00e0o chi\u1ebfc \u0111\u1ed3ng h\u1ed3 \u0111eo tay hi\u1ec7n \u0111\u1ea1i.<\/p>\n<p>L\u00e0 m\u1ed9t m\u00e3 hi\u1ec7u thu\u1ed9c b\u1ed9 s\u01b0u t\u1eadp \u0111\u1ed3ng h\u1ed3 ROLEX DATEJUST 278271 31MM C\u1eccC S\u1ed0 LUME c\u00f3 l\u1edbp v\u1ecf \u0111\u01b0\u1ee3c ch\u1ebf t\u00e1c t\u1eeb ch\u1ea5t li\u1ec7u th\u00e9p kh\u00f4ng g\u1ec9 904L, k\u1ebft h\u1ee3p v\u1edbi v\u00e0nh bezel l\u00e0m t\u1eeb v\u00e0ng h\u1ed3ng 18K. \u0110\u01b0\u1ee3c bi\u1ebft, ch\u1ea5t li\u1ec7u th\u00e9p kh\u00f4ng g\u1ec9 904L l\u00e0 ch\u1ea5t li\u1ec7u \u0111\u1ed9c quy\u1ec1n c\u1ee7a Rolex, c\u00f3 \u0111\u1ed9 c\u1ee9ng cao, v\u00e0 v\u00ec v\u1eady nh\u1eefng \u0111\u1ed3ng h\u1ed3 \u0111\u01b0\u1ee3c l\u00e0m t\u1eeb ch\u1ea5t li\u1ec7u n\u00e0y s\u1ebd c\u00f3 kh\u1ea3 n\u0103ng ch\u1ed1ng x\u01b0\u1edbc t\u1ed1t h\u01a1n, gi\u1eef \u0111\u01b0\u1ee3c v\u1ebb b\u00f3ng \u0111\u1eb9p l\u00e2u h\u01a1n.<\/p>\n<p>V\u00e0 v\u1edbi s\u1ef1 k\u1ebft h\u1ee3p gi\u1eefa ch\u1ea5t li\u1ec7u th\u00e9p kh\u00f4ng g\u1ec9 904L v\u00e0 v\u00e0ng h\u1ed3ng 18K th\u00ec ROLEX DATEJUST 278271 31MM C\u1eccC S\u1ed0 LUME kh\u00f4ng ch\u1ec9 cho nh\u1eefng kh\u1ea3 n\u0103ng v\u01b0\u1ee3t tr\u1ed9i v\u1ec1 v\u1eadt l\u00fd m\u00e0 c\u00f2n l\u00e0 s\u1ef1 v\u01b0\u1ee3t b\u1eadc v\u1ec1 m\u1eb7t th\u1ea9m m\u1ef9.<\/p>\n<p>&nbsp;<\/p>\n","protected":false},"excerpt":{"rendered":"<ul class=\"list-unstyled\">\n<li><strong>T\u00ecnh tr\u1ea1ng :<\/strong>\u00a0H\u1ebft h\u00e0ng<\/li>\n<li><strong>H\u00e3ng s\u1ea3n xu\u1ea5t :<\/strong>\u00a077<\/li>\n<li><strong>Nam\/N\u1eef :<\/strong>\u00a0N\u1eef<\/li>\n<li><strong>C\u01a1 ch\u1ebf m\u00e1y :<\/strong>\u00a0Automatic<\/li>\n<li><strong>K\u00edch th\u01b0\u1edbc :<\/strong>\u00a031mm<\/li>\n<li><strong>Ch\u1ee9c n\u0103ng :<\/strong>\u00a0Ng\u00e0y, gi\u1edd, ph\u00fat, gi\u00e2y<\/li>\n<li><strong>D\u00e2y \u0111eo :<\/strong>\u00a0Demi Rose Gold<\/li>\n<li><strong>T\u00ecnh tr\u1ea1ng :<\/strong>\u00a0Brand New<\/li>\n<li><strong>Ref :<\/strong>\u00a0278271<\/li>\n<li><strong>Phong c\u00e1ch :<\/strong>\u00a0Classic<\/li>\n<li><strong>D\u1ef1 tr\u1eef c\u00f3t :<\/strong>\u00a055H<\/li>\n<li><strong>M\u1eb7t \u0111\u1ed3ng h\u1ed3 :<\/strong>\u00a0Sapphire<\/li>\n<li><strong>Kh\u1ea3 n\u0103ng ch\u1ed1ng n\u01b0\u1edbc :<\/strong>\u00a010 ATM<\/li>\n<li><strong>Ch\u1ea5t li\u1ec7u v\u1ecf :<\/strong>\u00a0Demi Rose Gold<\/li>\n<\/ul>\n","protected":false},"featured_media":9939,"comment_status":"open","ping_status":"closed","template":"","meta":[],"product_cat":[242,319],"product_tag":[],"class_list":["post-9938","product","type-product","status-publish","has-post-thumbnail","hentry","product_cat-womens-watches","product_cat-rolex","product_brand-rolex"],"yoast_head":"<!-- This site is optimized with the Yoast SEO plugin v21.6 - https:\/\/yoast.com\/wordpress\/plugins\/seo\/ -->\n<title>Rolex Datejust 278271 31mm C\u1ecdc S\u1ed1 Lume - Phoenix Luxury<\/title>\n<meta name=\"description\" content=\"ROLEX DATEJUST 278271 31MM C\u1eccC S\u1ed0 LUME c\u00f3 nh\u1eefng n\u00e9t \u0111\u1eb7c tr\u01b0ng ri\u00eang n\u00ean \u0111\u01b0\u1ee3c xem l\u00e0 m\u1ed9t trong nh\u1eefng d\u00f2ng \u0111\u1ed3ng h\u1ed3 \u0111\u01b0\u1ee3c y\u00eau th\u00edch nh\u1ea5t b\u1edfi ph\u00e1i \u0111\u1eb9p.\" \/>\n<meta name=\"robots\" content=\"index, follow, max-snippet:-1, max-image-preview:large, max-video-preview:-1\" \/>\n<link rel=\"canonical\" href=\"https:\/\/nishiki-cycle.com\/demo\/san-pham\/rolex-datejust-278271-31mm-coc-so-lume\/\" \/>\n<meta property=\"og:locale\" content=\"vi_VN\" \/>\n<meta property=\"og:type\" content=\"article\" \/>\n<meta property=\"og:title\" content=\"Rolex Datejust 278271 31mm C\u1ecdc S\u1ed1 Lume - Phoenix Luxury\" \/>\n<meta property=\"og:description\" content=\"ROLEX DATEJUST 278271 31MM C\u1eccC S\u1ed0 LUME c\u00f3 nh\u1eefng n\u00e9t \u0111\u1eb7c tr\u01b0ng ri\u00eang n\u00ean \u0111\u01b0\u1ee3c xem l\u00e0 m\u1ed9t trong nh\u1eefng d\u00f2ng \u0111\u1ed3ng h\u1ed3 \u0111\u01b0\u1ee3c y\u00eau th\u00edch nh\u1ea5t b\u1edfi ph\u00e1i \u0111\u1eb9p.\" \/>\n<meta property=\"og:url\" content=\"https:\/\/nishiki-cycle.com\/demo\/san-pham\/rolex-datejust-278271-31mm-coc-so-lume\/\" \/>\n<meta property=\"og:site_name\" content=\"Phoenix Luxury\" \/>\n<meta property=\"article:modified_time\" content=\"2023-12-09T16:37:27+00:00\" \/>\n<meta property=\"og:image\" content=\"https:\/\/nishiki-cycle.com\/demo\/wp-content\/uploads\/2023\/11\/ROLEX-DATEJUST-278271-31MM-COC-SO-LUME.jpg\" \/>\n\t<meta property=\"og:image:width\" content=\"1000\" \/>\n\t<meta property=\"og:image:height\" content=\"1000\" \/>\n\t<meta property=\"og:image:type\" content=\"image\/jpeg\" \/>\n<meta name=\"twitter:card\" content=\"summary_large_image\" \/>\n<meta name=\"twitter:label1\" content=\"\u01af\u1edbc t\u00ednh th\u1eddi gian \u0111\u1ecdc\" \/>\n\t<meta name=\"twitter:data1\" content=\"2 ph\u00fat\" \/>\n<script type=\"application\/ld+json\" class=\"yoast-schema-graph\">{\"@context\":\"https:\/\/schema.org\",\"@graph\":[{\"@type\":\"WebPage\",\"@id\":\"https:\/\/nishiki-cycle.com\/demo\/san-pham\/rolex-datejust-278271-31mm-coc-so-lume\/\",\"url\":\"https:\/\/nishiki-cycle.com\/demo\/san-pham\/rolex-datejust-278271-31mm-coc-so-lume\/\",\"name\":\"Rolex Datejust 278271 31mm C\u1ecdc S\u1ed1 Lume - Phoenix Luxury\",\"isPartOf\":{\"@id\":\"https:\/\/nishiki-cycle.com\/demo\/#website\"},\"datePublished\":\"2023-11-02T15:40:09+00:00\",\"dateModified\":\"2023-12-09T16:37:27+00:00\",\"description\":\"ROLEX DATEJUST 278271 31MM C\u1eccC S\u1ed0 LUME c\u00f3 nh\u1eefng n\u00e9t \u0111\u1eb7c tr\u01b0ng ri\u00eang n\u00ean \u0111\u01b0\u1ee3c xem l\u00e0 m\u1ed9t trong nh\u1eefng d\u00f2ng \u0111\u1ed3ng h\u1ed3 \u0111\u01b0\u1ee3c y\u00eau th\u00edch nh\u1ea5t b\u1edfi ph\u00e1i \u0111\u1eb9p.\",\"breadcrumb\":{\"@id\":\"https:\/\/nishiki-cycle.com\/demo\/san-pham\/rolex-datejust-278271-31mm-coc-so-lume\/#breadcrumb\"},\"inLanguage\":\"vi\",\"potentialAction\":[{\"@type\":\"ReadAction\",\"target\":[\"https:\/\/nishiki-cycle.com\/demo\/san-pham\/rolex-datejust-278271-31mm-coc-so-lume\/\"]}]},{\"@type\":\"BreadcrumbList\",\"@id\":\"https:\/\/nishiki-cycle.com\/demo\/san-pham\/rolex-datejust-278271-31mm-coc-so-lume\/#breadcrumb\",\"itemListElement\":[{\"@type\":\"ListItem\",\"position\":1,\"name\":\"Trang ch\u1ee7\",\"item\":\"https:\/\/nishiki-cycle.com\/demo\/\"},{\"@type\":\"ListItem\",\"position\":2,\"name\":\"C\u1eeda h\u00e0ng\",\"item\":\"https:\/\/nishiki-cycle.com\/demo\/cua-hang\/\"},{\"@type\":\"ListItem\",\"position\":3,\"name\":\"Rolex Datejust 278271 31mm C\u1ecdc S\u1ed1 Lume\"}]},{\"@type\":\"WebSite\",\"@id\":\"https:\/\/nishiki-cycle.com\/demo\/#website\",\"url\":\"https:\/\/nishiki-cycle.com\/demo\/\",\"name\":\"Phoenix Luxury\",\"description\":\"\",\"potentialAction\":[{\"@type\":\"SearchAction\",\"target\":{\"@type\":\"EntryPoint\",\"urlTemplate\":\"https:\/\/nishiki-cycle.com\/demo\/?s={search_term_string}\"},\"query-input\":\"required name=search_term_string\"}],\"inLanguage\":\"vi\"}]}<\/script>\n<!-- \/ Yoast SEO plugin. -->","yoast_head_json":{"title":"Rolex Datejust 278271 31mm C\u1ecdc S\u1ed1 Lume - Phoenix Luxury","description":"ROLEX DATEJUST 278271 31MM C\u1eccC S\u1ed0 LUME c\u00f3 nh\u1eefng n\u00e9t \u0111\u1eb7c tr\u01b0ng ri\u00eang n\u00ean \u0111\u01b0\u1ee3c xem l\u00e0 m\u1ed9t trong nh\u1eefng d\u00f2ng \u0111\u1ed3ng h\u1ed3 \u0111\u01b0\u1ee3c y\u00eau th\u00edch nh\u1ea5t b\u1edfi ph\u00e1i \u0111\u1eb9p.","robots":{"index":"index","follow":"follow","max-snippet":"max-snippet:-1","max-image-preview":"max-image-preview:large","max-video-preview":"max-video-preview:-1"},"canonical":"https:\/\/nishiki-cycle.com\/demo\/san-pham\/rolex-datejust-278271-31mm-coc-so-lume\/","og_locale":"vi_VN","og_type":"article","og_title":"Rolex Datejust 278271 31mm C\u1ecdc S\u1ed1 Lume - Phoenix Luxury","og_description":"ROLEX DATEJUST 278271 31MM C\u1eccC S\u1ed0 LUME c\u00f3 nh\u1eefng n\u00e9t \u0111\u1eb7c tr\u01b0ng ri\u00eang n\u00ean \u0111\u01b0\u1ee3c xem l\u00e0 m\u1ed9t trong nh\u1eefng d\u00f2ng \u0111\u1ed3ng h\u1ed3 \u0111\u01b0\u1ee3c y\u00eau th\u00edch nh\u1ea5t b\u1edfi ph\u00e1i \u0111\u1eb9p.","og_url":"https:\/\/nishiki-cycle.com\/demo\/san-pham\/rolex-datejust-278271-31mm-coc-so-lume\/","og_site_name":"Phoenix Luxury","article_modified_time":"2023-12-09T16:37:27+00:00","og_image":[{"width":1000,"height":1000,"url":"https:\/\/nishiki-cycle.com\/demo\/wp-content\/uploads\/2023\/11\/ROLEX-DATEJUST-278271-31MM-COC-SO-LUME.jpg","type":"image\/jpeg"}],"twitter_card":"summary_large_image","twitter_misc":{"\u01af\u1edbc t\u00ednh th\u1eddi gian \u0111\u1ecdc":"2 ph\u00fat"},"schema":{"@context":"https:\/\/schema.org","@graph":[{"@type":"WebPage","@id":"https:\/\/nishiki-cycle.com\/demo\/san-pham\/rolex-datejust-278271-31mm-coc-so-lume\/","url":"https:\/\/nishiki-cycle.com\/demo\/san-pham\/rolex-datejust-278271-31mm-coc-so-lume\/","name":"Rolex Datejust 278271 31mm C\u1ecdc S\u1ed1 Lume - Phoenix Luxury","isPartOf":{"@id":"https:\/\/nishiki-cycle.com\/demo\/#website"},"datePublished":"2023-11-02T15:40:09+00:00","dateModified":"2023-12-09T16:37:27+00:00","description":"ROLEX DATEJUST 278271 31MM C\u1eccC S\u1ed0 LUME c\u00f3 nh\u1eefng n\u00e9t \u0111\u1eb7c tr\u01b0ng ri\u00eang n\u00ean \u0111\u01b0\u1ee3c xem l\u00e0 m\u1ed9t trong nh\u1eefng d\u00f2ng \u0111\u1ed3ng h\u1ed3 \u0111\u01b0\u1ee3c y\u00eau th\u00edch nh\u1ea5t b\u1edfi ph\u00e1i \u0111\u1eb9p.","breadcrumb":{"@id":"https:\/\/nishiki-cycle.com\/demo\/san-pham\/rolex-datejust-278271-31mm-coc-so-lume\/#breadcrumb"},"inLanguage":"vi","potentialAction":[{"@type":"ReadAction","target":["https:\/\/nishiki-cycle.com\/demo\/san-pham\/rolex-datejust-278271-31mm-coc-so-lume\/"]}]},{"@type":"BreadcrumbList","@id":"https:\/\/nishiki-cycle.com\/demo\/san-pham\/rolex-datejust-278271-31mm-coc-so-lume\/#breadcrumb","itemListElement":[{"@type":"ListItem","position":1,"name":"Trang ch\u1ee7","item":"https:\/\/nishiki-cycle.com\/demo\/"},{"@type":"ListItem","position":2,"name":"C\u1eeda h\u00e0ng","item":"https:\/\/nishiki-cycle.com\/demo\/cua-hang\/"},{"@type":"ListItem","position":3,"name":"Rolex Datejust 278271 31mm C\u1ecdc S\u1ed1 Lume"}]},{"@type":"WebSite","@id":"https:\/\/nishiki-cycle.com\/demo\/#website","url":"https:\/\/nishiki-cycle.com\/demo\/","name":"Phoenix Luxury","description":"","potentialAction":[{"@type":"SearchAction","target":{"@type":"EntryPoint","urlTemplate":"https:\/\/nishiki-cycle.com\/demo\/?s={search_term_string}"},"query-input":"required name=search_term_string"}],"inLanguage":"vi"}]}},"_links":{"self":[{"href":"https:\/\/nishiki-cycle.com\/demo\/wp-json\/wp\/v2\/product\/9938","targetHints":{"allow":["GET"]}}],"collection":[{"href":"https:\/\/nishiki-cycle.com\/demo\/wp-json\/wp\/v2\/product"}],"about":[{"href":"https:\/\/nishiki-cycle.com\/demo\/wp-json\/wp\/v2\/types\/product"}],"replies":[{"embeddable":true,"href":"https:\/\/nishiki-cycle.com\/demo\/wp-json\/wp\/v2\/comments?post=9938"}],"wp:featuredmedia":[{"embeddable":true,"href":"https:\/\/nishiki-cycle.com\/demo\/wp-json\/wp\/v2\/media\/9939"}],"wp:attachment":[{"href":"https:\/\/nishiki-cycle.com\/demo\/wp-json\/wp\/v2\/media?parent=9938"}],"wp:term":[{"taxonomy":"product_cat","embeddable":true,"href":"https:\/\/nishiki-cycle.com\/demo\/wp-json\/wp\/v2\/product_cat?post=9938"},{"taxonomy":"product_tag","embeddable":true,"href":"https:\/\/nishiki-cycle.com\/demo\/wp-json\/wp\/v2\/product_tag?post=9938"}],"curies":[{"name":"wp","href":"https:\/\/api.w.org\/{rel}","templated":true}]}}